{"id":116707,"date":"2022-10-12T15:20:58","date_gmt":"2022-10-12T13:20:58","guid":{"rendered":"http:\/\/dev.claret.cat\/producte\/cromanon\/"},"modified":"2024-05-02T16:21:14","modified_gmt":"2024-05-02T14:21:14","slug":"cromanon-9788417835972","status":"publish","type":"product","link":"https:\/\/www.claret.cat\/es\/libro\/cromanon-9788417835972\/","title":{"rendered":"CROMA\u00d1ON"},"content":{"rendered":"<p>Hace unos 45.000 a\u00f1os, los primeros seres plenamente humanos, con las mismas capacidades cognitivas que tenemos hoy,  comenzaron a llegar al continente europeo desde \u00c1frica. Croma\u00f1\u00f3n cuenta la historia de estos hombres y mujeres, nuestros antepasados, quienes vivieron una aventura \u00fanica.  Brian Fagan, probablemente la m\u00e1xima autoridad en la divulgaci\u00f3n de los temas relativos tanto a la prehistoria como al  cambio clim\u00e1tico, se basa en los \u00faltimos m\u00e9todos de dataci\u00f3n y los m\u00e1s actuales descubrimientos de la gen\u00e9tica para contarnos sobre esta fascinante lucha por la supervivencia. Ahora se conoce que los croma\u00f1ones eran mucho m\u00e1s que artistas y tecn\u00f3logos expertos, eran personas h\u00e1biles, muy adaptables, que se ajustaban de manera brillante y sin esfuerzo a los reg\u00edmenes clim\u00e1ticos brutales. Gracias a los nuevos estudios se puede comenzar a explorar las complejas interacciones entre ellos y sus vecinos neandertales de maneras que hace solo una d\u00e9cada eran inimaginable. Estas relaciones que cambian lentamente entre las personas arcaicas y modernas pueden ayudar a comprender mejor nuestra propia diversidad biol\u00f3<\/p>\n","protected":false},"excerpt":{"rendered":"<p>FAGAN, BRIAN<\/p>\n","protected":false},"featured_media":330418,"template":"","meta":{"_acf_changed":false,"om_disable_all_campaigns":false,"rs_blank_template":"","rs_page_bg_color":"","slide_template_v7":"","inline_featured_image":false,"_monsterinsights_skip_tracking":false,"_monsterinsights_sitenote_active":false,"_monsterinsights_sitenote_note":"","_monsterinsights_sitenote_category":0},"product_brand":[],"product_cat":[148,367],"product_tag":[],"class_list":{"0":"post-116707","1":"product","2":"type-product","3":"status-publish","4":"has-post-thumbnail","6":"product_cat-antiga","7":"product_cat-antigua","9":"first","10":"instock","11":"taxable","12":"shipping-taxable","13":"purchasable","14":"product-type-simple"},"acf":{"autor":"FAGAN, BRIAN","codart":"841783597","libros-coleccion":"Extensi\u00f3n Cient\u00edfica","ediciones":"1","encuadernacion":"R\u00fastica","fecha_de_publicacion":"06\/02\/2020","novedad":"1","paginas":"416","subtitulo":"DE C\u00d3MO LA EDAD DE HIELO DIO PASO A LOS HUMANOS MODERNOS","orden":"0","portada":"0","idioma":"spa","editorial":[{"ID":148202,"post_author":"3","post_date":"2022-10-14 11:56:25","post_date_gmt":"2022-10-14 09:56:25","post_content":"","post_title":"GEDISA EDITORIAL","post_excerpt":"","post_status":"publish","comment_status":"closed","ping_status":"closed","post_password":"","post_name":"gedisa-editorial-2","to_ping":"","pinged":"","post_modified":"2022-10-14 11:56:25","post_modified_gmt":"2022-10-14 09:56:25","post_content_filtered":"","post_parent":0,"guid":"http:\/\/dev.claret.cat\/editorial\/gedisa-editorial-2\/","menu_order":0,"post_type":"editorial","post_mime_type":"","comment_count":"0","filter":"raw"}],"autores-libros":[{"ID":151882,"post_author":"3","post_date":"2022-10-14 14:44:23","post_date_gmt":"2022-10-14 12:44:23","post_content":"","post_title":"BRIAN FAGAN","post_excerpt":"","post_status":"publish","comment_status":"closed","ping_status":"closed","post_password":"","post_name":"brian-fagan","to_ping":"","pinged":"","post_modified":"2022-10-14 14:44:23","post_modified_gmt":"2022-10-14 12:44:23","post_content_filtered":"","post_parent":0,"guid":"http:\/\/dev.claret.cat\/autor\/brian-fagan\/","menu_order":0,"post_type":"autor","post_mime_type":"","comment_count":"0","filter":"raw"}]},"aioseo_notices":[],"_links":{"self":[{"href":"https:\/\/www.claret.cat\/es\/wp-json\/wp\/v2\/product\/116707","targetHints":{"allow":["GET"]}}],"collection":[{"href":"https:\/\/www.claret.cat\/es\/wp-json\/wp\/v2\/product"}],"about":[{"href":"https:\/\/www.claret.cat\/es\/wp-json\/wp\/v2\/types\/product"}],"wp:featuredmedia":[{"embeddable":true,"href":"https:\/\/www.claret.cat\/es\/wp-json\/wp\/v2\/media\/330418"}],"wp:attachment":[{"href":"https:\/\/www.claret.cat\/es\/wp-json\/wp\/v2\/media?parent=116707"}],"wp:term":[{"taxonomy":"product_brand","embeddable":true,"href":"https:\/\/www.claret.cat\/es\/wp-json\/wp\/v2\/product_brand?post=116707"},{"taxonomy":"product_cat","embeddable":true,"href":"https:\/\/www.claret.cat\/es\/wp-json\/wp\/v2\/product_cat?post=116707"},{"taxonomy":"product_tag","embeddable":true,"href":"https:\/\/www.claret.cat\/es\/wp-json\/wp\/v2\/product_tag?post=116707"}],"curies":[{"name":"wp","href":"https:\/\/api.w.org\/{rel}","templated":true}]}}

CROMAÑON

<p>Hace unos 45.000 años, los primeros seres plenamente humanos, con las mismas capacidades cognitivas que tenemos hoy,  comenzaron a llegar al continente europeo desde África. Cromañón cuenta la historia de estos hombres y mujeres, nuestros antepasados, quienes vivieron una aventura única.  Brian Fagan, probablemente la máxima autoridad en la divulgación de los temas relativos tanto a la prehistoria como al  cambio climático, se basa en los últimos métodos de datación y los más actuales descubrimientos de la genética para contarnos sobre esta fascinante lucha por la supervivencia. Ahora se conoce que los cromañones eran mucho más que artistas y tecnólogos expertos, eran personas hábiles, muy adaptables, que se ajustaban de manera brillante y sin esfuerzo a los regímenes climáticos brutales. Gracias a los nuevos estudios se puede comenzar a explorar las complejas interacciones entre ellos y sus vecinos neandertales de maneras que hace solo una década eran inimaginable. Estas relaciones que cambian lentamente entre las personas arcaicas y modernas pueden ayudar a comprender mejor nuestra propia diversidad bioló</p>

Extensión Científica

Rústica

DE CÓMO LA EDAD DE HIELO DIO PASO A LOS HUMANOS MODERNOS
