{"id":11741,"date":"2022-10-01T00:37:28","date_gmt":"2022-09-30T22:37:28","guid":{"rendered":"http:\/\/dev.claret.cat\/producte\/dvd-la-historia-de-la-pascua-abubilla\/"},"modified":"2025-12-02T19:37:22","modified_gmt":"2025-12-02T18:37:22","slug":"dvdla-historia-de-la-pascuaabubilla-7770064120022","status":"publish","type":"product","link":"https:\/\/www.claret.cat\/es\/libro\/dvdla-historia-de-la-pascuaabubilla-7770064120022\/","title":{"rendered":"DVD-LA HISTORIA DE LA PASCUA-ABUBILLA"},"content":{"rendered":"<p>La Abubilla ha vuelto. La peque\u00f1a Abubilla, a la que ya conocemos explicando la Historia de Navidad, tienes m\u00e1s cosas sorprendentes que contarnos.<br \/>Jes\u00fas cura a los enfermos y explica que Dios ama a los hombres y a las mujeres, a los ni\u00f1os y a las ni\u00f1as. Cuando se acerca con sus amigos a Jerusal\u00e9n, se precipitan los acontecimientos. Al final, los hombres y mujeres que han acompa\u00f1ado a Jes\u00fas saben que ha vencido a la muerte y ha resucitado.<br \/>Idiomas: Catal\u00e1n, Castellano<br \/>Duraci\u00f3n: 19-20 minutos<\/p>\n","protected":false},"excerpt":{"rendered":"<p>EDITORIAL CLARET., S.L.U<\/p>\n","protected":false},"featured_media":329316,"template":"","meta":{"_acf_changed":false,"om_disable_all_campaigns":false,"rs_blank_template":"","rs_page_bg_color":"","slide_template_v7":"","inline_featured_image":false,"_monsterinsights_skip_tracking":false,"_monsterinsights_sitenote_active":false,"_monsterinsights_sitenote_note":"","_monsterinsights_sitenote_category":0},"product_brand":[],"product_cat":[388,226,306,529,581,219,405,478,267],"product_tag":[],"class_list":{"0":"post-11741","1":"product","2":"type-product","3":"status-publish","4":"has-post-thumbnail","6":"product_cat-didactica-catequesis-1_espiritualidad","7":"product_cat-didactica","8":"product_cat-dvd-pastoral-i-catequesi","9":"product_cat-dvd-pastoral-y-catequesis","10":"product_cat-editorial-claret","11":"product_cat-infantil-catequesi","12":"product_cat-infantil-pastoral-1_espiritualidad","13":"product_cat-infantil-catequesis-1_espiritualidad","14":"product_cat-infantil-pastoral","16":"first","17":"instock","18":"taxable","19":"shipping-taxable","20":"purchasable","21":"product-type-simple"},"acf":{"autor":"EDITORIAL CLARET., S.L.U","codart":"006412002","libros-coleccion":"FORA DE COL.LECCI\u00d3","ediciones":"1","encuadernacion":"[Vac\u00edo]","fecha_de_publicacion":"24\/02\/2006","novedad":"0","paginas":"1","subtitulo":"LA ABUBILLA EXPLICA HISTORIAS DE LA BIBLIA","orden":"999","portada":"0","idioma":"spa","editorial":[{"ID":6158,"post_author":"3","post_date":"2022-07-28 17:46:08","post_date_gmt":"2022-07-28 15:46:08","post_content":"","post_title":"CLARET","post_excerpt":"","post_status":"publish","comment_status":"closed","ping_status":"closed","post_password":"","post_name":"claret","to_ping":"","pinged":"","post_modified":"2022-07-28 17:46:08","post_modified_gmt":"2022-07-28 15:46:08","post_content_filtered":"","post_parent":0,"guid":"http:\/\/dev.claret.cat\/editorial\/claret\/","menu_order":0,"post_type":"editorial","post_mime_type":"","comment_count":"0","filter":"raw"}],"autores-libros":[{"ID":5998,"post_author":"3","post_date":"2022-07-28 17:35:59","post_date_gmt":"2022-07-28 15:35:59","post_content":"","post_title":"R\u00dcDIGER (il) PFEFFER","post_excerpt":"","post_status":"publish","comment_status":"closed","ping_status":"closed","post_password":"","post_name":"rudiger-il-pfeffer","to_ping":"","pinged":"","post_modified":"2022-07-28 17:35:59","post_modified_gmt":"2022-07-28 15:35:59","post_content_filtered":"","post_parent":0,"guid":"http:\/\/dev.claret.cat\/autor\/rudiger-il-pfeffer\/","menu_order":0,"post_type":"autor","post_mime_type":"","comment_count":"0","filter":"raw"},{"ID":5698,"post_author":"3","post_date":"2022-07-28 17:29:34","post_date_gmt":"2022-07-28 15:29:34","post_content":"","post_title":"KARIN JEROMIN","post_excerpt":"","post_status":"publish","comment_status":"closed","ping_status":"closed","post_password":"","post_name":"karin-jeromin","to_ping":"","pinged":"","post_modified":"2022-07-28 17:29:34","post_modified_gmt":"2022-07-28 15:29:34","post_content_filtered":"","post_parent":0,"guid":"http:\/\/dev.claret.cat\/autor\/karin-jeromin\/","menu_order":0,"post_type":"autor","post_mime_type":"","comment_count":"0","filter":"raw"},{"ID":5422,"post_author":"3","post_date":"2022-07-28 17:23:37","post_date_gmt":"2022-07-28 15:23:37","post_content":"","post_title":"EDITORIAL CLARET (ed)","post_excerpt":"","post_status":"publish","comment_status":"closed","ping_status":"closed","post_password":"","post_name":"editorial-claret-ed","to_ping":"","pinged":"","post_modified":"2022-07-28 17:23:37","post_modified_gmt":"2022-07-28 15:23:37","post_content_filtered":"","post_parent":0,"guid":"http:\/\/dev.claret.cat\/autor\/editorial-claret-ed\/","menu_order":0,"post_type":"autor","post_mime_type":"","comment_count":"0","filter":"raw"}],"booktrailer":"","resenas":""},"aioseo_notices":[],"_links":{"self":[{"href":"https:\/\/www.claret.cat\/es\/wp-json\/wp\/v2\/product\/11741","targetHints":{"allow":["GET"]}}],"collection":[{"href":"https:\/\/www.claret.cat\/es\/wp-json\/wp\/v2\/product"}],"about":[{"href":"https:\/\/www.claret.cat\/es\/wp-json\/wp\/v2\/types\/product"}],"wp:featuredmedia":[{"embeddable":true,"href":"https:\/\/www.claret.cat\/es\/wp-json\/wp\/v2\/media\/329316"}],"wp:attachment":[{"href":"https:\/\/www.claret.cat\/es\/wp-json\/wp\/v2\/media?parent=11741"}],"wp:term":[{"taxonomy":"product_brand","embeddable":true,"href":"https:\/\/www.claret.cat\/es\/wp-json\/wp\/v2\/product_brand?post=11741"},{"taxonomy":"product_cat","embeddable":true,"href":"https:\/\/www.claret.cat\/es\/wp-json\/wp\/v2\/product_cat?post=11741"},{"taxonomy":"product_tag","embeddable":true,"href":"https:\/\/www.claret.cat\/es\/wp-json\/wp\/v2\/product_tag?post=11741"}],"curies":[{"name":"wp","href":"https:\/\/api.w.org\/{rel}","templated":true}]}}

<p>La Abubilla ha vuelto. La pequeña Abubilla, a la que ya conocemos explicando la Historia de Navidad, tienes más cosas sorprendentes que contarnos.<br />Jesús cura a los enfermos y explica que Dios ama a los hombres y a las mujeres, a los niños y a las niñas. Cuando se acerca con sus amigos a Jerusalén, se precipitan los acontecimientos. Al final, los hombres y mujeres que han acompañado a Jesús saben que ha vencido a la muerte y ha resucitado.<br />Idiomas: Catalán, Castellano<br />Duración: 19-20 minutos</p>

FORA DE COL.LECCIÓ

[Vacío]

RÜDIGER (il) PFEFFER
