{"id":117721,"date":"2022-10-12T15:35:48","date_gmt":"2022-10-12T13:35:48","guid":{"rendered":"http:\/\/dev.claret.cat\/producte\/por-que-existe-la-desigualdad-entre-los-hombres-y-las-mujeres\/"},"modified":"2024-02-12T17:20:56","modified_gmt":"2024-02-12T16:20:56","slug":"por-que-existe-la-desigualdad-entre-los-hombres-y-las-mujeres-9786075278612","status":"publish","type":"product","link":"https:\/\/www.claret.cat\/es\/libro\/por-que-existe-la-desigualdad-entre-los-hombres-y-las-mujeres-9786075278612\/","title":{"rendered":"\u00bfPOR QU\u00c9 EXISTE LA DESIGUALDAD ENTRE LOS HOMBRES Y LAS MUJERES?"},"content":{"rendered":"<p>La desigualdad que existe entre las mujeres y los<br \/> hombres puede parecernos uno de los m\u00e1s agudos<br \/> problemas modernos, pero resulta que tiene mucha<br \/> historia. \u00bfPor qu\u00e9 existe la desigualdad entre los<br \/> hombres y las mujeres? hace un r\u00e1pido recorrido a<br \/> lo largo de distintas \u00e9pocas y culturas para hacer<br \/> evidentes todas las disparidades de g\u00e9nero que<br \/> han existido. Desde la prehistoria hasta nuestros<br \/> d\u00edas, las autoras de este libro en formato de c\u00f3mic hacen evidente no s\u00f3lo la opresi\u00f3n a la que<br \/> han sido sometidas las mujeres sino las formas de<br \/> resistencia que han adoptado para reivindicar su<br \/> lugar en la sociedad. As\u00ed, ponen sobre la mesa una<br \/> introducci\u00f3n humor\u00edstica al debate actual sobre los<br \/> derechos que las mujeres han ganado y los que a\u00fan<br \/> est\u00e1n por ser reconocidos.<\/p>\n","protected":false},"excerpt":{"rendered":"<p>BRAVI, SOLEDAD \/ WERNER, DOROTH\u00c9E<\/p>\n","protected":false},"featured_media":117722,"template":"","meta":{"_acf_changed":false,"om_disable_all_campaigns":false,"rs_blank_template":"","rs_page_bg_color":"","slide_template_v7":"","inline_featured_image":false,"_monsterinsights_skip_tracking":false,"_monsterinsights_sitenote_active":false,"_monsterinsights_sitenote_note":"","_monsterinsights_sitenote_category":0},"product_brand":[],"product_cat":[104,554,105,555],"product_tag":[],"class_list":{"0":"post-117721","1":"product","2":"type-product","3":"status-publish","4":"has-post-thumbnail","6":"product_cat-ciencia","7":"product_cat-ciencia-5_otras-spa","8":"product_cat-regal","9":"product_cat-regalo","11":"first","12":"instock","13":"taxable","14":"shipping-taxable","15":"purchasable","16":"product-type-simple"},"acf":{"editorial":[{"ID":6319,"post_author":"3","post_date":"2022-07-28 17:49:38","post_date_gmt":"2022-07-28 15:49:38","post_content":"","post_title":"Oc\u00e9ano Traves\u00eda","post_excerpt":"","post_status":"publish","comment_status":"closed","ping_status":"closed","post_password":"","post_name":"oceano-travesia","to_ping":"","pinged":"","post_modified":"2022-07-28 17:49:38","post_modified_gmt":"2022-07-28 15:49:38","post_content_filtered":"","post_parent":0,"guid":"http:\/\/dev.claret.cat\/editorial\/oceano-travesia\/","menu_order":0,"post_type":"editorial","post_mime_type":"","comment_count":"0","filter":"raw"}],"autores-libros":[{"ID":154318,"post_author":"3","post_date":"2022-10-14 15:03:51","post_date_gmt":"2022-10-14 13:03:51","post_content":"","post_title":"DOROTH\u00c9E WERNER","post_excerpt":"","post_status":"publish","comment_status":"closed","ping_status":"closed","post_password":"","post_name":"dorothee-werner","to_ping":"","pinged":"","post_modified":"2022-10-14 15:03:51","post_modified_gmt":"2022-10-14 13:03:51","post_content_filtered":"","post_parent":0,"guid":"http:\/\/dev.claret.cat\/autor\/dorothee-werner\/","menu_order":0,"post_type":"autor","post_mime_type":"","comment_count":"0","filter":"raw"},{"ID":6041,"post_author":"3","post_date":"2022-07-28 17:36:54","post_date_gmt":"2022-07-28 15:36:54","post_content":"","post_title":"SOLEDAD BRAVI","post_excerpt":"","post_status":"publish","comment_status":"closed","ping_status":"closed","post_password":"","post_name":"soledad-bravi","to_ping":"","pinged":"","post_modified":"2022-07-28 17:36:54","post_modified_gmt":"2022-07-28 15:36:54","post_content_filtered":"","post_parent":0,"guid":"http:\/\/dev.claret.cat\/autor\/soledad-bravi\/","menu_order":0,"post_type":"autor","post_mime_type":"","comment_count":"0","filter":"raw"}],"autor":"BRAVI, SOLEDAD \/ WERNER, DOROTH\u00c9E","codart":"607527861","libros-coleccion":"Historias gr\u00e1ficas","ediciones":"1","encuadernacion":"R\u00fastica","fecha_de_publicacion":"01\/01\/2020","novedad":"1","paginas":"96","subtitulo":"","orden":"0","portada":"0","idioma":"spa"},"aioseo_notices":[],"_links":{"self":[{"href":"https:\/\/www.claret.cat\/es\/wp-json\/wp\/v2\/product\/117721","targetHints":{"allow":["GET"]}}],"collection":[{"href":"https:\/\/www.claret.cat\/es\/wp-json\/wp\/v2\/product"}],"about":[{"href":"https:\/\/www.claret.cat\/es\/wp-json\/wp\/v2\/types\/product"}],"wp:featuredmedia":[{"embeddable":true,"href":"https:\/\/www.claret.cat\/es\/wp-json\/wp\/v2\/media\/117722"}],"wp:attachment":[{"href":"https:\/\/www.claret.cat\/es\/wp-json\/wp\/v2\/media?parent=117721"}],"wp:term":[{"taxonomy":"product_brand","embeddable":true,"href":"https:\/\/www.claret.cat\/es\/wp-json\/wp\/v2\/product_brand?post=117721"},{"taxonomy":"product_cat","embeddable":true,"href":"https:\/\/www.claret.cat\/es\/wp-json\/wp\/v2\/product_cat?post=117721"},{"taxonomy":"product_tag","embeddable":true,"href":"https:\/\/www.claret.cat\/es\/wp-json\/wp\/v2\/product_tag?post=117721"}],"curies":[{"name":"wp","href":"https:\/\/api.w.org\/{rel}","templated":true}]}}

¿POR QUÉ EXISTE LA DESIGUALDAD ENTRE LOS HOMBRES Y LAS MUJERES?

<p>La desigualdad que existe entre las mujeres y los<br /> hombres puede parecernos uno de los más agudos<br /> problemas modernos, pero resulta que tiene mucha<br /> historia. ¿Por qué existe la desigualdad entre los<br /> hombres y las mujeres? hace un rápido recorrido a<br /> lo largo de distintas épocas y culturas para hacer<br /> evidentes todas las disparidades de género que<br /> han existido. Desde la prehistoria hasta nuestros<br /> días, las autoras de este libro en formato de cómic hacen evidente no sólo la opresión a la que<br /> han sido sometidas las mujeres sino las formas de<br /> resistencia que han adoptado para reivindicar su<br /> lugar en la sociedad. Así, ponen sobre la mesa una<br /> introducción humorística al debate actual sobre los<br /> derechos que las mujeres han ganado y los que aún<br /> están por ser reconocidos.</p>

<p>BRAVI, SOLEDAD / WERNER, DOROTHÉE</p>

Océano Travesía

DOROTHÉE WERNER

BRAVI, SOLEDAD / WERNER, DOROTHÉE

Historias gráficas

Rústica
