{"id":118622,"date":"2022-10-12T15:49:15","date_gmt":"2022-10-12T13:49:15","guid":{"rendered":"http:\/\/dev.claret.cat\/producte\/por-que-tantos-hombres-incompetentes-se-convierten-en-lideres\/"},"modified":"2025-07-17T12:57:57","modified_gmt":"2025-07-17T10:57:57","slug":"por-que-tantos-hombres-incompetentes-se-convierten-en-lideres-9788416997244","status":"publish","type":"product","link":"https:\/\/www.claret.cat\/es\/libro\/por-que-tantos-hombres-incompetentes-se-convierten-en-lideres-9788416997244\/","title":{"rendered":"\u00bfPOR QU\u00c9 TANTOS HOMBRES INCOMPETENTES SE CONVIERTEN EN L\u00cdDERES?"},"content":{"rendered":"<p>En este oportuno y provocativo libro, Tom\u00c3\u00a1s Chamorro-Premuzic hace dos preguntas impactantes: \u00c2\u00bfPor qu\u00c3\u00a9 a los hombres incompetentes les resulta tan f\u00c3\u00a1cil llegar a ser l\u00c3\u00adderes? Y, \u00c2\u00bfpor qu\u00c3\u00a9 es tan dif\u00c3\u00adcil que avancen las personas competentes (sobre todo, si son mujeres)?<br \/> Tras d\u00c3\u00a9cadas de investigaci\u00c3\u00b3n rigurosa, Chamorro-Premuzic se\u00c3\u00b1ala que, pese a que los hombres constituyan la mayor\u00c3\u00ada de los l\u00c3\u00adderes, tienen peores resultados en comparaci\u00c3\u00b3n con las l\u00c3\u00adderes femeninas. De hecho, la mayor parte de las organizaciones equiparan el potencial de liderazgo con determinados rasgos de personalidad destructivos, como narcisismo y exceso de confianza. Es decir, estos rasgos pueden ayudar a que alguien sea seleccionado para un papel de liderazgo, pero son contraproducentes cuando la persona obtiene el puesto.<br \/>  Cuando las mujeres competentes (y los hombres que no encajan en el estereotipo) no son tenidos en cuenta, todos sufrimos las consecuencias. El resultado es un sistema profundamente defectuoso que recompensa ser arrogante en lugar de humilde y ser grit\u00c3\u00b3n en lugar de sabio.<\/p>\n","protected":false},"excerpt":{"rendered":"<p>CHAMORRO-PREMUZIC, TOMAS<\/p>\n","protected":false},"featured_media":118623,"template":"","meta":{"_acf_changed":false,"om_disable_all_campaigns":false,"rs_blank_template":"","rs_page_bg_color":"","slide_template_v7":"","inline_featured_image":false,"_monsterinsights_skip_tracking":false,"_monsterinsights_sitenote_active":false,"_monsterinsights_sitenote_note":"","_monsterinsights_sitenote_category":0},"product_brand":[],"product_cat":[162,436],"product_tag":[],"class_list":{"0":"post-118622","1":"product","2":"type-product","3":"status-publish","4":"has-post-thumbnail","6":"product_cat-economica-i-politica","7":"product_cat-economica-y-politica","9":"first","10":"instock","11":"taxable","12":"shipping-taxable","13":"purchasable","14":"product-type-simple"},"acf":{"editorial":[{"ID":148088,"post_author":"3","post_date":"2022-10-14 11:55:32","post_date_gmt":"2022-10-14 09:55:32","post_content":"","post_title":"EMPRESA ACTIVA","post_excerpt":"","post_status":"publish","comment_status":"closed","ping_status":"closed","post_password":"","post_name":"empresa-activa","to_ping":"","pinged":"","post_modified":"2022-10-14 11:55:32","post_modified_gmt":"2022-10-14 09:55:32","post_content_filtered":"","post_parent":0,"guid":"http:\/\/dev.claret.cat\/editorial\/empresa-activa\/","menu_order":0,"post_type":"editorial","post_mime_type":"","comment_count":"0","filter":"raw"}],"autores-libros":[{"ID":170495,"post_author":"3","post_date":"2022-10-14 22:35:48","post_date_gmt":"2022-10-14 20:35:48","post_content":"","post_title":"TOMAS CHAMORRO-PREMUZIC","post_excerpt":"","post_status":"publish","comment_status":"closed","ping_status":"closed","post_password":"","post_name":"tomas-chamorro-premuzic","to_ping":"","pinged":"","post_modified":"2022-10-14 22:35:48","post_modified_gmt":"2022-10-14 20:35:48","post_content_filtered":"","post_parent":0,"guid":"http:\/\/dev.claret.cat\/autor\/tomas-chamorro-premuzic\/","menu_order":0,"post_type":"autor","post_mime_type":"","comment_count":"0","filter":"raw"}],"autor":"CHAMORRO-PREMUZIC, TOMAS","codart":"841699724","libros-coleccion":"Gesti\u00f3n del conocimiento","ediciones":"1","encuadernacion":"R\u00fastica","fecha_de_publicacion":"01\/01\/2020","novedad":"1","paginas":"218","subtitulo":"(Y C\u00d3MO EVITARLO)","orden":"0","portada":"0","idioma":"spa","booktrailer":"","resenas":""},"aioseo_notices":[],"_links":{"self":[{"href":"https:\/\/www.claret.cat\/es\/wp-json\/wp\/v2\/product\/118622","targetHints":{"allow":["GET"]}}],"collection":[{"href":"https:\/\/www.claret.cat\/es\/wp-json\/wp\/v2\/product"}],"about":[{"href":"https:\/\/www.claret.cat\/es\/wp-json\/wp\/v2\/types\/product"}],"wp:featuredmedia":[{"embeddable":true,"href":"https:\/\/www.claret.cat\/es\/wp-json\/wp\/v2\/media\/118623"}],"wp:attachment":[{"href":"https:\/\/www.claret.cat\/es\/wp-json\/wp\/v2\/media?parent=118622"}],"wp:term":[{"taxonomy":"product_brand","embeddable":true,"href":"https:\/\/www.claret.cat\/es\/wp-json\/wp\/v2\/product_brand?post=118622"},{"taxonomy":"product_cat","embeddable":true,"href":"https:\/\/www.claret.cat\/es\/wp-json\/wp\/v2\/product_cat?post=118622"},{"taxonomy":"product_tag","embeddable":true,"href":"https:\/\/www.claret.cat\/es\/wp-json\/wp\/v2\/product_tag?post=118622"}],"curies":[{"name":"wp","href":"https:\/\/api.w.org\/{rel}","templated":true}]}}

¿POR QUÉ TANTOS HOMBRES INCOMPETENTES SE CONVIERTEN EN LÍDERES?

<p>En este oportuno y provocativo libro, TomÃ¡s Chamorro-Premuzic hace dos preguntas impactantes: Â¿Por quÃ© a los hombres incompetentes les resulta tan fÃ¡cil llegar a ser lÃ­deres? Y, Â¿por quÃ© es tan difÃ­cil que avancen las personas competentes (sobre todo, si son mujeres)?<br /> Tras dÃ©cadas de investigaciÃ³n rigurosa, Chamorro-Premuzic seÃ±ala que, pese a que los hombres constituyan la mayorÃ­a de los lÃ­deres, tienen peores resultados en comparaciÃ³n con las lÃ­deres femeninas. De hecho, la mayor parte de las organizaciones equiparan el potencial de liderazgo con determinados rasgos de personalidad destructivos, como narcisismo y exceso de confianza. Es decir, estos rasgos pueden ayudar a que alguien sea seleccionado para un papel de liderazgo, pero son contraproducentes cuando la persona obtiene el puesto.<br />  Cuando las mujeres competentes (y los hombres que no encajan en el estereotipo) no son tenidos en cuenta, todos sufrimos las consecuencias. El resultado es un sistema profundamente defectuoso que recompensa ser arrogante en lugar de humilde y ser gritÃ³n en lugar de sabio.</p>

Gestión del conocimiento

Rústica

(Y CÓMO EVITARLO)
