{"id":119311,"date":"2022-10-12T15:59:26","date_gmt":"2022-10-12T13:59:26","guid":{"rendered":"http:\/\/dev.claret.cat\/producte\/elogio-de-la-noche-y-el-sueno\/"},"modified":"2023-01-28T03:47:06","modified_gmt":"2023-01-28T02:47:06","slug":"elogio-de-la-noche-y-el-sueno-9788494912085","status":"publish","type":"product","link":"https:\/\/www.claret.cat\/es\/libro\/elogio-de-la-noche-y-el-sueno-9788494912085\/","title":{"rendered":"ELOGIO DE LA NOCHE Y EL SUE\u00d1O"},"content":{"rendered":"<p>La colecci\u00f3n perlas, de la editorial Nuevo Inicio, quiere poner al alcance del mayor n\u00famero posible de lectores algunas joyas de la tradici\u00f3n cristiana, que nos permitan, a unos y a otros, cambiar nuestra mirada. Importa cambiar nuestra mirada, en primer lugar, sobre el cristianismo y sobre lo que es la vida cristiana, porque nuestra idea del cristianismo y de la vida cristiana es con frecuencia muy pobre, y precisamente lo es en buena medida porque desconocemos la tradici\u00f3n cristiana y la frescura que tiene. Tambi\u00e9n quiere cambiar nuestra mirada sobre la realidad, sobre toda la realidad, aprendiendo junto a grandes testigos y maestros de la fe, a mirar todo desde Cristo, y desde nuestro destino en Cristo. Esto, concretamente, es lo que m\u00e1s necesitamos los cristianos de hoy. En esta b\u00fasqueda de recuperar la \u201cm\u00fasica\u201d olvidada de la gran tradici\u00f3n de la Iglesia, damos una importancia especial a nuestros hermanos de Oriente. En primer lugar, porque ellos fueron los primeros en transmitirnos el conocimiento de Cristo y el amor a Cristo. En segundo lugar como testimonio de comuni\u00f3n con ellos, especialmente con aquellos que, en Siria y en Irak, y en otras partes del Medio Oriente, sufren hoy persecuci\u00f3n, igual que su Maestro, y testimonian al mundo que es verdad el dicho del Salmo: \u201cTu gracia vale m\u00e1s que la vida\u201d (Salmo 62, 4). La colecci\u00f3n perlas tiene un formato accesible, para que esos tesoros puedan obtenerse con facilidad, y llegar a todas partes: repartirse en grupos y comunidades cristianas, u ofrecerse como regalos a la familia, a la comunidad, del colegio o de la parroquia con motivo de un sacramento o de otras celebraciones.<\/p>\n","protected":false},"excerpt":{"rendered":"<p>P\u00c9GUY, CHARLES<\/p>\n","protected":false},"featured_media":119312,"template":"","meta":{"_acf_changed":false,"om_disable_all_campaigns":false,"rs_blank_template":"","rs_page_bg_color":"","slide_template_v7":"","inline_featured_image":false,"_monsterinsights_skip_tracking":false,"_monsterinsights_sitenote_active":false,"_monsterinsights_sitenote_note":"","_monsterinsights_sitenote_category":0},"product_brand":[],"product_cat":[16],"product_tag":[],"class_list":{"0":"post-119311","1":"product","2":"type-product","3":"status-publish","4":"has-post-thumbnail","6":"product_cat-sense-categoria","8":"first","9":"instock","10":"taxable","11":"shipping-taxable","12":"purchasable","13":"product-type-simple"},"acf":{"editorial":[{"ID":148011,"post_author":"3","post_date":"2022-10-14 11:54:57","post_date_gmt":"2022-10-14 09:54:57","post_content":"","post_title":"EDITORIAL NUEVO INICIO","post_excerpt":"","post_status":"publish","comment_status":"closed","ping_status":"closed","post_password":"","post_name":"editorial-nuevo-inicio","to_ping":"","pinged":"","post_modified":"2022-10-14 11:54:57","post_modified_gmt":"2022-10-14 09:54:57","post_content_filtered":"","post_parent":0,"guid":"http:\/\/dev.claret.cat\/editorial\/editorial-nuevo-inicio\/","menu_order":0,"post_type":"editorial","post_mime_type":"","comment_count":"0","filter":"raw"}],"autor":"P\u00c9GUY, CHARLES","codart":"849491208","libros-coleccion":"Perlas","ediciones":"1","encuadernacion":"R\u00fastica","fecha_de_publicacion":"01\/07\/2019","novedad":"1","paginas":"30","subtitulo":"","orden":"0","portada":"0","idioma":"spa","autores-libros":[{"ID":152771,"post_author":"3","post_date":"2022-10-14 14:51:26","post_date_gmt":"2022-10-14 12:51:26","post_content":"","post_title":"CHARLES P\u00c9GUY","post_excerpt":"","post_status":"publish","comment_status":"closed","ping_status":"closed","post_password":"","post_name":"charles-peguy","to_ping":"","pinged":"","post_modified":"2022-10-14 14:51:26","post_modified_gmt":"2022-10-14 12:51:26","post_content_filtered":"","post_parent":0,"guid":"http:\/\/dev.claret.cat\/autor\/charles-peguy\/","menu_order":0,"post_type":"autor","post_mime_type":"","comment_count":"0","filter":"raw"}]},"aioseo_notices":[],"_links":{"self":[{"href":"https:\/\/www.claret.cat\/es\/wp-json\/wp\/v2\/product\/119311","targetHints":{"allow":["GET"]}}],"collection":[{"href":"https:\/\/www.claret.cat\/es\/wp-json\/wp\/v2\/product"}],"about":[{"href":"https:\/\/www.claret.cat\/es\/wp-json\/wp\/v2\/types\/product"}],"wp:featuredmedia":[{"embeddable":true,"href":"https:\/\/www.claret.cat\/es\/wp-json\/wp\/v2\/media\/119312"}],"wp:attachment":[{"href":"https:\/\/www.claret.cat\/es\/wp-json\/wp\/v2\/media?parent=119311"}],"wp:term":[{"taxonomy":"product_brand","embeddable":true,"href":"https:\/\/www.claret.cat\/es\/wp-json\/wp\/v2\/product_brand?post=119311"},{"taxonomy":"product_cat","embeddable":true,"href":"https:\/\/www.claret.cat\/es\/wp-json\/wp\/v2\/product_cat?post=119311"},{"taxonomy":"product_tag","embeddable":true,"href":"https:\/\/www.claret.cat\/es\/wp-json\/wp\/v2\/product_tag?post=119311"}],"curies":[{"name":"wp","href":"https:\/\/api.w.org\/{rel}","templated":true}]}}

ELOGIO DE LA NOCHE Y EL SUEÑO

<p>La colección perlas, de la editorial Nuevo Inicio, quiere poner al alcance del mayor número posible de lectores algunas joyas de la tradición cristiana, que nos permitan, a unos y a otros, cambiar nuestra mirada. Importa cambiar nuestra mirada, en primer lugar, sobre el cristianismo y sobre lo que es la vida cristiana, porque nuestra idea del cristianismo y de la vida cristiana es con frecuencia muy pobre, y precisamente lo es en buena medida porque desconocemos la tradición cristiana y la frescura que tiene. También quiere cambiar nuestra mirada sobre la realidad, sobre toda la realidad, aprendiendo junto a grandes testigos y maestros de la fe, a mirar todo desde Cristo, y desde nuestro destino en Cristo. Esto, concretamente, es lo que más necesitamos los cristianos de hoy. En esta búsqueda de recuperar la “música” olvidada de la gran tradición de la Iglesia, damos una importancia especial a nuestros hermanos de Oriente. En primer lugar, porque ellos fueron los primeros en transmitirnos el conocimiento de Cristo y el amor a Cristo. En segundo lugar como testimonio de comunión con ellos, especialmente con aquellos que, en Siria y en Irak, y en otras partes del Medio Oriente, sufren hoy persecución, igual que su Maestro, y testimonian al mundo que es verdad el dicho del Salmo: “Tu gracia vale más que la vida” (Salmo 62, 4). La colección perlas tiene un formato accesible, para que esos tesoros puedan obtenerse con facilidad, y llegar a todas partes: repartirse en grupos y comunidades cristianas, u ofrecerse como regalos a la familia, a la comunidad, del colegio o de la parroquia con motivo de un sacramento o de otras celebraciones.</p>

<p>PÉGUY, CHARLES</p>

PÉGUY, CHARLES

Rústica

CHARLES PÉGUY
