{"id":120440,"date":"2022-10-12T16:16:53","date_gmt":"2022-10-12T14:16:53","guid":{"rendered":"http:\/\/dev.claret.cat\/producte\/la-masoneria\/"},"modified":"2023-03-02T17:40:07","modified_gmt":"2023-03-02T16:40:07","slug":"la-masoneria-9788491817468","status":"publish","type":"product","link":"https:\/\/www.claret.cat\/es\/libro\/la-masoneria-9788491817468\/","title":{"rendered":"LA MASONER\u00cdA"},"content":{"rendered":"<p>En esta excelente introducci\u00f3n a la masoner\u00eda, Jos\u00e9 A. Ferrer Benimeli analiza la g\u00e9nesis de una asociaci\u00f3n que a lo largo de la historia ha suscitado y sigue suscitando curiosidad y morbo, a\u00f1adiendo pistas que ayudan a explicar el por qu\u00e9 de tantos t\u00f3picos, estereotipos y dualismos de los que a veces se ve rodeada: curiosidad y desenga\u00f1o, atracci\u00f3n y repulsa, temor y deseo. Sin querer adjudicar a esta organizaci\u00f3n una especial relevancia o papel en nuestra historia, que no ha tenido, ni tiene, pretende aportar algo que ayude a que el tema de la masoner\u00eda sea mirado hoy d\u00eda, si no con simpat\u00eda, s\u00ed, al menos, con un m\u00ednimo de respeto y dignidad.<\/p>\n","protected":false},"excerpt":{"rendered":"<p>FERRER BENIMELI, JOS\u00c9 ANTONIO<\/p>\n","protected":false},"featured_media":120441,"template":"","meta":{"_acf_changed":false,"om_disable_all_campaigns":false,"rs_blank_template":"","rs_page_bg_color":"","slide_template_v7":"","inline_featured_image":false,"_monsterinsights_skip_tracking":false,"_monsterinsights_sitenote_active":false,"_monsterinsights_sitenote_note":"","_monsterinsights_sitenote_category":0},"product_brand":[],"product_cat":[90,540],"product_tag":[],"class_list":{"0":"post-120440","1":"product","2":"type-product","3":"status-publish","4":"has-post-thumbnail","6":"product_cat-altres","7":"product_cat-otros","9":"first","10":"instock","11":"taxable","12":"shipping-taxable","13":"purchasable","14":"product-type-simple"},"acf":{"editorial":[{"ID":6119,"post_author":"3","post_date":"2022-07-28 17:45:18","post_date_gmt":"2022-07-28 15:45:18","post_content":"","post_title":"Alianza Editorial","post_excerpt":"","post_status":"publish","comment_status":"closed","ping_status":"closed","post_password":"","post_name":"alianza-editorial","to_ping":"","pinged":"","post_modified":"2022-07-28 17:45:18","post_modified_gmt":"2022-07-28 15:45:18","post_content_filtered":"","post_parent":0,"guid":"http:\/\/dev.claret.cat\/editorial\/alianza-editorial\/","menu_order":0,"post_type":"editorial","post_mime_type":"","comment_count":"0","filter":"raw"}],"autor":"FERRER BENIMELI, JOS\u00c9 ANTONIO","codart":"849181746","libros-coleccion":"El Libro De Bolsillo - Historia","ediciones":"1","encuadernacion":"R\u00fastica","fecha_de_publicacion":"01\/11\/2019","novedad":"1","paginas":"386","subtitulo":"","orden":"0","portada":"0","idioma":"spa","autores-libros":[{"ID":160158,"post_author":"3","post_date":"2022-10-14 15:50:46","post_date_gmt":"2022-10-14 13:50:46","post_content":"","post_title":"JOS\u00c9 ANTONIO FERRER BENIMELI","post_excerpt":"","post_status":"publish","comment_status":"closed","ping_status":"closed","post_password":"","post_name":"jose-antonio-ferrer-benimeli","to_ping":"","pinged":"","post_modified":"2022-10-14 15:50:46","post_modified_gmt":"2022-10-14 13:50:46","post_content_filtered":"","post_parent":0,"guid":"http:\/\/dev.claret.cat\/autor\/jose-antonio-ferrer-benimeli\/","menu_order":0,"post_type":"autor","post_mime_type":"","comment_count":"0","filter":"raw"}]},"aioseo_notices":[],"_links":{"self":[{"href":"https:\/\/www.claret.cat\/es\/wp-json\/wp\/v2\/product\/120440","targetHints":{"allow":["GET"]}}],"collection":[{"href":"https:\/\/www.claret.cat\/es\/wp-json\/wp\/v2\/product"}],"about":[{"href":"https:\/\/www.claret.cat\/es\/wp-json\/wp\/v2\/types\/product"}],"wp:featuredmedia":[{"embeddable":true,"href":"https:\/\/www.claret.cat\/es\/wp-json\/wp\/v2\/media\/120441"}],"wp:attachment":[{"href":"https:\/\/www.claret.cat\/es\/wp-json\/wp\/v2\/media?parent=120440"}],"wp:term":[{"taxonomy":"product_brand","embeddable":true,"href":"https:\/\/www.claret.cat\/es\/wp-json\/wp\/v2\/product_brand?post=120440"},{"taxonomy":"product_cat","embeddable":true,"href":"https:\/\/www.claret.cat\/es\/wp-json\/wp\/v2\/product_cat?post=120440"},{"taxonomy":"product_tag","embeddable":true,"href":"https:\/\/www.claret.cat\/es\/wp-json\/wp\/v2\/product_tag?post=120440"}],"curies":[{"name":"wp","href":"https:\/\/api.w.org\/{rel}","templated":true}]}}

LA MASONERÍA

<p>En esta excelente introducción a la masonería, José A. Ferrer Benimeli analiza la génesis de una asociación que a lo largo de la historia ha suscitado y sigue suscitando curiosidad y morbo, añadiendo pistas que ayudan a explicar el por qué de tantos tópicos, estereotipos y dualismos de los que a veces se ve rodeada: curiosidad y desengaño, atracción y repulsa, temor y deseo. Sin querer adjudicar a esta organización una especial relevancia o papel en nuestra historia, que no ha tenido, ni tiene, pretende aportar algo que ayude a que el tema de la masonería sea mirado hoy día, si no con simpatía, sí, al menos, con un mínimo de respeto y dignidad.</p>

<p>FERRER BENIMELI, JOSÉ ANTONIO</p>

FERRER BENIMELI, JOSÉ ANTONIO

Rústica

JOSÉ ANTONIO FERRER BENIMELI
