{"id":122424,"date":"2022-10-12T16:47:46","date_gmt":"2022-10-12T14:47:46","guid":{"rendered":"http:\/\/dev.claret.cat\/producte\/mal-que-bien\/"},"modified":"2024-05-24T04:42:13","modified_gmt":"2024-05-24T02:42:13","slug":"mal-que-bien-9788432151859","status":"publish","type":"product","link":"https:\/\/www.claret.cat\/es\/libro\/mal-que-bien-9788432151859\/","title":{"rendered":"MAL QUE BIEN"},"content":{"rendered":"<p>Tras nueve a\u00f1os sin editar poes\u00eda, Mal que bien constituye ese esperado retorno de un poeta en el que la versatilidad m\u00e9trica y la frescura de los versos se combinan con el humor, la inesperada hondura, el cuidado coloquialismo, la elegante iron\u00eda, la emoci\u00f3n sostenida y la incansable vuelta a sus maestros cl\u00e1sicos y contempor\u00e1neos, siempre con la intenci\u00f3n de mantener viva una amena conversaci\u00f3n, a la que el lector atento es invitado. Fiel a un mundo propio en el que indaga desde su primera entrega l\u00edrica, vuelve a hablarnos de su entorno familiar y de aquellos temas que le son claves: el sentido de la muerte o la creencia en la resurrecci\u00f3n gloriosa de los cuerpos, la tarea del poeta y la misi\u00f3n de la poes\u00eda. <\/p>\n<p> Enrique Garc\u00eda-M\u00e1iquez. Nace en Murcia, en 1969, aunque sus ra\u00edces familiares est\u00e1n en El Puerto de Santa Mar\u00eda -C\u00e1diz-, donde reside desde su infancia. Articulista, prologuista, traductor de Mario Quintana, G. K. Chesterton o Shakespeare, ha publicado, adem\u00e1s, aforismos, diarios y ediciones de poetas actuales, aparte de cuatro poemarios: Haz de luz, Ardua mediocritas, Casa propia y Con el tiempo.<\/p>\n","protected":false},"excerpt":{"rendered":"<p>GARC\u00cdA-M\u00c1IQUEZ, ENRIQUE<\/p>\n","protected":false},"featured_media":344330,"template":"","meta":{"_acf_changed":false,"om_disable_all_campaigns":false,"rs_blank_template":"","rs_page_bg_color":"","slide_template_v7":"","inline_featured_image":false,"_monsterinsights_skip_tracking":false,"_monsterinsights_sitenote_active":false,"_monsterinsights_sitenote_note":"","_monsterinsights_sitenote_category":0},"product_brand":[],"product_cat":[121,340,358,128],"product_tag":[],"class_list":{"0":"post-122424","1":"product","2":"type-product","3":"status-publish","4":"has-post-thumbnail","6":"product_cat-poesia","7":"product_cat-poesia-5_otras","8":"product_cat-poesia-contemporanea","9":"product_cat-poesia-contemporania","11":"first","12":"instock","13":"taxable","14":"shipping-taxable","15":"purchasable","16":"product-type-simple"},"acf":{"editorial":[{"ID":6348,"post_author":"3","post_date":"2022-07-28 17:50:16","post_date_gmt":"2022-07-28 15:50:16","post_content":"","post_title":"Rialp","post_excerpt":"","post_status":"publish","comment_status":"closed","ping_status":"closed","post_password":"","post_name":"rialp","to_ping":"","pinged":"","post_modified":"2022-07-28 17:50:16","post_modified_gmt":"2022-07-28 15:50:16","post_content_filtered":"","post_parent":0,"guid":"http:\/\/dev.claret.cat\/editorial\/rialp\/","menu_order":0,"post_type":"editorial","post_mime_type":"","comment_count":"0","filter":"raw"}],"autor":"GARC\u00cdA-M\u00c1IQUEZ, ENRIQUE","codart":"843215185","libros-coleccion":"Poes\u00eda. Adonais","ediciones":"1","encuadernacion":"R\u00fastica","fecha_de_publicacion":"12\/11\/2019","novedad":"1","paginas":"100","subtitulo":"","orden":"0","portada":"0","idioma":"spa","autores-libros":[{"ID":155163,"post_author":"3","post_date":"2022-10-14 15:10:40","post_date_gmt":"2022-10-14 13:10:40","post_content":"","post_title":"ENRIQUE GARC\u00cdA-M\u00c1IQUEZ","post_excerpt":"","post_status":"publish","comment_status":"closed","ping_status":"closed","post_password":"","post_name":"enrique-garcia-maiquez","to_ping":"","pinged":"","post_modified":"2022-10-14 15:10:40","post_modified_gmt":"2022-10-14 13:10:40","post_content_filtered":"","post_parent":0,"guid":"http:\/\/dev.claret.cat\/autor\/enrique-garcia-maiquez\/","menu_order":0,"post_type":"autor","post_mime_type":"","comment_count":"0","filter":"raw"}]},"aioseo_notices":[],"_links":{"self":[{"href":"https:\/\/www.claret.cat\/es\/wp-json\/wp\/v2\/product\/122424","targetHints":{"allow":["GET"]}}],"collection":[{"href":"https:\/\/www.claret.cat\/es\/wp-json\/wp\/v2\/product"}],"about":[{"href":"https:\/\/www.claret.cat\/es\/wp-json\/wp\/v2\/types\/product"}],"wp:featuredmedia":[{"embeddable":true,"href":"https:\/\/www.claret.cat\/es\/wp-json\/wp\/v2\/media\/344330"}],"wp:attachment":[{"href":"https:\/\/www.claret.cat\/es\/wp-json\/wp\/v2\/media?parent=122424"}],"wp:term":[{"taxonomy":"product_brand","embeddable":true,"href":"https:\/\/www.claret.cat\/es\/wp-json\/wp\/v2\/product_brand?post=122424"},{"taxonomy":"product_cat","embeddable":true,"href":"https:\/\/www.claret.cat\/es\/wp-json\/wp\/v2\/product_cat?post=122424"},{"taxonomy":"product_tag","embeddable":true,"href":"https:\/\/www.claret.cat\/es\/wp-json\/wp\/v2\/product_tag?post=122424"}],"curies":[{"name":"wp","href":"https:\/\/api.w.org\/{rel}","templated":true}]}}

<p>Tras nueve años sin editar poesía, Mal que bien constituye ese esperado retorno de un poeta en el que la versatilidad métrica y la frescura de los versos se combinan con el humor, la inesperada hondura, el cuidado coloquialismo, la elegante ironía, la emoción sostenida y la incansable vuelta a sus maestros clásicos y contemporáneos, siempre con la intención de mantener viva una amena conversación, a la que el lector atento es invitado. Fiel a un mundo propio en el que indaga desde su primera entrega lírica, vuelve a hablarnos de su entorno familiar y de aquellos temas que le son claves: el sentido de la muerte o la creencia en la resurrección gloriosa de los cuerpos, la tarea del poeta y la misión de la poesía. </p>
<p> Enrique García-Máiquez. Nace en Murcia, en 1969, aunque sus raíces familiares están en El Puerto de Santa María -Cádiz-, donde reside desde su infancia. Articulista, prologuista, traductor de Mario Quintana, G. K. Chesterton o Shakespeare, ha publicado, además, aforismos, diarios y ediciones de poetas actuales, aparte de cuatro poemarios: Haz de luz, Ardua mediocritas, Casa propia y Con el tiempo.</p>

<p>GARCÍA-MÁIQUEZ, ENRIQUE</p>

GARCÍA-MÁIQUEZ, ENRIQUE

Poesía. Adonais

Rústica

ENRIQUE GARCÍA-MÁIQUEZ
