{"id":122779,"date":"2022-10-12T16:53:21","date_gmt":"2022-10-12T14:53:21","guid":{"rendered":"http:\/\/dev.claret.cat\/producte\/padre-nuestro-2\/"},"modified":"2026-04-01T16:39:41","modified_gmt":"2026-04-01T14:39:41","slug":"padre-nuestro-9788429328837","status":"publish","type":"product","link":"https:\/\/www.claret.cat\/es\/libro\/padre-nuestro-9788429328837\/","title":{"rendered":"PADRE NUESTRO"},"content":{"rendered":"<p>A muchos les resulta complicado rezar. El padrenuestro, sin embargo, es cercano a todo cristiano, una oraci\u00f3n que invita a ver el mundo y la vida de forma nueva y ruega por la transformaci\u00f3n de la vida y del mundo. Otorga esperanza y firmeza. Kasper vuelve a ella y la reinterpreta de manera que su lectura sirva de meditaci\u00f3n y de orientaci\u00f3n personal, o como base para ciclos de predicaci\u00f3n y de conferencias o para tiempos de retiro. Por secciones o por cap\u00edtulos o aislados, sus meditaciones son una invitaci\u00f3n a orar.<\/p>\n","protected":false},"excerpt":{"rendered":"<p>KASPER, WALTER<\/p>\n","protected":false},"featured_media":340737,"template":"","meta":{"_acf_changed":false,"om_disable_all_campaigns":false,"rs_blank_template":"","rs_page_bg_color":"","slide_template_v7":"","inline_featured_image":false,"_monsterinsights_skip_tracking":false,"_monsterinsights_sitenote_active":false,"_monsterinsights_sitenote_note":"","_monsterinsights_sitenote_category":0},"product_brand":[],"product_cat":[497,248,396,247],"product_tag":[],"class_list":{"0":"post-122779","1":"product","2":"type-product","3":"status-publish","4":"has-post-thumbnail","6":"product_cat-meditaciones","7":"product_cat-meditacions","8":"product_cat-oracion","9":"product_cat-pregaria","11":"first","12":"outofstock","13":"taxable","14":"shipping-taxable","15":"purchasable","16":"product-type-simple"},"acf":{"editorial":[{"ID":6351,"post_author":"3","post_date":"2022-07-28 17:50:19","post_date_gmt":"2022-07-28 15:50:19","post_content":"","post_title":"Sal Terrae","post_excerpt":"","post_status":"publish","comment_status":"closed","ping_status":"closed","post_password":"","post_name":"sal-terrae","to_ping":"","pinged":"","post_modified":"2022-07-28 17:50:19","post_modified_gmt":"2022-07-28 15:50:19","post_content_filtered":"","post_parent":0,"guid":"http:\/\/dev.claret.cat\/editorial\/sal-terrae\/","menu_order":0,"post_type":"editorial","post_mime_type":"","comment_count":"0","filter":"raw"}],"autor":"KASPER, WALTER","codart":"842932883","libros-coleccion":"El pozo de Siquen","ediciones":"1","encuadernacion":"R\u00fastica","fecha_de_publicacion":"06\/11\/2019","novedad":"1","paginas":"120","subtitulo":"LA REVOLUCI\u00d3N DE JES\u00daS","orden":"0","portada":"0","idioma":"spa","autores-libros":[{"ID":171223,"post_author":"3","post_date":"2022-10-14 22:41:40","post_date_gmt":"2022-10-14 20:41:40","post_content":"","post_title":"WALTER KASPER","post_excerpt":"","post_status":"publish","comment_status":"closed","ping_status":"closed","post_password":"","post_name":"walter-kasper","to_ping":"","pinged":"","post_modified":"2022-10-14 22:41:40","post_modified_gmt":"2022-10-14 20:41:40","post_content_filtered":"","post_parent":0,"guid":"http:\/\/dev.claret.cat\/autor\/walter-kasper\/","menu_order":0,"post_type":"autor","post_mime_type":"","comment_count":"0","filter":"raw"}],"booktrailer":"","resenas":""},"aioseo_notices":[],"_links":{"self":[{"href":"https:\/\/www.claret.cat\/es\/wp-json\/wp\/v2\/product\/122779","targetHints":{"allow":["GET"]}}],"collection":[{"href":"https:\/\/www.claret.cat\/es\/wp-json\/wp\/v2\/product"}],"about":[{"href":"https:\/\/www.claret.cat\/es\/wp-json\/wp\/v2\/types\/product"}],"wp:featuredmedia":[{"embeddable":true,"href":"https:\/\/www.claret.cat\/es\/wp-json\/wp\/v2\/media\/340737"}],"wp:attachment":[{"href":"https:\/\/www.claret.cat\/es\/wp-json\/wp\/v2\/media?parent=122779"}],"wp:term":[{"taxonomy":"product_brand","embeddable":true,"href":"https:\/\/www.claret.cat\/es\/wp-json\/wp\/v2\/product_brand?post=122779"},{"taxonomy":"product_cat","embeddable":true,"href":"https:\/\/www.claret.cat\/es\/wp-json\/wp\/v2\/product_cat?post=122779"},{"taxonomy":"product_tag","embeddable":true,"href":"https:\/\/www.claret.cat\/es\/wp-json\/wp\/v2\/product_tag?post=122779"}],"curies":[{"name":"wp","href":"https:\/\/api.w.org\/{rel}","templated":true}]}}

<p>A muchos les resulta complicado rezar. El padrenuestro, sin embargo, es cercano a todo cristiano, una oración que invita a ver el mundo y la vida de forma nueva y ruega por la transformación de la vida y del mundo. Otorga esperanza y firmeza. Kasper vuelve a ella y la reinterpreta de manera que su lectura sirva de meditación y de orientación personal, o como base para ciclos de predicación y de conferencias o para tiempos de retiro. Por secciones o por capítulos o aislados, sus meditaciones son una invitación a orar.</p>

Rústica

LA REVOLUCIÓN DE JESÚS
