{"id":124162,"date":"2022-10-12T21:47:09","date_gmt":"2022-10-12T19:47:09","guid":{"rendered":"http:\/\/dev.claret.cat\/producte\/signos-de-una-presencia\/"},"modified":"2024-05-02T05:57:50","modified_gmt":"2024-05-02T03:57:50","slug":"signos-de-una-presencia-9788428834292","status":"publish","type":"product","link":"https:\/\/www.claret.cat\/es\/libro\/signos-de-una-presencia-9788428834292\/","title":{"rendered":"SIGNOS DE UNA PRESENCIA"},"content":{"rendered":"<p>A veces la vida cotidiana nos invita a la profundidad: a acceder al interior de nosotros mismos y al interior de la vida.<br \/>Efectivamente, muchas vivencias que &#8216;nos pasan&#8217; en el d\u00eda a d\u00eda tambi\u00e9n &#8216;se nos pasan&#8217;: se olvidan, no dejan huella. Pero otras no, porque dejan dentro un signo vivo: algo c\u00e1lido y peque\u00f1o que resiste al olvido y se agita dentro de nosotros en forma de alegr\u00eda o de tristeza persistentes. Esta agitaci\u00f3n va retornando de vez en cuando, urgi\u00e9ndonos a tomar cartas en el asunto.<br \/>En el caso de algunas de estas vivencias persistentes, tomar cartas en el asunto se ha concretado en conectarlas, describirlas con otras vivencias, buscar palabras de otros para nombrarlas. Es as\u00ed como con lentitud los signos vivos crecen, renovando nuestras relaciones con las personas, con el mundo y con la Realidad \u00faltima, el Misterio de todo lo que vivimos. La vivencia persistente se convierte en signo de una Presencia escondida en la existencia.<br \/>Esta obra es un compendio de signos de una Presencia, instrumentos de m\u00edstica diaria. Cada escueto cap\u00edtulo comienza con una vivencia, sigue con una meditaci\u00f3n que busca conexiones con otras vivencias, en un tercer instante se relacionan citas de tradiciones humanistas o religiosas, y se cierra con preguntas.<\/p>\n","protected":false},"excerpt":{"rendered":"<p>M\u00c0RIA I SERRANO, JOSEP F.; SJ<\/p>\n","protected":false},"featured_media":337949,"template":"","meta":{"_acf_changed":false,"om_disable_all_campaigns":false,"rs_blank_template":"","rs_page_bg_color":"","slide_template_v7":"","inline_featured_image":false,"_monsterinsights_skip_tracking":false,"_monsterinsights_sitenote_active":false,"_monsterinsights_sitenote_note":"","_monsterinsights_sitenote_category":0},"product_brand":[],"product_cat":[497,248],"product_tag":[],"class_list":{"0":"post-124162","1":"product","2":"type-product","3":"status-publish","4":"has-post-thumbnail","6":"product_cat-meditaciones","7":"product_cat-meditacions","9":"first","10":"instock","11":"taxable","12":"shipping-taxable","13":"purchasable","14":"product-type-simple"},"acf":{"editorial":[{"ID":6335,"post_author":"3","post_date":"2022-07-28 17:49:59","post_date_gmt":"2022-07-28 15:49:59","post_content":"","post_title":"PPC altres","post_excerpt":"","post_status":"publish","comment_status":"closed","ping_status":"closed","post_password":"","post_name":"ppc-altres","to_ping":"","pinged":"","post_modified":"2022-07-28 17:49:59","post_modified_gmt":"2022-07-28 15:49:59","post_content_filtered":"","post_parent":0,"guid":"http:\/\/dev.claret.cat\/editorial\/ppc-altres\/","menu_order":0,"post_type":"editorial","post_mime_type":"","comment_count":"0","filter":"raw"}],"autores-libros":[{"ID":5658,"post_author":"3","post_date":"2022-07-28 17:28:43","post_date_gmt":"2022-07-28 15:28:43","post_content":"","post_title":"JOSEP F. M\u00c0RIA I SERRANO, SJ","post_excerpt":"","post_status":"publish","comment_status":"closed","ping_status":"closed","post_password":"","post_name":"josep-f-maria-i-serrano-sj","to_ping":"","pinged":"","post_modified":"2022-07-28 17:28:43","post_modified_gmt":"2022-07-28 15:28:43","post_content_filtered":"","post_parent":0,"guid":"http:\/\/dev.claret.cat\/autor\/josep-f-maria-i-serrano-sj\/","menu_order":0,"post_type":"autor","post_mime_type":"","comment_count":"0","filter":"raw"}],"autor":"M\u00c0RIA I SERRANO, JOSEP F.; SJ","codart":"842883429","libros-coleccion":"Sauce","ediciones":"1","encuadernacion":"R\u00fastica","fecha_de_publicacion":"25\/10\/2019","novedad":"1","paginas":"304","subtitulo":"M\u00cdSTICA DIARIA","orden":"0","portada":"0","idioma":"spa"},"aioseo_notices":[],"_links":{"self":[{"href":"https:\/\/www.claret.cat\/es\/wp-json\/wp\/v2\/product\/124162","targetHints":{"allow":["GET"]}}],"collection":[{"href":"https:\/\/www.claret.cat\/es\/wp-json\/wp\/v2\/product"}],"about":[{"href":"https:\/\/www.claret.cat\/es\/wp-json\/wp\/v2\/types\/product"}],"wp:featuredmedia":[{"embeddable":true,"href":"https:\/\/www.claret.cat\/es\/wp-json\/wp\/v2\/media\/337949"}],"wp:attachment":[{"href":"https:\/\/www.claret.cat\/es\/wp-json\/wp\/v2\/media?parent=124162"}],"wp:term":[{"taxonomy":"product_brand","embeddable":true,"href":"https:\/\/www.claret.cat\/es\/wp-json\/wp\/v2\/product_brand?post=124162"},{"taxonomy":"product_cat","embeddable":true,"href":"https:\/\/www.claret.cat\/es\/wp-json\/wp\/v2\/product_cat?post=124162"},{"taxonomy":"product_tag","embeddable":true,"href":"https:\/\/www.claret.cat\/es\/wp-json\/wp\/v2\/product_tag?post=124162"}],"curies":[{"name":"wp","href":"https:\/\/api.w.org\/{rel}","templated":true}]}}

<p>A veces la vida cotidiana nos invita a la profundidad: a acceder al interior de nosotros mismos y al interior de la vida.<br />Efectivamente, muchas vivencias que &#8216;nos pasan&#8217; en el día a día también &#8216;se nos pasan&#8217;: se olvidan, no dejan huella. Pero otras no, porque dejan dentro un signo vivo: algo cálido y pequeño que resiste al olvido y se agita dentro de nosotros en forma de alegría o de tristeza persistentes. Esta agitación va retornando de vez en cuando, urgiéndonos a tomar cartas en el asunto.<br />En el caso de algunas de estas vivencias persistentes, tomar cartas en el asunto se ha concretado en conectarlas, describirlas con otras vivencias, buscar palabras de otros para nombrarlas. Es así como con lentitud los signos vivos crecen, renovando nuestras relaciones con las personas, con el mundo y con la Realidad última, el Misterio de todo lo que vivimos. La vivencia persistente se convierte en signo de una Presencia escondida en la existencia.<br />Esta obra es un compendio de signos de una Presencia, instrumentos de mística diaria. Cada escueto capítulo comienza con una vivencia, sigue con una meditación que busca conexiones con otras vivencias, en un tercer instante se relacionan citas de tradiciones humanistas o religiosas, y se cierra con preguntas.</p>

<p>MÀRIA I SERRANO, JOSEP F.; SJ</p>

JOSEP F. MÀRIA I SERRANO, SJ

MÀRIA I SERRANO, JOSEP F.; SJ

Rústica

MÍSTICA DIARIA
