{"id":124936,"date":"2022-10-12T21:59:20","date_gmt":"2022-10-12T19:59:20","guid":{"rendered":"http:\/\/dev.claret.cat\/producte\/historia-de-la-cuina-catalana-i-occitana-2\/"},"modified":"2025-07-07T13:57:18","modified_gmt":"2025-07-07T11:57:18","slug":"historia-de-la-cuina-catalana-i-occitana-9788494928178","status":"publish","type":"product","link":"https:\/\/www.claret.cat\/es\/libro\/historia-de-la-cuina-catalana-i-occitana-9788494928178\/","title":{"rendered":"HIST\u00d2RIA DE LA CUINA CATALANA I OCCITANA"},"content":{"rendered":"<p>Les cuines catalana i occitana s\u00f3n cuines germanes. Les relacions hist\u00f2riques, ling\u00fc\u00edstiques i culturals entre els antics regnes, comtats, regions i comarques d&#8217;aquests dos grans territoris, aix\u00ed com el fet de viure en unes terres amb un passat i unes condicions clim\u00e0tiques semblants han propiciat l&#8217;exist\u00e8ncia d&#8217;una de les millors cuines del m\u00f3n, amb un car\u00e0cter i unes particularitats tan destacades que des de la mateixa edat mitjana es va reivindicar en diferents receptaris i manuals on es compilava i es preservava. Vicent Marqu\u00e9s ha dedicat la seva vida a compendiar la hist\u00f2ria d&#8217;aquesta cuina. En aquest segon volum ens ofereix centenars de monografies i de receptes d&#8217;olles i de verdures que ens expliquen, no nom\u00e9s com les podem fer, sin\u00f3 tamb\u00e9 el recorregut hist\u00f2ric, filol\u00f2gic, literari i cultural d&#8217;uns plats i d&#8217;unes receptes que conformen el corpus de la cuina que compartim la gent dels Pa\u00efsos Catalans i Occit\u00e0nia.<\/p>\n<p> \u00abAix\u00f2 \u00e9s una obra d&#8217;art\u00bb, Ferran Adri\u00e0<br \/> \u00abUna obra magna\u00bb, Xavier Graset<br \/> \u00abAquest \u00e9s un llibre molt important i el comen\u00e7ament d&#8217;una s\u00e8rie molt important\u00bb, Colman Andrews<\/p>\n","protected":false},"excerpt":{"rendered":"<p>MARQU\u00c9S, VICENT<\/p>\n","protected":false},"featured_media":1043651,"template":"","meta":{"_acf_changed":false,"om_disable_all_campaigns":false,"rs_blank_template":"","rs_page_bg_color":"","slide_template_v7":"","inline_featured_image":false,"_monsterinsights_skip_tracking":false,"_monsterinsights_sitenote_active":false,"_monsterinsights_sitenote_note":"","_monsterinsights_sitenote_category":0},"product_brand":[],"product_cat":[553,103],"product_tag":[],"class_list":{"0":"post-124936","1":"product","2":"type-product","3":"status-publish","4":"has-post-thumbnail","6":"product_cat-cocina","7":"product_cat-cuina","9":"first","10":"instock","11":"taxable","12":"shipping-taxable","13":"purchasable","14":"product-type-simple"},"acf":{"editorial":[{"ID":147894,"post_author":"3","post_date":"2022-10-14 11:54:03","post_date_gmt":"2022-10-14 09:54:03","post_content":"","post_title":"Edicions Sidill\u00e0 SL","post_excerpt":"","post_status":"publish","comment_status":"closed","ping_status":"closed","post_password":"","post_name":"edicions-sidilla-sl","to_ping":"","pinged":"","post_modified":"2022-10-14 11:54:03","post_modified_gmt":"2022-10-14 09:54:03","post_content_filtered":"","post_parent":0,"guid":"http:\/\/dev.claret.cat\/editorial\/edicions-sidilla-sl\/","menu_order":0,"post_type":"editorial","post_mime_type":"","comment_count":"0","filter":"raw"}],"autor":"MARQU\u00c9S, VICENT","codart":"849492817","libros-coleccion":"Hist\u00f2ria de la cuina catalana i occitana","ediciones":"1","encuadernacion":"Carton\u00e9","fecha_de_publicacion":"01\/10\/2019","novedad":"1","paginas":"920","subtitulo":"LES OLLES \u00b7 LES VERDURES","orden":"0","portada":"0","idioma":"cat","autores-libros":[{"ID":170934,"post_author":"3","post_date":"2022-10-14 22:39:21","post_date_gmt":"2022-10-14 20:39:21","post_content":"","post_title":"VICENT MARQU\u00c9S","post_excerpt":"","post_status":"publish","comment_status":"closed","ping_status":"closed","post_password":"","post_name":"vicent-marques","to_ping":"","pinged":"","post_modified":"2022-10-14 22:39:21","post_modified_gmt":"2022-10-14 20:39:21","post_content_filtered":"","post_parent":0,"guid":"http:\/\/dev.claret.cat\/autor\/vicent-marques\/","menu_order":0,"post_type":"autor","post_mime_type":"","comment_count":"0","filter":"raw"}],"booktrailer":"","resenas":""},"aioseo_notices":[],"_links":{"self":[{"href":"https:\/\/www.claret.cat\/es\/wp-json\/wp\/v2\/product\/124936","targetHints":{"allow":["GET"]}}],"collection":[{"href":"https:\/\/www.claret.cat\/es\/wp-json\/wp\/v2\/product"}],"about":[{"href":"https:\/\/www.claret.cat\/es\/wp-json\/wp\/v2\/types\/product"}],"wp:featuredmedia":[{"embeddable":true,"href":"https:\/\/www.claret.cat\/es\/wp-json\/wp\/v2\/media\/1043651"}],"wp:attachment":[{"href":"https:\/\/www.claret.cat\/es\/wp-json\/wp\/v2\/media?parent=124936"}],"wp:term":[{"taxonomy":"product_brand","embeddable":true,"href":"https:\/\/www.claret.cat\/es\/wp-json\/wp\/v2\/product_brand?post=124936"},{"taxonomy":"product_cat","embeddable":true,"href":"https:\/\/www.claret.cat\/es\/wp-json\/wp\/v2\/product_cat?post=124936"},{"taxonomy":"product_tag","embeddable":true,"href":"https:\/\/www.claret.cat\/es\/wp-json\/wp\/v2\/product_tag?post=124936"}],"curies":[{"name":"wp","href":"https:\/\/api.w.org\/{rel}","templated":true}]}}

HISTÒRIA DE LA CUINA CATALANA I OCCITANA

<p>Les cuines catalana i occitana són cuines germanes. Les relacions històriques, lingüístiques i culturals entre els antics regnes, comtats, regions i comarques d&#8217;aquests dos grans territoris, així com el fet de viure en unes terres amb un passat i unes condicions climàtiques semblants han propiciat l&#8217;existència d&#8217;una de les millors cuines del món, amb un caràcter i unes particularitats tan destacades que des de la mateixa edat mitjana es va reivindicar en diferents receptaris i manuals on es compilava i es preservava. Vicent Marqués ha dedicat la seva vida a compendiar la història d&#8217;aquesta cuina. En aquest segon volum ens ofereix centenars de monografies i de receptes d&#8217;olles i de verdures que ens expliquen, no només com les podem fer, sinó també el recorregut històric, filològic, literari i cultural d&#8217;uns plats i d&#8217;unes receptes que conformen el corpus de la cuina que compartim la gent dels Països Catalans i Occitània.</p>
<p> «Això és una obra d&#8217;art», Ferran Adrià<br /> «Una obra magna», Xavier Graset<br /> «Aquest és un llibre molt important i el començament d&#8217;una sèrie molt important», Colman Andrews</p>

<p>MARQUÉS, VICENT</p>

Edicions Sidillà SL

MARQUÉS, VICENT

Història de la cuina catalana i occitana

Cartoné

VICENT MARQUÉS
