{"id":125737,"date":"2022-10-12T22:11:46","date_gmt":"2022-10-12T20:11:46","guid":{"rendered":"http:\/\/dev.claret.cat\/producte\/consejos-para-vivir-la-santa-misa\/"},"modified":"2026-04-07T13:21:05","modified_gmt":"2026-04-07T11:21:05","slug":"consejos-para-vivir-la-santa-misa-9788432151408","status":"publish","type":"product","link":"https:\/\/www.claret.cat\/es\/libro\/consejos-para-vivir-la-santa-misa-9788432151408\/","title":{"rendered":"CONSEJOS PARA VIVIR LA SANTA MISA"},"content":{"rendered":"<p>La Misa es una cita ineludible en la vida del cristiano. Pero es adem\u00e1s un misterio, al que podemos acercarnos cada d\u00eda m\u00e1s. \u00bfC\u00f3mo comprender mejor lo que all\u00ed ocurre? \u00bfC\u00f3mo participar con m\u00e1s fruto? Son interrogantes que deber\u00eda formularse a menudo todo cristiano, dirigidas a descubrir en la hermosura de la liturgia tantos matices que hablan de agradecer, adorar, pedir o desagraviar.<br \/>En esta obra, el autor ofrece gran cantidad de pistas para obtener un mayor fruto de este Sacramento, evitando los peligros de la rutina y el sentimentalismo. Explica tambi\u00e9n el significado de los colores lit\u00fargicos ,de cada gesto y de los ornamentos, de las lecturas y la plegaria eucar\u00edstica, de la comuni\u00f3n y de la presencia de Santa Mar\u00eda.<\/p>\n","protected":false},"excerpt":{"rendered":"<p>SADA, RICARDO<\/p>\n","protected":false},"featured_media":1076994,"template":"","meta":{"_acf_changed":false,"om_disable_all_campaigns":false,"rs_blank_template":"","rs_page_bg_color":"","slide_template_v7":"","inline_featured_image":false,"_monsterinsights_skip_tracking":false,"_monsterinsights_sitenote_active":false,"_monsterinsights_sitenote_note":"","_monsterinsights_sitenote_category":0},"product_brand":[],"product_cat":[90,540],"product_tag":[],"class_list":{"0":"post-125737","1":"product","2":"type-product","3":"status-publish","4":"has-post-thumbnail","6":"product_cat-altres","7":"product_cat-otros","9":"first","10":"instock","11":"taxable","12":"shipping-taxable","13":"purchasable","14":"product-type-simple"},"acf":{"editorial":[{"ID":6348,"post_author":"3","post_date":"2022-07-28 17:50:16","post_date_gmt":"2022-07-28 15:50:16","post_content":"","post_title":"Rialp","post_excerpt":"","post_status":"publish","comment_status":"closed","ping_status":"closed","post_password":"","post_name":"rialp","to_ping":"","pinged":"","post_modified":"2022-07-28 17:50:16","post_modified_gmt":"2022-07-28 15:50:16","post_content_filtered":"","post_parent":0,"guid":"http:\/\/dev.claret.cat\/editorial\/rialp\/","menu_order":0,"post_type":"editorial","post_mime_type":"","comment_count":"0","filter":"raw"}],"autor":"SADA, RICARDO","codart":"843215140","libros-coleccion":"PATMOS","ediciones":"1","encuadernacion":"R\u00fastica","fecha_de_publicacion":"10\/10\/2019","novedad":"1","paginas":"176","subtitulo":"","orden":"0","portada":"0","idioma":"spa","autores-libros":[{"ID":168070,"post_author":"3","post_date":"2022-10-14 18:16:17","post_date_gmt":"2022-10-14 16:16:17","post_content":"","post_title":"RICARDO SADA FERN\u00c1NDEZ","post_excerpt":"","post_status":"publish","comment_status":"closed","ping_status":"closed","post_password":"","post_name":"ricardo-sada-fernandez","to_ping":"","pinged":"","post_modified":"2022-10-14 18:16:17","post_modified_gmt":"2022-10-14 16:16:17","post_content_filtered":"","post_parent":0,"guid":"http:\/\/dev.claret.cat\/autor\/ricardo-sada-fernandez\/","menu_order":0,"post_type":"autor","post_mime_type":"","comment_count":"0","filter":"raw"}],"booktrailer":"","resenas":""},"aioseo_notices":[],"_links":{"self":[{"href":"https:\/\/www.claret.cat\/es\/wp-json\/wp\/v2\/product\/125737","targetHints":{"allow":["GET"]}}],"collection":[{"href":"https:\/\/www.claret.cat\/es\/wp-json\/wp\/v2\/product"}],"about":[{"href":"https:\/\/www.claret.cat\/es\/wp-json\/wp\/v2\/types\/product"}],"wp:featuredmedia":[{"embeddable":true,"href":"https:\/\/www.claret.cat\/es\/wp-json\/wp\/v2\/media\/1076994"}],"wp:attachment":[{"href":"https:\/\/www.claret.cat\/es\/wp-json\/wp\/v2\/media?parent=125737"}],"wp:term":[{"taxonomy":"product_brand","embeddable":true,"href":"https:\/\/www.claret.cat\/es\/wp-json\/wp\/v2\/product_brand?post=125737"},{"taxonomy":"product_cat","embeddable":true,"href":"https:\/\/www.claret.cat\/es\/wp-json\/wp\/v2\/product_cat?post=125737"},{"taxonomy":"product_tag","embeddable":true,"href":"https:\/\/www.claret.cat\/es\/wp-json\/wp\/v2\/product_tag?post=125737"}],"curies":[{"name":"wp","href":"https:\/\/api.w.org\/{rel}","templated":true}]}}

<p>La Misa es una cita ineludible en la vida del cristiano. Pero es además un misterio, al que podemos acercarnos cada día más. ¿Cómo comprender mejor lo que allí ocurre? ¿Cómo participar con más fruto? Son interrogantes que debería formularse a menudo todo cristiano, dirigidas a descubrir en la hermosura de la liturgia tantos matices que hablan de agradecer, adorar, pedir o desagraviar.<br />En esta obra, el autor ofrece gran cantidad de pistas para obtener un mayor fruto de este Sacramento, evitando los peligros de la rutina y el sentimentalismo. Explica también el significado de los colores litúrgicos ,de cada gesto y de los ornamentos, de las lecturas y la plegaria eucarística, de la comunión y de la presencia de Santa María.</p>

Rústica

RICARDO SADA FERNÁNDEZ
