{"id":126472,"date":"2022-10-12T22:23:16","date_gmt":"2022-10-12T20:23:16","guid":{"rendered":"http:\/\/dev.claret.cat\/producte\/apostols-i-mercaders\/"},"modified":"2023-01-28T04:25:16","modified_gmt":"2023-01-28T03:25:16","slug":"apostols-i-mercaders-9788416855551","status":"publish","type":"product","link":"https:\/\/www.claret.cat\/es\/libro\/apostols-i-mercaders-9788416855551\/","title":{"rendered":"AP\u00d2STOLS I MERCADERS"},"content":{"rendered":"<p>Pere Foix va ser protagonista de les lluites del moviment obrer a Catalunya durant el primer ter\u00e7 del segle XX. I en aquest llibre relata aquells anys convulsos i apassionants que van viure l\u2019ampli ventall de persones que formaven la CNT. Recuperem un text escrit el 1939 des de M\u00e8xic, on es va exiliar l\u2019autor despr\u00e9s de la derrota de la guerra civil. Al llibre, hi narra viv\u00e8ncies personals i col\u00b7lectives combinant esbossos biogr\u00e0fics de personatges capdavanters del moviment d\u2019inspiraci\u00f3 anarquista amb els de militants m\u00e9s an\u00f2nims que tamb\u00e9 hi van prendre part.<\/p>\n","protected":false},"excerpt":{"rendered":"<p>FOIX I CASES, PERE<\/p>\n","protected":false},"featured_media":126473,"template":"","meta":{"_acf_changed":false,"om_disable_all_campaigns":false,"rs_blank_template":"","rs_page_bg_color":"","slide_template_v7":"","inline_featured_image":false,"_monsterinsights_skip_tracking":false,"_monsterinsights_sitenote_active":false,"_monsterinsights_sitenote_note":"","_monsterinsights_sitenote_category":0},"product_brand":[],"product_cat":[153,162],"product_tag":[],"class_list":{"0":"post-126472","1":"product","2":"type-product","3":"status-publish","4":"has-post-thumbnail","6":"product_cat-catalunya","7":"product_cat-economica-i-politica","9":"first","10":"instock","11":"taxable","12":"shipping-taxable","13":"purchasable","14":"product-type-simple"},"acf":{"editorial":[{"ID":148876,"post_author":"3","post_date":"2022-10-14 12:01:41","post_date_gmt":"2022-10-14 10:01:41","post_content":"","post_title":"TIGRE DE PAPER","post_excerpt":"","post_status":"publish","comment_status":"closed","ping_status":"closed","post_password":"","post_name":"tigre-de-paper","to_ping":"","pinged":"","post_modified":"2022-10-14 12:01:41","post_modified_gmt":"2022-10-14 10:01:41","post_content_filtered":"","post_parent":0,"guid":"http:\/\/dev.claret.cat\/editorial\/tigre-de-paper\/","menu_order":0,"post_type":"editorial","post_mime_type":"","comment_count":"0","filter":"raw"}],"autores-libros":[{"ID":167021,"post_author":"3","post_date":"2022-10-14 18:07:54","post_date_gmt":"2022-10-14 16:07:54","post_content":"","post_title":"PERE FOIX I CASES","post_excerpt":"","post_status":"publish","comment_status":"closed","ping_status":"closed","post_password":"","post_name":"pere-foix-i-cases","to_ping":"","pinged":"","post_modified":"2022-10-14 18:07:54","post_modified_gmt":"2022-10-14 16:07:54","post_content_filtered":"","post_parent":0,"guid":"http:\/\/dev.claret.cat\/autor\/pere-foix-i-cases\/","menu_order":0,"post_type":"autor","post_mime_type":"","comment_count":"0","filter":"raw"}],"autor":"FOIX I CASES, PERE","codart":"841685555","libros-coleccion":"Assaig","ediciones":"1","encuadernacion":"R\u00fastica","fecha_de_publicacion":"01\/10\/2019","novedad":"1","paginas":"304","subtitulo":"ANYS DE LLUITA SOCIAL A CATALUNYA","orden":"0","portada":"0","idioma":"cat"},"aioseo_notices":[],"_links":{"self":[{"href":"https:\/\/www.claret.cat\/es\/wp-json\/wp\/v2\/product\/126472","targetHints":{"allow":["GET"]}}],"collection":[{"href":"https:\/\/www.claret.cat\/es\/wp-json\/wp\/v2\/product"}],"about":[{"href":"https:\/\/www.claret.cat\/es\/wp-json\/wp\/v2\/types\/product"}],"wp:featuredmedia":[{"embeddable":true,"href":"https:\/\/www.claret.cat\/es\/wp-json\/wp\/v2\/media\/126473"}],"wp:attachment":[{"href":"https:\/\/www.claret.cat\/es\/wp-json\/wp\/v2\/media?parent=126472"}],"wp:term":[{"taxonomy":"product_brand","embeddable":true,"href":"https:\/\/www.claret.cat\/es\/wp-json\/wp\/v2\/product_brand?post=126472"},{"taxonomy":"product_cat","embeddable":true,"href":"https:\/\/www.claret.cat\/es\/wp-json\/wp\/v2\/product_cat?post=126472"},{"taxonomy":"product_tag","embeddable":true,"href":"https:\/\/www.claret.cat\/es\/wp-json\/wp\/v2\/product_tag?post=126472"}],"curies":[{"name":"wp","href":"https:\/\/api.w.org\/{rel}","templated":true}]}}

APÒSTOLS I MERCADERS

<p>Pere Foix va ser protagonista de les lluites del moviment obrer a Catalunya durant el primer terç del segle XX. I en aquest llibre relata aquells anys convulsos i apassionants que van viure l’ampli ventall de persones que formaven la CNT. Recuperem un text escrit el 1939 des de Mèxic, on es va exiliar l’autor després de la derrota de la guerra civil. Al llibre, hi narra vivències personals i col·lectives combinant esbossos biogràfics de personatges capdavanters del moviment d’inspiració anarquista amb els de militants més anònims que també hi van prendre part.</p>

Rústica
