{"id":126694,"date":"2022-10-12T22:26:43","date_gmt":"2022-10-12T20:26:43","guid":{"rendered":"http:\/\/dev.claret.cat\/producte\/baba-no-vull-dormir\/"},"modified":"2024-05-03T11:07:31","modified_gmt":"2024-05-03T09:07:31","slug":"baba-no-vull-dormir-9788417756437","status":"publish","type":"product","link":"https:\/\/www.claret.cat\/es\/libro\/baba-no-vull-dormir-9788417756437\/","title":{"rendered":"BABA, NO VULL DORMIR"},"content":{"rendered":"<p>La Baba \u00e9s una mussola encarregada de la nit i de protegir a tots els nens i nenes del m\u00f3n mentre dormen. Per\u00f2 hi ha un problema, molts d&#8217;aquests nens no volen anar a dormir i tots ells per raons molt diverses. I, aix\u00f2, desgasta tamb\u00e9 a les seves mares i pares. La Baba ens explicar\u00e0 un secret infalible per aconseguir una son dol\u00e7a i serena a trav\u00e9s de la respiraci\u00f3 i la consci\u00e8ncia del propi cos.<br \/> I tot plegat acompanyat per les can\u00e7ons del grup musical Xiula.<\/p>\n","protected":false},"excerpt":{"rendered":"<p>TIRADO TORRAS, M\u00cdRIAM \/ TURU S\u00c1NCHEZ, JOAN<\/p>\n","protected":false},"featured_media":126695,"template":"","meta":{"_acf_changed":false,"om_disable_all_campaigns":false,"rs_blank_template":"","rs_page_bg_color":"","slide_template_v7":"","inline_featured_image":false,"_monsterinsights_skip_tracking":false,"_monsterinsights_sitenote_active":false,"_monsterinsights_sitenote_note":"","_monsterinsights_sitenote_category":0},"product_brand":[],"product_cat":[131,361],"product_tag":[],"class_list":{"0":"post-126694","1":"product","2":"type-product","3":"status-publish","4":"has-post-thumbnail","6":"product_cat-contes-per-infants-0-6-anys","7":"product_cat-cuentos-para-ninos-0-6-anos","9":"first","10":"instock","11":"taxable","12":"shipping-taxable","13":"purchasable","14":"product-type-simple"},"acf":{"autor":"TIRADO TORRAS, M\u00cdRIAM \/ TURU S\u00c1NCHEZ, JOAN","codart":"841775643","libros-coleccion":"Caleta","ediciones":"1","encuadernacion":"R\u00fastica","fecha_de_publicacion":"01\/09\/2019","novedad":"1","paginas":"22","subtitulo":"","orden":"0","portada":"0","idioma":"cat","editorial":[{"ID":148063,"post_author":"3","post_date":"2022-10-14 11:55:21","post_date_gmt":"2022-10-14 09:55:21","post_content":"","post_title":"EL CEP I LA NANSA EDICIONS","post_excerpt":"","post_status":"publish","comment_status":"closed","ping_status":"closed","post_password":"","post_name":"el-cep-i-la-nansa-edicions","to_ping":"","pinged":"","post_modified":"2022-10-14 11:55:21","post_modified_gmt":"2022-10-14 09:55:21","post_content_filtered":"","post_parent":0,"guid":"http:\/\/dev.claret.cat\/editorial\/el-cep-i-la-nansa-edicions\/","menu_order":0,"post_type":"editorial","post_mime_type":"","comment_count":"0","filter":"raw"}],"autores-libros":[{"ID":165234,"post_author":"3","post_date":"2022-10-14 17:53:31","post_date_gmt":"2022-10-14 15:53:31","post_content":"","post_title":"M\u00cdRIAM TIRADO TORRAS","post_excerpt":"","post_status":"publish","comment_status":"closed","ping_status":"closed","post_password":"","post_name":"miriam-tirado-torras","to_ping":"","pinged":"","post_modified":"2022-10-14 17:53:31","post_modified_gmt":"2022-10-14 15:53:31","post_content_filtered":"","post_parent":0,"guid":"http:\/\/dev.claret.cat\/autor\/miriam-tirado-torras\/","menu_order":0,"post_type":"autor","post_mime_type":"","comment_count":"0","filter":"raw"},{"ID":159443,"post_author":"3","post_date":"2022-10-14 15:44:53","post_date_gmt":"2022-10-14 13:44:53","post_content":"","post_title":"JOAN TURU S\u00c1NCHEZ","post_excerpt":"","post_status":"publish","comment_status":"closed","ping_status":"closed","post_password":"","post_name":"joan-turu-sanchez","to_ping":"","pinged":"","post_modified":"2022-10-14 15:44:53","post_modified_gmt":"2022-10-14 13:44:53","post_content_filtered":"","post_parent":0,"guid":"http:\/\/dev.claret.cat\/autor\/joan-turu-sanchez\/","menu_order":0,"post_type":"autor","post_mime_type":"","comment_count":"0","filter":"raw"}]},"aioseo_notices":[],"_links":{"self":[{"href":"https:\/\/www.claret.cat\/es\/wp-json\/wp\/v2\/product\/126694","targetHints":{"allow":["GET"]}}],"collection":[{"href":"https:\/\/www.claret.cat\/es\/wp-json\/wp\/v2\/product"}],"about":[{"href":"https:\/\/www.claret.cat\/es\/wp-json\/wp\/v2\/types\/product"}],"wp:featuredmedia":[{"embeddable":true,"href":"https:\/\/www.claret.cat\/es\/wp-json\/wp\/v2\/media\/126695"}],"wp:attachment":[{"href":"https:\/\/www.claret.cat\/es\/wp-json\/wp\/v2\/media?parent=126694"}],"wp:term":[{"taxonomy":"product_brand","embeddable":true,"href":"https:\/\/www.claret.cat\/es\/wp-json\/wp\/v2\/product_brand?post=126694"},{"taxonomy":"product_cat","embeddable":true,"href":"https:\/\/www.claret.cat\/es\/wp-json\/wp\/v2\/product_cat?post=126694"},{"taxonomy":"product_tag","embeddable":true,"href":"https:\/\/www.claret.cat\/es\/wp-json\/wp\/v2\/product_tag?post=126694"}],"curies":[{"name":"wp","href":"https:\/\/api.w.org\/{rel}","templated":true}]}}

<p>La Baba és una mussola encarregada de la nit i de protegir a tots els nens i nenes del món mentre dormen. Però hi ha un problema, molts d&#8217;aquests nens no volen anar a dormir i tots ells per raons molt diverses. I, això, desgasta també a les seves mares i pares. La Baba ens explicarà un secret infalible per aconseguir una son dolça i serena a través de la respiració i la consciència del propi cos.<br /> I tot plegat acompanyat per les cançons del grup musical Xiula.</p>

<p>TIRADO TORRAS, MÍRIAM / TURU SÁNCHEZ, JOAN</p>

TIRADO TORRAS, MÍRIAM / TURU SÁNCHEZ, JOAN

Rústica

MÍRIAM TIRADO TORRAS

JOAN TURU SÁNCHEZ
