{"id":126796,"date":"2022-10-12T22:28:17","date_gmt":"2022-10-12T20:28:17","guid":{"rendered":"http:\/\/dev.claret.cat\/producte\/les-lleialtats-2\/"},"modified":"2024-06-26T19:35:06","modified_gmt":"2024-06-26T17:35:06","slug":"les-lleialtats-9788429777291","status":"publish","type":"product","link":"https:\/\/www.claret.cat\/es\/libro\/les-lleialtats-9788429777291\/","title":{"rendered":"LES LLEIALTATS"},"content":{"rendered":"<p>Amb Les lleialtats, la nova novel\u00b7la de Delphine de Vigan, el lector segueix la traject\u00f2ria de quatre protagonistes maltractats per la vida. D\u2019entrada hi ha en Th\u00e9o, un adolescent de 12-13 anys amb els pares separats de manera violenta. El seu amic Mathis no \u00e9s pas m\u00e9s afortunat i acaba sent el seu millor company de borratxeres. I despr\u00e9s hi ha l\u2019H\u00e9l\u00e8ne, la professora de naturals d\u2019un institut que no ha superat mai les pallisses que va rebre de petita i que convertir\u00e0 en Th\u00e9o en el seu protegit.<\/p>\n<p>\u00abDelphine de Vigan fa un retrat sense concessions de la societat, per\u00f2 al final del fosc t\u00fanel sempre hi ha una llum, que en aquest cas s\u2019anomena lleialtat.\u00bb Le Figaro Magazine<\/p>\n","protected":false},"excerpt":{"rendered":"<p>DE VIGAN, DELPHINE<\/p>\n","protected":false},"featured_media":126797,"template":"","meta":{"_acf_changed":false,"om_disable_all_campaigns":false,"rs_blank_template":"","rs_page_bg_color":"","slide_template_v7":"","inline_featured_image":false,"_monsterinsights_skip_tracking":false,"_monsterinsights_sitenote_active":false,"_monsterinsights_sitenote_note":"","_monsterinsights_sitenote_category":0},"product_brand":[],"product_cat":[127,357],"product_tag":[],"class_list":{"0":"post-126796","1":"product","2":"type-product","3":"status-publish","4":"has-post-thumbnail","6":"product_cat-novella-contemporania","7":"product_cat-novela-contemporanea","9":"first","10":"instock","11":"taxable","12":"shipping-taxable","13":"purchasable","14":"product-type-simple"},"acf":{"editorial":[{"ID":6210,"post_author":"3","post_date":"2022-07-28 17:47:13","post_date_gmt":"2022-07-28 15:47:13","post_content":"","post_title":"Edicions 62","post_excerpt":"","post_status":"publish","comment_status":"closed","ping_status":"closed","post_password":"","post_name":"edicions-62","to_ping":"","pinged":"","post_modified":"2022-07-28 17:47:13","post_modified_gmt":"2022-07-28 15:47:13","post_content_filtered":"","post_parent":0,"guid":"http:\/\/dev.claret.cat\/editorial\/edicions-62\/","menu_order":0,"post_type":"editorial","post_mime_type":"","comment_count":"0","filter":"raw"}],"autor":"DE VIGAN, DELPHINE","codart":"842977729","libros-coleccion":"El Balanc\u00ed","ediciones":"1","encuadernacion":"R\u00fastica","fecha_de_publicacion":"01\/10\/2019","novedad":"1","paginas":"174","subtitulo":"","orden":"0","portada":"0","idioma":"cat","autores-libros":[{"ID":154060,"post_author":"3","post_date":"2022-10-14 15:01:46","post_date_gmt":"2022-10-14 13:01:46","post_content":"","post_title":"DELPHINE DE VIGAN","post_excerpt":"","post_status":"publish","comment_status":"closed","ping_status":"closed","post_password":"","post_name":"delphine-de-vigan","to_ping":"","pinged":"","post_modified":"2022-10-14 15:01:46","post_modified_gmt":"2022-10-14 13:01:46","post_content_filtered":"","post_parent":0,"guid":"http:\/\/dev.claret.cat\/autor\/delphine-de-vigan\/","menu_order":0,"post_type":"autor","post_mime_type":"","comment_count":"0","filter":"raw"}]},"aioseo_notices":[],"_links":{"self":[{"href":"https:\/\/www.claret.cat\/es\/wp-json\/wp\/v2\/product\/126796","targetHints":{"allow":["GET"]}}],"collection":[{"href":"https:\/\/www.claret.cat\/es\/wp-json\/wp\/v2\/product"}],"about":[{"href":"https:\/\/www.claret.cat\/es\/wp-json\/wp\/v2\/types\/product"}],"wp:featuredmedia":[{"embeddable":true,"href":"https:\/\/www.claret.cat\/es\/wp-json\/wp\/v2\/media\/126797"}],"wp:attachment":[{"href":"https:\/\/www.claret.cat\/es\/wp-json\/wp\/v2\/media?parent=126796"}],"wp:term":[{"taxonomy":"product_brand","embeddable":true,"href":"https:\/\/www.claret.cat\/es\/wp-json\/wp\/v2\/product_brand?post=126796"},{"taxonomy":"product_cat","embeddable":true,"href":"https:\/\/www.claret.cat\/es\/wp-json\/wp\/v2\/product_cat?post=126796"},{"taxonomy":"product_tag","embeddable":true,"href":"https:\/\/www.claret.cat\/es\/wp-json\/wp\/v2\/product_tag?post=126796"}],"curies":[{"name":"wp","href":"https:\/\/api.w.org\/{rel}","templated":true}]}}

<p>Amb Les lleialtats, la nova novel·la de Delphine de Vigan, el lector segueix la trajectòria de quatre protagonistes maltractats per la vida. D’entrada hi ha en Théo, un adolescent de 12-13 anys amb els pares separats de manera violenta. El seu amic Mathis no és pas més afortunat i acaba sent el seu millor company de borratxeres. I després hi ha l’Hélène, la professora de naturals d’un institut que no ha superat mai les pallisses que va rebre de petita i que convertirà en Théo en el seu protegit.</p>
<p>«Delphine de Vigan fa un retrat sense concessions de la societat, però al final del fosc túnel sempre hi ha una llum, que en aquest cas s’anomena lleialtat.» Le Figaro Magazine</p>

El Balancí

Rústica
