{"id":126832,"date":"2022-10-12T22:28:50","date_gmt":"2022-10-12T20:28:50","guid":{"rendered":"http:\/\/dev.claret.cat\/producte\/el-fil-invisible-2\/"},"modified":"2024-01-31T18:44:44","modified_gmt":"2024-01-31T17:44:44","slug":"el-fil-invisible-9788417420956","status":"publish","type":"product","link":"https:\/\/www.claret.cat\/es\/libro\/el-fil-invisible-9788417420956\/","title":{"rendered":"EL FIL INVISIBLE"},"content":{"rendered":"<p>Els dubtes corsequen la J\u00falia: s&#8217;estima de deb\u00f2 el seu marit?, est\u00e0 disposada a ser mare?, enllestir\u00e0 a temps el gui\u00f3 que est\u00e0 escrivint sobre el veritable paper de la cient\u00edfica Rosalind Franklin en el descobriment de la doble h\u00e8lix de l&#8217;ADN?\u00a0<\/p>\n<p>Per fugir de tantes incerteses, accepta la invitaci\u00f3 de la seva fam\u00edlia francesa i se&#8217;n va a passar el mes d&#8217;agost a l&#8217;illa de Batz, a la costa bretona. All\u00e0, en el vell casalot familiar, a la vora del mar, l&#8217;esperen una bes\u00e0via imponent, un besoncle estranyament melanc\u00f2lic i un oncle, llibreter d&#8217;antiquari, molt atractiu.\u00a0<\/p>\n<p>Gr\u00e0cies a la capacitat d&#8217;observaci\u00f3 de la J\u00falia, que capta un detall enigm\u00e0tic en unes fotografies antigues, que es remunten a la Segona Guerra Mundial, el que havien de ser unes vacances familiars aviat es converteixen en uns dies d&#8217;investigaci\u00f3 sobre els seus or\u00edgens i la seva identitat. Amb El fil invisible Gemma Lienas ens brinda la hist\u00f2ria d&#8217;una dona que troba en el passat les respostes al seu futur. Una novel\u00b7la actual i amb doble trama que ha merescut el 38\u00e8 Premi BBVA Sant Joan.<\/p>\n","protected":false},"excerpt":{"rendered":"<p>LIENAS, GEMMA<\/p>\n","protected":false},"featured_media":126833,"template":"","meta":{"_acf_changed":false,"om_disable_all_campaigns":false,"rs_blank_template":"","rs_page_bg_color":"","slide_template_v7":"","inline_featured_image":false,"_monsterinsights_skip_tracking":false,"_monsterinsights_sitenote_active":false,"_monsterinsights_sitenote_note":"","_monsterinsights_sitenote_category":0},"product_brand":[],"product_cat":[127,357],"product_tag":[],"class_list":{"0":"post-126832","1":"product","2":"type-product","3":"status-publish","4":"has-post-thumbnail","6":"product_cat-novella-contemporania","7":"product_cat-novela-contemporanea","9":"first","10":"instock","11":"taxable","12":"shipping-taxable","13":"purchasable","14":"product-type-simple"},"acf":{"editorial":[{"ID":6281,"post_author":"3","post_date":"2022-07-28 17:48:50","post_date_gmt":"2022-07-28 15:48:50","post_content":"","post_title":"LABUTXACA","post_excerpt":"","post_status":"publish","comment_status":"closed","ping_status":"closed","post_password":"","post_name":"labutxaca","to_ping":"","pinged":"","post_modified":"2022-07-28 17:48:50","post_modified_gmt":"2022-07-28 15:48:50","post_content_filtered":"","post_parent":0,"guid":"http:\/\/dev.claret.cat\/editorial\/labutxaca\/","menu_order":0,"post_type":"editorial","post_mime_type":"","comment_count":"0","filter":"raw"}],"autor":"LIENAS, GEMMA","codart":"841742095","libros-coleccion":"LABUTXACA","ediciones":"1","encuadernacion":"R\u00fastica","fecha_de_publicacion":"01\/10\/2019","novedad":"1","paginas":"414","subtitulo":"PREMI BBVA SANT JOAN 2018","orden":"0","portada":"0","idioma":"cat","autores-libros":[{"ID":156676,"post_author":"3","post_date":"2022-10-14 15:22:42","post_date_gmt":"2022-10-14 13:22:42","post_content":"","post_title":"GEMMA LIENAS","post_excerpt":"","post_status":"publish","comment_status":"closed","ping_status":"closed","post_password":"","post_name":"gemma-lienas-2","to_ping":"","pinged":"","post_modified":"2022-10-14 15:22:42","post_modified_gmt":"2022-10-14 13:22:42","post_content_filtered":"","post_parent":0,"guid":"http:\/\/dev.claret.cat\/autor\/gemma-lienas-2\/","menu_order":0,"post_type":"autor","post_mime_type":"","comment_count":"0","filter":"raw"}]},"aioseo_notices":[],"_links":{"self":[{"href":"https:\/\/www.claret.cat\/es\/wp-json\/wp\/v2\/product\/126832","targetHints":{"allow":["GET"]}}],"collection":[{"href":"https:\/\/www.claret.cat\/es\/wp-json\/wp\/v2\/product"}],"about":[{"href":"https:\/\/www.claret.cat\/es\/wp-json\/wp\/v2\/types\/product"}],"wp:featuredmedia":[{"embeddable":true,"href":"https:\/\/www.claret.cat\/es\/wp-json\/wp\/v2\/media\/126833"}],"wp:attachment":[{"href":"https:\/\/www.claret.cat\/es\/wp-json\/wp\/v2\/media?parent=126832"}],"wp:term":[{"taxonomy":"product_brand","embeddable":true,"href":"https:\/\/www.claret.cat\/es\/wp-json\/wp\/v2\/product_brand?post=126832"},{"taxonomy":"product_cat","embeddable":true,"href":"https:\/\/www.claret.cat\/es\/wp-json\/wp\/v2\/product_cat?post=126832"},{"taxonomy":"product_tag","embeddable":true,"href":"https:\/\/www.claret.cat\/es\/wp-json\/wp\/v2\/product_tag?post=126832"}],"curies":[{"name":"wp","href":"https:\/\/api.w.org\/{rel}","templated":true}]}}

<p>Els dubtes corsequen la Júlia: s&#8217;estima de debò el seu marit?, està disposada a ser mare?, enllestirà a temps el guió que està escrivint sobre el veritable paper de la científica Rosalind Franklin en el descobriment de la doble hèlix de l&#8217;ADN? </p>
<p>Per fugir de tantes incerteses, accepta la invitació de la seva família francesa i se&#8217;n va a passar el mes d&#8217;agost a l&#8217;illa de Batz, a la costa bretona. Allà, en el vell casalot familiar, a la vora del mar, l&#8217;esperen una besàvia imponent, un besoncle estranyament melancòlic i un oncle, llibreter d&#8217;antiquari, molt atractiu. </p>
<p>Gràcies a la capacitat d&#8217;observació de la Júlia, que capta un detall enigmàtic en unes fotografies antigues, que es remunten a la Segona Guerra Mundial, el que havien de ser unes vacances familiars aviat es converteixen en uns dies d&#8217;investigació sobre els seus orígens i la seva identitat. Amb El fil invisible Gemma Lienas ens brinda la història d&#8217;una dona que troba en el passat les respostes al seu futur. Una novel·la actual i amb doble trama que ha merescut el 38è Premi BBVA Sant Joan.</p>

Rústica
