{"id":127015,"date":"2022-10-12T22:31:41","date_gmt":"2022-10-12T20:31:41","guid":{"rendered":"http:\/\/dev.claret.cat\/producte\/no-quiero-sufrir\/"},"modified":"2026-04-01T16:41:14","modified_gmt":"2026-04-01T14:41:14","slug":"no-quiero-sufrir-9788429328851","status":"publish","type":"product","link":"https:\/\/www.claret.cat\/es\/libro\/no-quiero-sufrir-9788429328851\/","title":{"rendered":"\u00a1NO QUIERO SUFRIR!"},"content":{"rendered":"<p>Cuando piensas c\u00f3mo te gustar\u00eda morir, no te ves sufriendo. \u00a1Claro que no! Nadie quiere sufrir. Pero&#8230; \u00bftenemos todos claro en que consiste ese sufrimiento?. Las propuestas m\u00e9dicas y legislativas que hoy debatimos sobre la eutanasia, suicido asistido, cuidados paliativos, etc. responden a ese deseo de evitar el sufrimiento final.<\/p>\n","protected":false},"excerpt":{"rendered":"<p>BERMEJO, JOS\u00c9 CARLOS; BELDA, ROSA MAR\u00cdA<\/p>\n","protected":false},"featured_media":340741,"template":"","meta":{"_acf_changed":false,"om_disable_all_campaigns":false,"rs_blank_template":"","rs_page_bg_color":"","slide_template_v7":"","inline_featured_image":false,"_monsterinsights_skip_tracking":false,"_monsterinsights_sitenote_active":false,"_monsterinsights_sitenote_note":"","_monsterinsights_sitenote_category":0},"product_brand":[],"product_cat":[90,540],"product_tag":[],"class_list":{"0":"post-127015","1":"product","2":"type-product","3":"status-publish","4":"has-post-thumbnail","6":"product_cat-altres","7":"product_cat-otros","9":"first","10":"instock","11":"taxable","12":"shipping-taxable","13":"purchasable","14":"product-type-simple"},"acf":{"editorial":[{"ID":6351,"post_author":"3","post_date":"2022-07-28 17:50:19","post_date_gmt":"2022-07-28 15:50:19","post_content":"","post_title":"Sal Terrae","post_excerpt":"","post_status":"publish","comment_status":"closed","ping_status":"closed","post_password":"","post_name":"sal-terrae","to_ping":"","pinged":"","post_modified":"2022-07-28 17:50:19","post_modified_gmt":"2022-07-28 15:50:19","post_content_filtered":"","post_parent":0,"guid":"http:\/\/dev.claret.cat\/editorial\/sal-terrae\/","menu_order":0,"post_type":"editorial","post_mime_type":"","comment_count":"0","filter":"raw"}],"autores-libros":[{"ID":5637,"post_author":"3","post_date":"2022-07-28 17:28:16","post_date_gmt":"2022-07-28 15:28:16","post_content":"","post_title":"JOS\u00c9 CARLOS BERMEJO","post_excerpt":"","post_status":"publish","comment_status":"closed","ping_status":"closed","post_password":"","post_name":"jose-carlos-bermejo","to_ping":"","pinged":"","post_modified":"2022-07-28 17:28:16","post_modified_gmt":"2022-07-28 15:28:16","post_content_filtered":"","post_parent":0,"guid":"http:\/\/dev.claret.cat\/autor\/jose-carlos-bermejo\/","menu_order":0,"post_type":"autor","post_mime_type":"","comment_count":"0","filter":"raw"},{"ID":168502,"post_author":"3","post_date":"2022-10-14 22:19:38","post_date_gmt":"2022-10-14 20:19:38","post_content":"","post_title":"ROSA MAR\u00cdA BELDA","post_excerpt":"","post_status":"publish","comment_status":"closed","ping_status":"closed","post_password":"","post_name":"rosa-maria-belda","to_ping":"","pinged":"","post_modified":"2022-10-14 22:19:38","post_modified_gmt":"2022-10-14 20:19:38","post_content_filtered":"","post_parent":0,"guid":"http:\/\/dev.claret.cat\/autor\/rosa-maria-belda\/","menu_order":0,"post_type":"autor","post_mime_type":"","comment_count":"0","filter":"raw"}],"autor":"BERMEJO, JOS\u00c9 CARLOS; BELDA, ROSA MAR\u00cdA","codart":"842932885","libros-coleccion":"Pozo de Siquen","ediciones":"1","encuadernacion":"R\u00fastica","fecha_de_publicacion":"03\/10\/2019","novedad":"1","paginas":"144","subtitulo":"SOBRE LA EUTANASIA Y OTRAS CUESTIONES BIO\u00c9TICAS DEL FINAL DE LA VIDA","orden":"0","portada":"0","idioma":"spa","booktrailer":"","resenas":""},"aioseo_notices":[],"_links":{"self":[{"href":"https:\/\/www.claret.cat\/es\/wp-json\/wp\/v2\/product\/127015","targetHints":{"allow":["GET"]}}],"collection":[{"href":"https:\/\/www.claret.cat\/es\/wp-json\/wp\/v2\/product"}],"about":[{"href":"https:\/\/www.claret.cat\/es\/wp-json\/wp\/v2\/types\/product"}],"wp:featuredmedia":[{"embeddable":true,"href":"https:\/\/www.claret.cat\/es\/wp-json\/wp\/v2\/media\/340741"}],"wp:attachment":[{"href":"https:\/\/www.claret.cat\/es\/wp-json\/wp\/v2\/media?parent=127015"}],"wp:term":[{"taxonomy":"product_brand","embeddable":true,"href":"https:\/\/www.claret.cat\/es\/wp-json\/wp\/v2\/product_brand?post=127015"},{"taxonomy":"product_cat","embeddable":true,"href":"https:\/\/www.claret.cat\/es\/wp-json\/wp\/v2\/product_cat?post=127015"},{"taxonomy":"product_tag","embeddable":true,"href":"https:\/\/www.claret.cat\/es\/wp-json\/wp\/v2\/product_tag?post=127015"}],"curies":[{"name":"wp","href":"https:\/\/api.w.org\/{rel}","templated":true}]}}

<p>Cuando piensas cómo te gustaría morir, no te ves sufriendo. ¡Claro que no! Nadie quiere sufrir. Pero&#8230; ¿tenemos todos claro en que consiste ese sufrimiento?. Las propuestas médicas y legislativas que hoy debatimos sobre la eutanasia, suicido asistido, cuidados paliativos, etc. responden a ese deseo de evitar el sufrimiento final.</p>

<p>BERMEJO, JOSÉ CARLOS; BELDA, ROSA MARÍA</p>

JOSÉ CARLOS BERMEJO

ROSA MARÍA BELDA

BERMEJO, JOSÉ CARLOS; BELDA, ROSA MARÍA

Rústica

SOBRE LA EUTANASIA Y OTRAS CUESTIONES BIOÉTICAS DEL FINAL DE LA VIDA
