{"id":127270,"date":"2022-10-12T22:35:39","date_gmt":"2022-10-12T20:35:39","guid":{"rendered":"http:\/\/dev.claret.cat\/producte\/arte-de-vender-el\/"},"modified":"2023-01-28T00:20:36","modified_gmt":"2023-01-27T23:20:36","slug":"arte-de-vender-el-9788417797805","status":"publish","type":"product","link":"https:\/\/www.claret.cat\/es\/libro\/arte-de-vender-el-9788417797805\/","title":{"rendered":"ARTE DE VENDER, EL"},"content":{"rendered":"<p>&#8216;La mente es la que sit\u00faa a unos en lo m\u00e1s alto del caj\u00f3n mientras que a otros los hunde en el furg\u00f3n de cola de los amantes de las excusas. Te invito a que viajes conmigo a ese lugar llamado excelencia comercial, un espacio reservado para los vendedores que luchan, que son optimistas, que se esfuerzan a diario y se actualizan constantemente.&#8217; IOSU L\u00c1ZCOZ<\/p>\n<p>La vida es venta, las ventas impregnan todas y cada una de las actividades del ser humano desde el principio de los siglos. Las naciones han sido levantadas desde tiempo inmemorial en torno a las ventas, de hecho, los pa\u00edses con mayor PIB son los que tienen m\u00e1s y mejores fuerzas de venta (EEUU, Reino Unido, Jap\u00f3n, Canad\u00e1 y China). No siempre han gozado del rango que merecen, incluso han sido ninguneadas por quienes las consideraban de segunda categor\u00eda. Pero representan un valor estrat\u00e9gico dentro de las empresas, que inician su actividad con ellas y se hunden si las ventas no se dan. Son el pulm\u00f3n y el coraz\u00f3n de las organizaciones, el ox\u00edgeno que impregna cada tejido, que permite la vida.<\/p>\n<p>Este libro no es uno m\u00e1s de los cientos de libros que circulan f\u00edsica y digitalmente; ha sido escrito por un vendedor en activo y premiado por las multinacionales Procter &amp; Gamble y Sutter Professional durante siete a\u00f1os consecutivos entre m\u00e1s de 350 profesionales. Por ello, aporta credibilidad y, sobre todo, resultados concretos y tangibles, si sigues las 100 reflexiones y consejos que contiene. T\u00fa tambi\u00e9n puedes pertenecer al reducido grupo que lidera las ventas en la empresa en la que trabajas.<\/p>\n<p>\u201cDespu\u00e9s de 30 a\u00f1os como vendedor, puedo afirmar que no he visto a nadie como Iosu L\u00e1zcoz en mi vida, tanto en su faceta como vendedor como en la de formador. Este libro lo recoge todo\u201d<br \/>Jos\u00e9 Manuel Elizalde, Ejecutivo de ventas en SernatecHygiene<\/p>\n<p>\u201cCuando Iosu habla de ventas lo hace desde el conocimiento y la experiencia que dan muchos a\u00f1os pisando calle. Transmitir la teor\u00eda y la pr\u00e1ctica como \u00e9l lo hace solo est\u00e1 al alcance de los mejores\u201d<br \/>Manuel Est\u00e9vez Men\u00e9ndez, Jefe de Ventas del Grupo Firmatel<\/p>\n","protected":false},"excerpt":{"rendered":"<p>LAZCOZ,IOSU<\/p>\n","protected":false},"featured_media":127271,"template":"","meta":{"_acf_changed":false,"om_disable_all_campaigns":false,"rs_blank_template":"","rs_page_bg_color":"","slide_template_v7":"","inline_featured_image":false,"_monsterinsights_skip_tracking":false,"_monsterinsights_sitenote_active":false,"_monsterinsights_sitenote_note":"","_monsterinsights_sitenote_category":0},"product_brand":[],"product_cat":[182],"product_tag":[],"class_list":{"0":"post-127270","1":"product","2":"type-product","3":"status-publish","4":"has-post-thumbnail","6":"product_cat-social-i-economica","8":"first","9":"instock","10":"taxable","11":"shipping-taxable","12":"purchasable","13":"product-type-simple"},"acf":{"autor":"LAZCOZ,IOSU","codart":"841779780","libros-coleccion":"ECONOMIA Y EMPRESA","ediciones":"1","encuadernacion":"R\u00fastica","fecha_de_publicacion":"01\/07\/2019","novedad":"1","paginas":"192","subtitulo":"","orden":"0","portada":"0","idioma":"spa","editorial":[{"ID":147409,"post_author":"3","post_date":"2022-10-14 11:50:21","post_date_gmt":"2022-10-14 09:50:21","post_content":"","post_title":"ALMUZARA EDITORIAL","post_excerpt":"","post_status":"publish","comment_status":"closed","ping_status":"closed","post_password":"","post_name":"almuzara-editorial","to_ping":"","pinged":"","post_modified":"2022-10-14 11:50:21","post_modified_gmt":"2022-10-14 09:50:21","post_content_filtered":"","post_parent":0,"guid":"http:\/\/dev.claret.cat\/editorial\/almuzara-editorial\/","menu_order":0,"post_type":"editorial","post_mime_type":"","comment_count":"0","filter":"raw"}],"autores-libros":[{"ID":157971,"post_author":"3","post_date":"2022-10-14 15:33:07","post_date_gmt":"2022-10-14 13:33:07","post_content":"","post_title":"IOSU LAZCOZ","post_excerpt":"","post_status":"publish","comment_status":"closed","ping_status":"closed","post_password":"","post_name":"iosu-lazcoz","to_ping":"","pinged":"","post_modified":"2022-10-14 15:33:07","post_modified_gmt":"2022-10-14 13:33:07","post_content_filtered":"","post_parent":0,"guid":"http:\/\/dev.claret.cat\/autor\/iosu-lazcoz\/","menu_order":0,"post_type":"autor","post_mime_type":"","comment_count":"0","filter":"raw"}]},"aioseo_notices":[],"_links":{"self":[{"href":"https:\/\/www.claret.cat\/es\/wp-json\/wp\/v2\/product\/127270","targetHints":{"allow":["GET"]}}],"collection":[{"href":"https:\/\/www.claret.cat\/es\/wp-json\/wp\/v2\/product"}],"about":[{"href":"https:\/\/www.claret.cat\/es\/wp-json\/wp\/v2\/types\/product"}],"wp:featuredmedia":[{"embeddable":true,"href":"https:\/\/www.claret.cat\/es\/wp-json\/wp\/v2\/media\/127271"}],"wp:attachment":[{"href":"https:\/\/www.claret.cat\/es\/wp-json\/wp\/v2\/media?parent=127270"}],"wp:term":[{"taxonomy":"product_brand","embeddable":true,"href":"https:\/\/www.claret.cat\/es\/wp-json\/wp\/v2\/product_brand?post=127270"},{"taxonomy":"product_cat","embeddable":true,"href":"https:\/\/www.claret.cat\/es\/wp-json\/wp\/v2\/product_cat?post=127270"},{"taxonomy":"product_tag","embeddable":true,"href":"https:\/\/www.claret.cat\/es\/wp-json\/wp\/v2\/product_tag?post=127270"}],"curies":[{"name":"wp","href":"https:\/\/api.w.org\/{rel}","templated":true}]}}

<p>&#8216;La mente es la que sitúa a unos en lo más alto del cajón mientras que a otros los hunde en el furgón de cola de los amantes de las excusas. Te invito a que viajes conmigo a ese lugar llamado excelencia comercial, un espacio reservado para los vendedores que luchan, que son optimistas, que se esfuerzan a diario y se actualizan constantemente.&#8217; IOSU LÁZCOZ</p>
<p>La vida es venta, las ventas impregnan todas y cada una de las actividades del ser humano desde el principio de los siglos. Las naciones han sido levantadas desde tiempo inmemorial en torno a las ventas, de hecho, los países con mayor PIB son los que tienen más y mejores fuerzas de venta (EEUU, Reino Unido, Japón, Canadá y China). No siempre han gozado del rango que merecen, incluso han sido ninguneadas por quienes las consideraban de segunda categoría. Pero representan un valor estratégico dentro de las empresas, que inician su actividad con ellas y se hunden si las ventas no se dan. Son el pulmón y el corazón de las organizaciones, el oxígeno que impregna cada tejido, que permite la vida.</p>
<p>Este libro no es uno más de los cientos de libros que circulan física y digitalmente; ha sido escrito por un vendedor en activo y premiado por las multinacionales Procter &amp; Gamble y Sutter Professional durante siete años consecutivos entre más de 350 profesionales. Por ello, aporta credibilidad y, sobre todo, resultados concretos y tangibles, si sigues las 100 reflexiones y consejos que contiene. Tú también puedes pertenecer al reducido grupo que lidera las ventas en la empresa en la que trabajas.</p>
<p>“Después de 30 años como vendedor, puedo afirmar que no he visto a nadie como Iosu Lázcoz en mi vida, tanto en su faceta como vendedor como en la de formador. Este libro lo recoge todo”<br />José Manuel Elizalde, Ejecutivo de ventas en SernatecHygiene</p>
<p>“Cuando Iosu habla de ventas lo hace desde el conocimiento y la experiencia que dan muchos años pisando calle. Transmitir la teoría y la práctica como él lo hace solo está al alcance de los mejores”<br />Manuel Estévez Menéndez, Jefe de Ventas del Grupo Firmatel</p>

Rústica
