{"id":1278,"date":"2022-07-27T20:39:06","date_gmt":"2022-07-27T18:39:06","guid":{"rendered":"http:\/\/dev.claret.cat\/producto\/como-piensa-mi-hijo-9780241433430\/"},"modified":"2023-01-28T12:02:35","modified_gmt":"2023-01-28T11:02:35","slug":"como-piensa-mi-hijo-9780241433430","status":"publish","type":"product","link":"https:\/\/www.claret.cat\/es\/libro\/como-piensa-mi-hijo-9780241433430\/","title":{"rendered":"\u00bfC\u00d3MO PIENSA MI HIJO?"},"content":{"rendered":"<p>Haz que cada momento con tu hijo cuente. Bucea en la psicolog\u00eda que hay detr\u00e1s del comportamiento de tu hijo en cada etapa de su desarrollo y afr\u00f3ntala con confianza. Descubre lo que tu hijo realmente quiere expresar cuando dice #\u00a1Mira lo que he hecho!#, #Pero no estoy cansado## o #\u00a1Me est\u00e1s dando verg\u00fcenza!#, y descubre qu\u00e9 les ocurre cuando no pueden expresarse por s\u00ed mismos. Con m\u00e1s de 100 ejemplos de situaciones diarias, esta gu\u00eda te har\u00e1 recorrer cada escenario paso a paso, explic\u00e1ndote no solo el comportamiento de tu hijo y la psicolog\u00eda que hay detr\u00e1s, sino tus propios sentimientos como padre. Obtendr\u00e1s recomendaciones instant\u00e1neas de lo que podr\u00edas decir o hacer para tratar de resolver cualquier situaci\u00f3n. \u00bfC\u00f3mo piensa mi hijo? cubre el desarrollo de ni\u00f1os con edades  comprendidas entre 2 y 7 a\u00f1os. El libro toca temas importantes como las  pataletas, las amistades (reales e imaginarias), la rivalidad entre hermanos, el comportamiento agresivo o la presi\u00f3n de grupo. Tambi\u00e9n hay un recopilatorio de pr\u00e1cticas #gu\u00edas de supervivencia# para situaciones cr\u00edticas como viajes en coche, salir a comer fuera o navegar por internet de forma segura. Basado en evidencias de psicolog\u00eda cl\u00ednica y apostando por un crecimiento positivo y seguro, \u00bfC\u00f3mo piensa mi hijo? te ayudar\u00e1 a sintonizar con los pensamientos m\u00e1s \u00edntimos de tu hijo y a ayudarte a ser el padre que siempre quisiste ser.<\/p>\n","protected":false},"excerpt":{"rendered":"<p>AA.VV<\/p>\n","protected":false},"featured_media":66016,"template":"","meta":{"_acf_changed":false,"om_disable_all_campaigns":false,"rs_blank_template":"","rs_page_bg_color":"","slide_template_v7":"","inline_featured_image":false,"_monsterinsights_skip_tracking":false,"_monsterinsights_sitenote_active":false,"_monsterinsights_sitenote_note":"","_monsterinsights_sitenote_category":0},"product_brand":[],"product_cat":[434,159],"product_tag":[],"class_list":{"0":"post-1278","1":"product","2":"type-product","3":"status-publish","4":"has-post-thumbnail","6":"product_cat-autores-sociologia-2_humanidades","7":"product_cat-autors","9":"first","10":"instock","11":"taxable","12":"shipping-taxable","13":"purchasable","14":"product-type-simple"},"acf":{"autor":"AA.VV","codart":"024143343","ediciones":"1","encuadernacion":"Carton\u00e9","fecha_de_publicacion":"01\/02\/2020","novedad":"1","paginas":"0","subtitulo":"","orden":"0","portada":"0","idioma":"spa","libros-coleccion":"","autores-libros":[{"ID":5198,"post_author":"3","post_date":"2022-07-28 17:16:52","post_date_gmt":"2022-07-28 15:16:52","post_content":"","post_title":"AA.VV","post_excerpt":"","post_status":"publish","comment_status":"closed","ping_status":"closed","post_password":"","post_name":"aa-vv-2","to_ping":"","pinged":"","post_modified":"2022-07-28 17:16:52","post_modified_gmt":"2022-07-28 15:16:52","post_content_filtered":"","post_parent":0,"guid":"http:\/\/dev.claret.cat\/autor\/aa-vv-2\/","menu_order":0,"post_type":"autor","post_mime_type":"","comment_count":"0","filter":"raw"}],"editorial":[{"ID":6186,"post_author":"3","post_date":"2022-07-28 17:46:45","post_date_gmt":"2022-07-28 15:46:45","post_content":"","post_title":"DK","post_excerpt":"","post_status":"publish","comment_status":"closed","ping_status":"closed","post_password":"","post_name":"dk","to_ping":"","pinged":"","post_modified":"2022-07-28 17:46:45","post_modified_gmt":"2022-07-28 15:46:45","post_content_filtered":"","post_parent":0,"guid":"http:\/\/dev.claret.cat\/editorial\/dk\/","menu_order":0,"post_type":"editorial","post_mime_type":"","comment_count":"0","filter":"raw"}]},"aioseo_notices":[],"_links":{"self":[{"href":"https:\/\/www.claret.cat\/es\/wp-json\/wp\/v2\/product\/1278","targetHints":{"allow":["GET"]}}],"collection":[{"href":"https:\/\/www.claret.cat\/es\/wp-json\/wp\/v2\/product"}],"about":[{"href":"https:\/\/www.claret.cat\/es\/wp-json\/wp\/v2\/types\/product"}],"wp:featuredmedia":[{"embeddable":true,"href":"https:\/\/www.claret.cat\/es\/wp-json\/wp\/v2\/media\/66016"}],"wp:attachment":[{"href":"https:\/\/www.claret.cat\/es\/wp-json\/wp\/v2\/media?parent=1278"}],"wp:term":[{"taxonomy":"product_brand","embeddable":true,"href":"https:\/\/www.claret.cat\/es\/wp-json\/wp\/v2\/product_brand?post=1278"},{"taxonomy":"product_cat","embeddable":true,"href":"https:\/\/www.claret.cat\/es\/wp-json\/wp\/v2\/product_cat?post=1278"},{"taxonomy":"product_tag","embeddable":true,"href":"https:\/\/www.claret.cat\/es\/wp-json\/wp\/v2\/product_tag?post=1278"}],"curies":[{"name":"wp","href":"https:\/\/api.w.org\/{rel}","templated":true}]}}

¿CÓMO PIENSA MI HIJO?

<p>Haz que cada momento con tu hijo cuente. Bucea en la psicología que hay detrás del comportamiento de tu hijo en cada etapa de su desarrollo y afróntala con confianza. Descubre lo que tu hijo realmente quiere expresar cuando dice #¡Mira lo que he hecho!#, #Pero no estoy cansado## o #¡Me estás dando vergüenza!#, y descubre qué les ocurre cuando no pueden expresarse por sí mismos. Con más de 100 ejemplos de situaciones diarias, esta guía te hará recorrer cada escenario paso a paso, explicándote no solo el comportamiento de tu hijo y la psicología que hay detrás, sino tus propios sentimientos como padre. Obtendrás recomendaciones instantáneas de lo que podrías decir o hacer para tratar de resolver cualquier situación. ¿Cómo piensa mi hijo? cubre el desarrollo de niños con edades  comprendidas entre 2 y 7 años. El libro toca temas importantes como las  pataletas, las amistades (reales e imaginarias), la rivalidad entre hermanos, el comportamiento agresivo o la presión de grupo. También hay un recopilatorio de prácticas #guías de supervivencia# para situaciones críticas como viajes en coche, salir a comer fuera o navegar por internet de forma segura. Basado en evidencias de psicología clínica y apostando por un crecimiento positivo y seguro, ¿Cómo piensa mi hijo? te ayudará a sintonizar con los pensamientos más íntimos de tu hijo y a ayudarte a ser el padre que siempre quisiste ser.</p>

Cartoné
