{"id":128527,"date":"2022-10-12T22:55:22","date_gmt":"2022-10-12T20:55:22","guid":{"rendered":"http:\/\/dev.claret.cat\/producte\/aristotil-i-dante\/"},"modified":"2023-01-28T23:30:33","modified_gmt":"2023-01-28T22:30:33","slug":"aristotil-i-dante-9788412006933","status":"publish","type":"product","link":"https:\/\/www.claret.cat\/es\/libro\/aristotil-i-dante-9788412006933\/","title":{"rendered":"ARIST\u00d2TIL I DANTE"},"content":{"rendered":"<p>L&#8217;Arist\u00f2til t\u00e9 quinze anys, \u00e9s introvertit i est\u00e0 sempre enfadat amb el m\u00f3n. En Dante \u00e9s un setci\u00e8ncies que t\u00e9 una manera molt inusual de mirar-se la vida i les persones. Quan tots dos coincideixen a la piscina del barri, no sembla que tinguin gaire en com\u00fa. Per\u00f2 quan comencen a quedar i a passar estones junts descobreixen que els uneix una amistat especial, la mena d&#8217;amistat que et canvia la vida i dura per sempe.<\/p>\n","protected":false},"excerpt":{"rendered":"<p>ALIRE SAENZ,BENJAMIN<\/p>\n","protected":false},"featured_media":128528,"template":"","meta":{"_acf_changed":false,"om_disable_all_campaigns":false,"rs_blank_template":"","rs_page_bg_color":"","slide_template_v7":"","inline_featured_image":false,"_monsterinsights_skip_tracking":false,"_monsterinsights_sitenote_active":false,"_monsterinsights_sitenote_note":"","_monsterinsights_sitenote_category":0},"product_brand":[],"product_cat":[117],"product_tag":[],"class_list":{"0":"post-128527","1":"product","2":"type-product","3":"status-publish","4":"has-post-thumbnail","6":"product_cat-juvenil","8":"first","9":"instock","10":"taxable","11":"shipping-taxable","12":"purchasable","13":"product-type-simple"},"acf":{"editorial":[{"ID":8251,"post_author":"3","post_date":"2022-09-30 09:21:29","post_date_gmt":"2022-09-30 07:21:29","post_content":"","post_title":"L'ALTRA EDITORIAL","post_excerpt":"","post_status":"publish","comment_status":"closed","ping_status":"closed","post_password":"","post_name":"laltra-editorial-3","to_ping":"","pinged":"","post_modified":"2022-09-30 09:21:29","post_modified_gmt":"2022-09-30 07:21:29","post_content_filtered":"","post_parent":0,"guid":"http:\/\/dev.claret.cat\/editorial\/laltra-editorial-3\/","menu_order":0,"post_type":"editorial","post_mime_type":"","comment_count":"0","filter":"raw"}],"autores-libros":[{"ID":151562,"post_author":"3","post_date":"2022-10-14 14:41:51","post_date_gmt":"2022-10-14 12:41:51","post_content":"","post_title":"BENJAMIN ALIRE SAENZ","post_excerpt":"","post_status":"publish","comment_status":"closed","ping_status":"closed","post_password":"","post_name":"benjamin-alire-saenz","to_ping":"","pinged":"","post_modified":"2022-10-14 14:41:51","post_modified_gmt":"2022-10-14 12:41:51","post_content_filtered":"","post_parent":0,"guid":"http:\/\/dev.claret.cat\/autor\/benjamin-alire-saenz\/","menu_order":0,"post_type":"autor","post_mime_type":"","comment_count":"0","filter":"raw"}],"autor":"ALIRE SAENZ,BENJAMIN","codart":"841200693","libros-coleccion":"Las historias m\u00e1s bellas","ediciones":"1","encuadernacion":"R\u00fastica","fecha_de_publicacion":"01\/09\/2019","novedad":"1","paginas":"341","subtitulo":"DESCOBREIXEN ELS SECRETS DE L'UNIVERS","orden":"0","portada":"0","idioma":"cat"},"aioseo_notices":[],"_links":{"self":[{"href":"https:\/\/www.claret.cat\/es\/wp-json\/wp\/v2\/product\/128527","targetHints":{"allow":["GET"]}}],"collection":[{"href":"https:\/\/www.claret.cat\/es\/wp-json\/wp\/v2\/product"}],"about":[{"href":"https:\/\/www.claret.cat\/es\/wp-json\/wp\/v2\/types\/product"}],"wp:featuredmedia":[{"embeddable":true,"href":"https:\/\/www.claret.cat\/es\/wp-json\/wp\/v2\/media\/128528"}],"wp:attachment":[{"href":"https:\/\/www.claret.cat\/es\/wp-json\/wp\/v2\/media?parent=128527"}],"wp:term":[{"taxonomy":"product_brand","embeddable":true,"href":"https:\/\/www.claret.cat\/es\/wp-json\/wp\/v2\/product_brand?post=128527"},{"taxonomy":"product_cat","embeddable":true,"href":"https:\/\/www.claret.cat\/es\/wp-json\/wp\/v2\/product_cat?post=128527"},{"taxonomy":"product_tag","embeddable":true,"href":"https:\/\/www.claret.cat\/es\/wp-json\/wp\/v2\/product_tag?post=128527"}],"curies":[{"name":"wp","href":"https:\/\/api.w.org\/{rel}","templated":true}]}}

ARISTÒTIL I DANTE

<p>L&#8217;Aristòtil té quinze anys, és introvertit i està sempre enfadat amb el món. En Dante és un setciències que té una manera molt inusual de mirar-se la vida i les persones. Quan tots dos coincideixen a la piscina del barri, no sembla que tinguin gaire en comú. Però quan comencen a quedar i a passar estones junts descobreixen que els uneix una amistat especial, la mena d&#8217;amistat que et canvia la vida i dura per sempe.</p>

Las historias más bellas

Rústica
