{"id":128647,"date":"2022-10-12T22:57:12","date_gmt":"2022-10-12T20:57:12","guid":{"rendered":"http:\/\/dev.claret.cat\/producte\/500-anos-de-frio-2\/"},"modified":"2026-04-10T16:16:20","modified_gmt":"2026-04-10T14:16:20","slug":"500-anos-de-frio-9788491991380","status":"publish","type":"product","link":"https:\/\/www.claret.cat\/es\/libro\/500-anos-de-frio-9788491991380\/","title":{"rendered":"500 A\u00d1OS DE FR\u00cdO"},"content":{"rendered":"<p>Cuando pensamos en las expediciones m\u00e1s importantes de la historia, frecuentemente olvidamos la conquista del \u00c1rtico, pero durante m\u00e1s de cinco siglos, incontables barcos y marinos se han adentrado en sus g\u00e9lidas aguas en busca de tierras desconocidas o rutas m\u00e1s r\u00e1pidas para el comercio. Pocas de aquellas expediciones consiguieron sus objetivos; los m\u00e1s afortunados regresaron a casa con las manos vac\u00edas, otros se quedaron all\u00ed para siempre.<br \/> La historia del \u00c1rtico es una historia de aventuras. Durante estos 500 a\u00f1os de fr\u00edo, los exploradores han afrontado con valent\u00eda el mayor desaf\u00edo que ofrece nuestro planeta: aislados durante meses en completa oscuridad, haciendo frente a las condiciones clim\u00e1ticas m\u00e1s extremas y sintiendo una soledad dif\u00edcilmente imaginable en nuestros d\u00edas de redes sociales y telecomunicaciones.<\/p>\n","protected":false},"excerpt":{"rendered":"<p>PEL\u00c1EZ, JAVIER<\/p>\n","protected":false},"featured_media":1096160,"template":"","meta":{"_acf_changed":false,"om_disable_all_campaigns":false,"rs_blank_template":"","rs_page_bg_color":"","slide_template_v7":"","inline_featured_image":false,"_monsterinsights_skip_tracking":false,"_monsterinsights_sitenote_active":false,"_monsterinsights_sitenote_note":"","_monsterinsights_sitenote_category":0},"product_brand":[],"product_cat":[157,370],"product_tag":[],"class_list":{"0":"post-128647","1":"product","2":"type-product","3":"status-publish","4":"has-post-thumbnail","6":"product_cat-investigacio-i-corrents","7":"product_cat-investigacion-y-corrientes","9":"first","10":"outofstock","11":"taxable","12":"shipping-taxable","13":"purchasable","14":"product-type-simple"},"acf":{"editorial":[{"ID":6174,"post_author":"3","post_date":"2022-07-28 17:46:29","post_date_gmt":"2022-07-28 15:46:29","post_content":"","post_title":"CRITICA","post_excerpt":"","post_status":"publish","comment_status":"closed","ping_status":"closed","post_password":"","post_name":"critica","to_ping":"","pinged":"","post_modified":"2022-07-28 17:46:29","post_modified_gmt":"2022-07-28 15:46:29","post_content_filtered":"","post_parent":0,"guid":"http:\/\/dev.claret.cat\/editorial\/critica\/","menu_order":0,"post_type":"editorial","post_mime_type":"","comment_count":"0","filter":"raw"}],"autor":"PEL\u00c1EZ, JAVIER","codart":"849199138","libros-coleccion":"Drakontos","ediciones":"1","encuadernacion":"Carton\u00e9","fecha_de_publicacion":"01\/09\/2019","novedad":"0","paginas":"320","subtitulo":"LA GRAN AVENTURA DEL \u00c1RTICO","orden":"0","portada":"0","idioma":"spa","autores-libros":[{"ID":158766,"post_author":"3","post_date":"2022-10-14 15:39:26","post_date_gmt":"2022-10-14 13:39:26","post_content":"","post_title":"JAVIER PEL\u00c1EZ","post_excerpt":"","post_status":"publish","comment_status":"closed","ping_status":"closed","post_password":"","post_name":"javier-pelaez","to_ping":"","pinged":"","post_modified":"2022-10-14 15:39:26","post_modified_gmt":"2022-10-14 13:39:26","post_content_filtered":"","post_parent":0,"guid":"http:\/\/dev.claret.cat\/autor\/javier-pelaez\/","menu_order":0,"post_type":"autor","post_mime_type":"","comment_count":"0","filter":"raw"}],"booktrailer":"","resenas":""},"aioseo_notices":[],"_links":{"self":[{"href":"https:\/\/www.claret.cat\/es\/wp-json\/wp\/v2\/product\/128647","targetHints":{"allow":["GET"]}}],"collection":[{"href":"https:\/\/www.claret.cat\/es\/wp-json\/wp\/v2\/product"}],"about":[{"href":"https:\/\/www.claret.cat\/es\/wp-json\/wp\/v2\/types\/product"}],"wp:featuredmedia":[{"embeddable":true,"href":"https:\/\/www.claret.cat\/es\/wp-json\/wp\/v2\/media\/1096160"}],"wp:attachment":[{"href":"https:\/\/www.claret.cat\/es\/wp-json\/wp\/v2\/media?parent=128647"}],"wp:term":[{"taxonomy":"product_brand","embeddable":true,"href":"https:\/\/www.claret.cat\/es\/wp-json\/wp\/v2\/product_brand?post=128647"},{"taxonomy":"product_cat","embeddable":true,"href":"https:\/\/www.claret.cat\/es\/wp-json\/wp\/v2\/product_cat?post=128647"},{"taxonomy":"product_tag","embeddable":true,"href":"https:\/\/www.claret.cat\/es\/wp-json\/wp\/v2\/product_tag?post=128647"}],"curies":[{"name":"wp","href":"https:\/\/api.w.org\/{rel}","templated":true}]}}

500 AÑOS DE FRÍO

<p>Cuando pensamos en las expediciones más importantes de la historia, frecuentemente olvidamos la conquista del Ártico, pero durante más de cinco siglos, incontables barcos y marinos se han adentrado en sus gélidas aguas en busca de tierras desconocidas o rutas más rápidas para el comercio. Pocas de aquellas expediciones consiguieron sus objetivos; los más afortunados regresaron a casa con las manos vacías, otros se quedaron allí para siempre.<br /> La historia del Ártico es una historia de aventuras. Durante estos 500 años de frío, los exploradores han afrontado con valentía el mayor desafío que ofrece nuestro planeta: aislados durante meses en completa oscuridad, haciendo frente a las condiciones climáticas más extremas y sintiendo una soledad difícilmente imaginable en nuestros días de redes sociales y telecomunicaciones.</p>

<p>PELÁEZ, JAVIER</p>

PELÁEZ, JAVIER

Cartoné

LA GRAN AVENTURA DEL ÁRTICO

JAVIER PELÁEZ
