{"id":129211,"date":"2022-10-12T23:05:56","date_gmt":"2022-10-12T21:05:56","guid":{"rendered":"http:\/\/dev.claret.cat\/producte\/educals-per-cooperar\/"},"modified":"2023-01-28T23:41:00","modified_gmt":"2023-01-28T22:41:00","slug":"educals-per-cooperar-9788497666695","status":"publish","type":"product","link":"https:\/\/www.claret.cat\/es\/libro\/educals-per-cooperar-9788497666695\/","title":{"rendered":"EDUCA&#8217;LS PER COOPERAR"},"content":{"rendered":"<p>Saber formar part d&#8221;un equip, sumar esfor\u00e7os perseguint un objectiu com\u00fa, \u00e9s una compet\u00e8ncia b\u00e0sica. Totes les persones hem d&#8221;aprendre a cooperar perqu\u00e8 tots compartim projectes. I la cooperaci\u00f3 nom\u00e9s s&#8221;apr\u00e8n practicant-la: escoltant els altres, animant qui t\u00e9 m\u00e9s dificultats, valorant de manera justa cada contribuci\u00f3, prenent responsabilitats que potser no ens agraden, respectant a tothom.  Com en una lent bifocal, aquest llibre ens permet veure el detall de l&#8221;experi\u00e8ncia dins l&#8221;aula per analitzar-la despr\u00e9s amb la dist\u00e0ncia que dona la reflexi\u00f3 te\u00f2rica. Des d&#8221;una programaci\u00f3 basada en principis democr\u00e0tics i inclusius fins a una avaluaci\u00f3 que situa l&#8221;alumnat en el centre. Amb un format que combina narrativa i assaig, seguirem l&#8221;evoluci\u00f3 d&#8221;un grup de segon de prim\u00e0ria i d&#8221;una classe de cinqu\u00e8, i descobrirem amb ells com podem aprendre a cooperar.<\/p>\n","protected":false},"excerpt":{"rendered":"<p>ARUM\u00cd PRAT, JOAN \/ TORRES CLADERA, GEMMA<\/p>\n","protected":false},"featured_media":322496,"template":"","meta":{"_acf_changed":false,"om_disable_all_campaigns":false,"rs_blank_template":"","rs_page_bg_color":"","slide_template_v7":"","inline_featured_image":false,"_monsterinsights_skip_tracking":false,"_monsterinsights_sitenote_active":false,"_monsterinsights_sitenote_note":"","_monsterinsights_sitenote_category":0},"product_brand":[],"product_cat":[143,576],"product_tag":[],"class_list":{"0":"post-129211","1":"product","2":"type-product","3":"status-publish","4":"has-post-thumbnail","6":"product_cat-educacio-en-valors","7":"product_cat-educacion-en-valores-escolar-4_escolar-spa","9":"first","10":"instock","11":"taxable","12":"shipping-taxable","13":"purchasable","14":"product-type-simple"},"acf":{"editorial":[{"ID":6250,"post_author":"3","post_date":"2022-07-28 17:48:10","post_date_gmt":"2022-07-28 15:48:10","post_content":"","post_title":"EUMO EDITORIAL-VALENCIANO\/CATALAN-","post_excerpt":"","post_status":"publish","comment_status":"closed","ping_status":"closed","post_password":"","post_name":"eumo-editorial-valenciano-catalan","to_ping":"","pinged":"","post_modified":"2022-07-28 17:48:10","post_modified_gmt":"2022-07-28 15:48:10","post_content_filtered":"","post_parent":0,"guid":"http:\/\/dev.claret.cat\/editorial\/eumo-editorial-valenciano-catalan\/","menu_order":0,"post_type":"editorial","post_mime_type":"","comment_count":"0","filter":"raw"}],"autor":"ARUM\u00cd PRAT, JOAN \/ TORRES CLADERA, GEMMA","codart":"849766669","libros-coleccion":"Did\u00e0ctiques i complements","ediciones":"1","encuadernacion":"R\u00fastica","fecha_de_publicacion":"01\/09\/2019","novedad":"1","paginas":"103","subtitulo":"","orden":"0","portada":"0","idioma":"cat","autores-libros":[{"ID":159251,"post_author":"3","post_date":"2022-10-14 15:43:19","post_date_gmt":"2022-10-14 13:43:19","post_content":"","post_title":"JOAN ARUM\u00cd PRAT","post_excerpt":"","post_status":"publish","comment_status":"closed","ping_status":"closed","post_password":"","post_name":"joan-arumi-prat","to_ping":"","pinged":"","post_modified":"2022-10-14 15:43:19","post_modified_gmt":"2022-10-14 13:43:19","post_content_filtered":"","post_parent":0,"guid":"http:\/\/dev.claret.cat\/autor\/joan-arumi-prat\/","menu_order":0,"post_type":"autor","post_mime_type":"","comment_count":"0","filter":"raw"},{"ID":156692,"post_author":"3","post_date":"2022-10-14 15:22:52","post_date_gmt":"2022-10-14 13:22:52","post_content":"","post_title":"GEMMA TORRES CLADERA","post_excerpt":"","post_status":"publish","comment_status":"closed","ping_status":"closed","post_password":"","post_name":"gemma-torres-cladera","to_ping":"","pinged":"","post_modified":"2022-10-14 15:22:52","post_modified_gmt":"2022-10-14 13:22:52","post_content_filtered":"","post_parent":0,"guid":"http:\/\/dev.claret.cat\/autor\/gemma-torres-cladera\/","menu_order":0,"post_type":"autor","post_mime_type":"","comment_count":"0","filter":"raw"}]},"aioseo_notices":[],"_links":{"self":[{"href":"https:\/\/www.claret.cat\/es\/wp-json\/wp\/v2\/product\/129211","targetHints":{"allow":["GET"]}}],"collection":[{"href":"https:\/\/www.claret.cat\/es\/wp-json\/wp\/v2\/product"}],"about":[{"href":"https:\/\/www.claret.cat\/es\/wp-json\/wp\/v2\/types\/product"}],"wp:featuredmedia":[{"embeddable":true,"href":"https:\/\/www.claret.cat\/es\/wp-json\/wp\/v2\/media\/322496"}],"wp:attachment":[{"href":"https:\/\/www.claret.cat\/es\/wp-json\/wp\/v2\/media?parent=129211"}],"wp:term":[{"taxonomy":"product_brand","embeddable":true,"href":"https:\/\/www.claret.cat\/es\/wp-json\/wp\/v2\/product_brand?post=129211"},{"taxonomy":"product_cat","embeddable":true,"href":"https:\/\/www.claret.cat\/es\/wp-json\/wp\/v2\/product_cat?post=129211"},{"taxonomy":"product_tag","embeddable":true,"href":"https:\/\/www.claret.cat\/es\/wp-json\/wp\/v2\/product_tag?post=129211"}],"curies":[{"name":"wp","href":"https:\/\/api.w.org\/{rel}","templated":true}]}}

<p>Saber formar part d&#8221;un equip, sumar esforços perseguint un objectiu comú, és una competència bàsica. Totes les persones hem d&#8221;aprendre a cooperar perquè tots compartim projectes. I la cooperació només s&#8221;aprèn practicant-la: escoltant els altres, animant qui té més dificultats, valorant de manera justa cada contribució, prenent responsabilitats que potser no ens agraden, respectant a tothom.  Com en una lent bifocal, aquest llibre ens permet veure el detall de l&#8221;experiència dins l&#8221;aula per analitzar-la després amb la distància que dona la reflexió teòrica. Des d&#8221;una programació basada en principis democràtics i inclusius fins a una avaluació que situa l&#8221;alumnat en el centre. Amb un format que combina narrativa i assaig, seguirem l&#8221;evolució d&#8221;un grup de segon de primària i d&#8221;una classe de cinquè, i descobrirem amb ells com podem aprendre a cooperar.</p>

<p>ARUMÍ PRAT, JOAN / TORRES CLADERA, GEMMA</p>

ARUMÍ PRAT, JOAN / TORRES CLADERA, GEMMA

Didàctiques i complements

Rústica

JOAN ARUMÍ PRAT
