{"id":129343,"date":"2022-10-12T23:07:58","date_gmt":"2022-10-12T21:07:58","guid":{"rendered":"http:\/\/dev.claret.cat\/producte\/pinochet-biografia-militar-y-politica\/"},"modified":"2023-01-28T07:30:18","modified_gmt":"2023-01-28T06:30:18","slug":"pinochet-biografia-militar-y-politica-9788466666329","status":"publish","type":"product","link":"https:\/\/www.claret.cat\/es\/libro\/pinochet-biografia-militar-y-politica-9788466666329\/","title":{"rendered":"PINOCHET. BIOGRAF\u00cdA MILITAR Y POL\u00cdTICA"},"content":{"rendered":"<p>En la actualidad, cuando una ola reaccionaria recorre el planeta y  diferentes voces en distintos pa\u00edses lo reivindican, esta biograf\u00eda de Augusto Pinochet se vuelve m\u00e1s urgente que nunca. El general Augusto Pinochet integra el pante\u00f3n de las personalidades m\u00e1s  siniestras de la historia. No solo en Chile, donde su r\u00e9gimen se cobr\u00f3  la vida de miles de personas, tortur\u00f3 a tantas otras y destruy\u00f3 la  democracia republicana, sino tambi\u00e9n a nivel mundial. El golpe de Estado  del 11 de septiembre de 1973 que derroc\u00f3 al presidente Salvador Allende  y su posterior dictadura, que se prolong\u00f3 hasta 1990; la imposici\u00f3n  feroz de los principios del neoliberalismo a partir de 1975 y su alto  costo en desempleo y hambre, y su detenci\u00f3n en Londres en 1998 a  petici\u00f3n del juez Baltasar Garz\u00f3n, fundada en la jurisdicci\u00f3n universal  frente a los cr\u00edmenes de lesa humanidad, lo transforman en un personaje ineludible cuya figura regresa cada cierto tiempo. Amor\u00f3s, apoy\u00e1ndose en una ampl\u00edsima documentaci\u00f3n in\u00e9dita, reconstruye  la infancia de Pinochet y su vida familiar, relata al detalle su larga  trayectoria militar, y desvela episodios ocultos como su participaci\u00f3n  en la masoner\u00eda; examina su papel durante el gobierno de Allende y en  las horas dram\u00e1ticas del golpe de Estado, y perfila su ambici\u00f3n de  poder, que lo llev\u00f3 a erigir un r\u00e9gimen que, a partir del terror, refund\u00f3 Chile desde sus cimientos.<\/p>\n","protected":false},"excerpt":{"rendered":"<p>AMOR\u00d3S, MARIO<\/p>\n","protected":false},"featured_media":129344,"template":"","meta":{"_acf_changed":false,"om_disable_all_campaigns":false,"rs_blank_template":"","rs_page_bg_color":"","slide_template_v7":"","inline_featured_image":false,"_monsterinsights_skip_tracking":false,"_monsterinsights_sitenote_active":false,"_monsterinsights_sitenote_note":"","_monsterinsights_sitenote_category":0},"product_brand":[],"product_cat":[151],"product_tag":[],"class_list":{"0":"post-129343","1":"product","2":"type-product","3":"status-publish","4":"has-post-thumbnail","6":"product_cat-contemporania","8":"first","9":"instock","10":"taxable","11":"shipping-taxable","12":"purchasable","13":"product-type-simple"},"acf":{"editorial":[{"ID":6200,"post_author":"3","post_date":"2022-07-28 17:47:00","post_date_gmt":"2022-07-28 15:47:00","post_content":"","post_title":"EDICIONES B","post_excerpt":"","post_status":"publish","comment_status":"closed","ping_status":"closed","post_password":"","post_name":"ediciones-b","to_ping":"","pinged":"","post_modified":"2022-07-28 17:47:00","post_modified_gmt":"2022-07-28 15:47:00","post_content_filtered":"","post_parent":0,"guid":"http:\/\/dev.claret.cat\/editorial\/ediciones-b\/","menu_order":0,"post_type":"editorial","post_mime_type":"","comment_count":"0","filter":"raw"}],"autor":"AMOR\u00d3S, MARIO","codart":"846666632","libros-coleccion":"NO FICCION","ediciones":"1","encuadernacion":"Carton\u00e9","fecha_de_publicacion":"01\/09\/2019","novedad":"1","paginas":"826","subtitulo":"","orden":"0","portada":"0","idioma":"spa","autores-libros":[{"ID":163963,"post_author":"3","post_date":"2022-10-14 17:43:15","post_date_gmt":"2022-10-14 15:43:15","post_content":"","post_title":"MARIO AMOROS","post_excerpt":"","post_status":"publish","comment_status":"closed","ping_status":"closed","post_password":"","post_name":"mario-amoros","to_ping":"","pinged":"","post_modified":"2022-10-14 17:43:15","post_modified_gmt":"2022-10-14 15:43:15","post_content_filtered":"","post_parent":0,"guid":"http:\/\/dev.claret.cat\/autor\/mario-amoros\/","menu_order":0,"post_type":"autor","post_mime_type":"","comment_count":"0","filter":"raw"}]},"aioseo_notices":[],"_links":{"self":[{"href":"https:\/\/www.claret.cat\/es\/wp-json\/wp\/v2\/product\/129343","targetHints":{"allow":["GET"]}}],"collection":[{"href":"https:\/\/www.claret.cat\/es\/wp-json\/wp\/v2\/product"}],"about":[{"href":"https:\/\/www.claret.cat\/es\/wp-json\/wp\/v2\/types\/product"}],"wp:featuredmedia":[{"embeddable":true,"href":"https:\/\/www.claret.cat\/es\/wp-json\/wp\/v2\/media\/129344"}],"wp:attachment":[{"href":"https:\/\/www.claret.cat\/es\/wp-json\/wp\/v2\/media?parent=129343"}],"wp:term":[{"taxonomy":"product_brand","embeddable":true,"href":"https:\/\/www.claret.cat\/es\/wp-json\/wp\/v2\/product_brand?post=129343"},{"taxonomy":"product_cat","embeddable":true,"href":"https:\/\/www.claret.cat\/es\/wp-json\/wp\/v2\/product_cat?post=129343"},{"taxonomy":"product_tag","embeddable":true,"href":"https:\/\/www.claret.cat\/es\/wp-json\/wp\/v2\/product_tag?post=129343"}],"curies":[{"name":"wp","href":"https:\/\/api.w.org\/{rel}","templated":true}]}}

PINOCHET. BIOGRAFÍA MILITAR Y POLÍTICA

<p>En la actualidad, cuando una ola reaccionaria recorre el planeta y  diferentes voces en distintos países lo reivindican, esta biografía de Augusto Pinochet se vuelve más urgente que nunca. El general Augusto Pinochet integra el panteón de las personalidades más  siniestras de la historia. No solo en Chile, donde su régimen se cobró  la vida de miles de personas, torturó a tantas otras y destruyó la  democracia republicana, sino también a nivel mundial. El golpe de Estado  del 11 de septiembre de 1973 que derrocó al presidente Salvador Allende  y su posterior dictadura, que se prolongó hasta 1990; la imposición  feroz de los principios del neoliberalismo a partir de 1975 y su alto  costo en desempleo y hambre, y su detención en Londres en 1998 a  petición del juez Baltasar Garzón, fundada en la jurisdicción universal  frente a los crímenes de lesa humanidad, lo transforman en un personaje ineludible cuya figura regresa cada cierto tiempo. Amorós, apoyándose en una amplísima documentación inédita, reconstruye  la infancia de Pinochet y su vida familiar, relata al detalle su larga  trayectoria militar, y desvela episodios ocultos como su participación  en la masonería; examina su papel durante el gobierno de Allende y en  las horas dramáticas del golpe de Estado, y perfila su ambición de  poder, que lo llevó a erigir un régimen que, a partir del terror, refundó Chile desde sus cimientos.</p>

<p>AMORÓS, MARIO</p>

AMORÓS, MARIO

Cartoné
