{"id":130289,"date":"2022-10-12T23:45:53","date_gmt":"2022-10-12T21:45:53","guid":{"rendered":"http:\/\/dev.claret.cat\/producte\/mi-teresa\/"},"modified":"2024-05-23T20:36:57","modified_gmt":"2024-05-23T18:36:57","slug":"mi-teresa-9788470684715","status":"publish","type":"product","link":"https:\/\/www.claret.cat\/es\/libro\/mi-teresa-9788470684715\/","title":{"rendered":"MI TERESA"},"content":{"rendered":"<p>Mi Teresa. Mujer, Fundadora, Escritora y Santa es la segunda edici\u00f3n de Santa Teresa de Jes\u00fas. Nueva Biograf\u00eda (EDE, 2014), muy enriquecida con la lectura de los Procesos de Beatificaci\u00f3n y Canonizaci\u00f3n (6 vols., Burgos, 2015) y las novedades bibliogr\u00e1ficas aparecidas durante el V Centenario del nacimiento de la Santa (1515-2015). En esta \u00abnueva vida de Santa Teresa\u00bb aparece mejor dise\u00f1ado su hogar familiar: el padre, su variable situaci\u00f3n econ\u00f3mica y la supuesta nobleza; las haza\u00f1as de todos sus hermanos en Am\u00e9rica. Tambi\u00e9n est\u00e1 mejor perfilado con algunas novedades el estado patol\u00f3gico de la Santa y las interpretaciones modernas desde la ciencia m\u00e9dica. Novedad absoluta es comenzar esta nov\u00edsima Biograf\u00eda por el final: el \u00abDiscurso post mortem y la glorificaci\u00f3n\u00bb. Y concluir con la pregunta por la real o supuesta \u00abactualidad\u00bb de Santa Teresa y qu\u00e9 ense\u00f1anzas y actitudes pueden ser recuperables como cr\u00edtica o programa de acci\u00f3n en nuestro tiempo.<\/p>\n","protected":false},"excerpt":{"rendered":"<p>MAROTO, DANIEL DE PABLO<\/p>\n","protected":false},"featured_media":349744,"template":"","meta":{"_acf_changed":false,"om_disable_all_campaigns":false,"rs_blank_template":"","rs_page_bg_color":"","slide_template_v7":"","inline_featured_image":false,"_monsterinsights_skip_tracking":false,"_monsterinsights_sitenote_active":false,"_monsterinsights_sitenote_note":"","_monsterinsights_sitenote_category":0},"product_brand":[],"product_cat":[543,93,345,79,545,95,92,542],"product_tag":[],"class_list":{"0":"post-130289","1":"product","2":"type-product","3":"status-publish","4":"has-post-thumbnail","6":"product_cat-eclesiologia-es","7":"product_cat-eclesiologia","8":"product_cat-espiritualidad","9":"product_cat-espiritualitat","10":"product_cat-santoral-1_espiritualidad-spa","11":"product_cat-santoral","12":"product_cat-vida-religiosa","13":"product_cat-vida-religiosa-1_espiritualidad-spa","15":"first","16":"instock","17":"taxable","18":"shipping-taxable","19":"purchasable","20":"product-type-simple"},"acf":{"autor":"MAROTO, DANIEL DE PABLO","codart":"847068471","libros-coleccion":"","ediciones":"1","encuadernacion":"R\u00fastica","fecha_de_publicacion":"09\/05\/2019","novedad":"1","paginas":"410","subtitulo":"MUJER, FUNDADORA, ESCRITORA Y SANTA","orden":"0","portada":"0","idioma":"spa","editorial":[{"ID":148116,"post_author":"3","post_date":"2022-10-14 11:55:45","post_date_gmt":"2022-10-14 09:55:45","post_content":"","post_title":"ESPIRITUALIDAD","post_excerpt":"","post_status":"publish","comment_status":"closed","ping_status":"closed","post_password":"","post_name":"espiritualidad","to_ping":"","pinged":"","post_modified":"2022-10-14 11:55:45","post_modified_gmt":"2022-10-14 09:55:45","post_content_filtered":"","post_parent":0,"guid":"http:\/\/dev.claret.cat\/editorial\/espiritualidad\/","menu_order":0,"post_type":"editorial","post_mime_type":"","comment_count":"0","filter":"raw"}],"autores-libros":[{"ID":153569,"post_author":"3","post_date":"2022-10-14 14:57:48","post_date_gmt":"2022-10-14 12:57:48","post_content":"","post_title":"DANIEL DE PABLO MAROTO","post_excerpt":"","post_status":"publish","comment_status":"closed","ping_status":"closed","post_password":"","post_name":"daniel-de-pablo-maroto-2","to_ping":"","pinged":"","post_modified":"2022-10-14 14:57:48","post_modified_gmt":"2022-10-14 12:57:48","post_content_filtered":"","post_parent":0,"guid":"http:\/\/dev.claret.cat\/autor\/daniel-de-pablo-maroto-2\/","menu_order":0,"post_type":"autor","post_mime_type":"","comment_count":"0","filter":"raw"}]},"aioseo_notices":[],"_links":{"self":[{"href":"https:\/\/www.claret.cat\/es\/wp-json\/wp\/v2\/product\/130289","targetHints":{"allow":["GET"]}}],"collection":[{"href":"https:\/\/www.claret.cat\/es\/wp-json\/wp\/v2\/product"}],"about":[{"href":"https:\/\/www.claret.cat\/es\/wp-json\/wp\/v2\/types\/product"}],"wp:featuredmedia":[{"embeddable":true,"href":"https:\/\/www.claret.cat\/es\/wp-json\/wp\/v2\/media\/349744"}],"wp:attachment":[{"href":"https:\/\/www.claret.cat\/es\/wp-json\/wp\/v2\/media?parent=130289"}],"wp:term":[{"taxonomy":"product_brand","embeddable":true,"href":"https:\/\/www.claret.cat\/es\/wp-json\/wp\/v2\/product_brand?post=130289"},{"taxonomy":"product_cat","embeddable":true,"href":"https:\/\/www.claret.cat\/es\/wp-json\/wp\/v2\/product_cat?post=130289"},{"taxonomy":"product_tag","embeddable":true,"href":"https:\/\/www.claret.cat\/es\/wp-json\/wp\/v2\/product_tag?post=130289"}],"curies":[{"name":"wp","href":"https:\/\/api.w.org\/{rel}","templated":true}]}}

<p>Mi Teresa. Mujer, Fundadora, Escritora y Santa es la segunda edición de Santa Teresa de Jesús. Nueva Biografía (EDE, 2014), muy enriquecida con la lectura de los Procesos de Beatificación y Canonización (6 vols., Burgos, 2015) y las novedades bibliográficas aparecidas durante el V Centenario del nacimiento de la Santa (1515-2015). En esta «nueva vida de Santa Teresa» aparece mejor diseñado su hogar familiar: el padre, su variable situación económica y la supuesta nobleza; las hazañas de todos sus hermanos en América. También está mejor perfilado con algunas novedades el estado patológico de la Santa y las interpretaciones modernas desde la ciencia médica. Novedad absoluta es comenzar esta novísima Biografía por el final: el «Discurso post mortem y la glorificación». Y concluir con la pregunta por la real o supuesta «actualidad» de Santa Teresa y qué enseñanzas y actitudes pueden ser recuperables como crítica o programa de acción en nuestro tiempo.</p>

Rústica
