{"id":13030,"date":"2022-10-01T22:05:46","date_gmt":"2022-10-01T20:05:46","guid":{"rendered":"http:\/\/dev.claret.cat\/producte\/el-misteri-de-les-101-calaveres\/"},"modified":"2025-07-04T19:51:31","modified_gmt":"2025-07-04T17:51:31","slug":"els-futbolissims-15-el-misteri-de-les-101-calaveres-9788466145923","status":"publish","type":"product","link":"https:\/\/www.claret.cat\/es\/libro\/els-futbolissims-15-el-misteri-de-les-101-calaveres-9788466145923\/","title":{"rendered":"ELS FUTBOL\u00cdSSIMS 15. EL MISTERI DE LES 101 CALAVERES"},"content":{"rendered":"<p>Una col\u00b7lecci\u00f3 d&#8221;humor, amistat i molt de futbol!<br \/> El poble s&#8221;ha inundat, i el m\u00e9s misteri\u00f3s \u00e9s que no paren d&#8221;apar\u00e8ixer calaveres entre el fang. L&#8221;alcalde i la policia estan pensant en desallotjar el poble i mentrestant, al Pla de Dalt es preparen per un partit molt important contra el Green Thunder: la Copa Intercentres.<\/p>\n","protected":false},"excerpt":{"rendered":"<p>SANTIAGO, ROBERTO<\/p>\n","protected":false},"featured_media":1024982,"template":"","meta":{"_acf_changed":false,"om_disable_all_campaigns":false,"rs_blank_template":"","rs_page_bg_color":"","slide_template_v7":"","inline_featured_image":false,"_monsterinsights_skip_tracking":false,"_monsterinsights_sitenote_active":false,"_monsterinsights_sitenote_note":"","_monsterinsights_sitenote_category":0},"product_brand":[],"product_cat":[132,86,352,362],"product_tag":[],"class_list":{"0":"post-13030","1":"product","2":"type-product","3":"status-publish","4":"has-post-thumbnail","6":"product_cat-lectures-per-preadolescents-6-12-anys","7":"product_cat-infantil","8":"product_cat-infantil-3_infantil-juvenil-spa","9":"product_cat-libros-preadolescentes-6-12-anos","11":"first","12":"instock","13":"taxable","14":"shipping-taxable","15":"purchasable","16":"product-type-simple"},"acf":{"autor":"SANTIAGO, ROBERTO","codart":"846614592","libros-coleccion":"Los Futbol\u00edsimos","ediciones":"1","encuadernacion":"R\u00fastica","fecha_de_publicacion":"01\/04\/2019","novedad":"1","paginas":"299","subtitulo":"","orden":"0","portada":"0","idioma":"cat","autores-libros":[{"ID":5984,"post_author":"3","post_date":"2022-07-28 17:35:41","post_date_gmt":"2022-07-28 15:35:41","post_content":"","post_title":"ROBERTO SANTIAGO","post_excerpt":"","post_status":"publish","comment_status":"closed","ping_status":"closed","post_password":"","post_name":"roberto-santiago","to_ping":"","pinged":"","post_modified":"2022-07-28 17:35:41","post_modified_gmt":"2022-07-28 15:35:41","post_content_filtered":"","post_parent":0,"guid":"http:\/\/dev.claret.cat\/autor\/roberto-santiago\/","menu_order":0,"post_type":"autor","post_mime_type":"","comment_count":"0","filter":"raw"}],"editorial":[{"ID":147679,"post_author":"3","post_date":"2022-10-14 11:52:25","post_date_gmt":"2022-10-14 09:52:25","post_content":"","post_title":"CRUILLA \/SM-EDICIONS -VALENCIANO\/CATALAN","post_excerpt":"","post_status":"publish","comment_status":"closed","ping_status":"closed","post_password":"","post_name":"cruilla-sm-edicions-valenciano-catalan","to_ping":"","pinged":"","post_modified":"2022-10-14 11:52:25","post_modified_gmt":"2022-10-14 09:52:25","post_content_filtered":"","post_parent":0,"guid":"http:\/\/dev.claret.cat\/editorial\/cruilla-sm-edicions-valenciano-catalan\/","menu_order":0,"post_type":"editorial","post_mime_type":"","comment_count":"0","filter":"raw"}],"booktrailer":"","resenas":""},"aioseo_notices":[],"_links":{"self":[{"href":"https:\/\/www.claret.cat\/es\/wp-json\/wp\/v2\/product\/13030","targetHints":{"allow":["GET"]}}],"collection":[{"href":"https:\/\/www.claret.cat\/es\/wp-json\/wp\/v2\/product"}],"about":[{"href":"https:\/\/www.claret.cat\/es\/wp-json\/wp\/v2\/types\/product"}],"wp:featuredmedia":[{"embeddable":true,"href":"https:\/\/www.claret.cat\/es\/wp-json\/wp\/v2\/media\/1024982"}],"wp:attachment":[{"href":"https:\/\/www.claret.cat\/es\/wp-json\/wp\/v2\/media?parent=13030"}],"wp:term":[{"taxonomy":"product_brand","embeddable":true,"href":"https:\/\/www.claret.cat\/es\/wp-json\/wp\/v2\/product_brand?post=13030"},{"taxonomy":"product_cat","embeddable":true,"href":"https:\/\/www.claret.cat\/es\/wp-json\/wp\/v2\/product_cat?post=13030"},{"taxonomy":"product_tag","embeddable":true,"href":"https:\/\/www.claret.cat\/es\/wp-json\/wp\/v2\/product_tag?post=13030"}],"curies":[{"name":"wp","href":"https:\/\/api.w.org\/{rel}","templated":true}]}}

ELS FUTBOLÍSSIMS 15. EL MISTERI DE LES 101 CALAVERES

<p>Una col·lecció d&#8221;humor, amistat i molt de futbol!<br /> El poble s&#8221;ha inundat, i el més misteriós és que no paren d&#8221;aparèixer calaveres entre el fang. L&#8221;alcalde i la policia estan pensant en desallotjar el poble i mentrestant, al Pla de Dalt es preparen per un partit molt important contra el Green Thunder: la Copa Intercentres.</p>

Los Futbolísimos

Rústica
