{"id":131770,"date":"2022-10-13T00:34:36","date_gmt":"2022-10-12T22:34:36","guid":{"rendered":"http:\/\/dev.claret.cat\/producte\/violetas-de-marzo-2\/"},"modified":"2025-02-04T17:44:08","modified_gmt":"2025-02-04T16:44:08","slug":"violetas-de-marzo-9788491879985","status":"publish","type":"product","link":"https:\/\/www.claret.cat\/es\/libro\/violetas-de-marzo-9788491879985\/","title":{"rendered":"VIOLETAS DE MARZO"},"content":{"rendered":"<p>Bernie Gunther era un polic\u00eda en Berl\u00edn que, tras la llegada de Hitler al poder, se vio obligado a abandonar el cuerpo para no sentirse c\u00f3mplice de un gobierno que detesta. Ahora, en 1936, se gana la vida como detective privado resolviendo casos como el que le acaba de llegar. Un poderoso magnate quiere que encuentre un valioso collar de diamantes que ya ha causado la muerte de su hija y su yerno. Aunque el m\u00f3vil inicial aparentemente es el robo, Gunther descubre que los brutales asesinatos esconden algo m\u00e1s y que el rastro conduce a algunos nombre importantes de la Alemania nazi. LA PRIMERA NOVELA DE LA FAMOSA SERIE PROTAGONIZADA POR EL DETECTIVE BERNIE GUNTHER. \u00abLas novelas de Bernie Gunther son como un museo de historia antinatural que trazan el ascenso del fascismo en Alemania y el largo legado de la Segunda Guerra Mundial\u00bb. IAN RANKIN<\/p>\n","protected":false},"excerpt":{"rendered":"<p>KERR PHILIP<\/p>\n","protected":false},"featured_media":131771,"template":"","meta":{"_acf_changed":false,"om_disable_all_campaigns":false,"rs_blank_template":"","rs_page_bg_color":"","slide_template_v7":"","inline_featured_image":false,"_monsterinsights_skip_tracking":false,"_monsterinsights_sitenote_active":false,"_monsterinsights_sitenote_note":"","_monsterinsights_sitenote_category":0},"product_brand":[],"product_cat":[127,357],"product_tag":[],"class_list":{"0":"post-131770","1":"product","2":"type-product","3":"status-publish","4":"has-post-thumbnail","6":"product_cat-novella-contemporania","7":"product_cat-novela-contemporanea","9":"first","10":"instock","11":"taxable","12":"shipping-taxable","13":"purchasable","14":"product-type-simple"},"acf":{"editorial":[{"ID":148737,"post_author":"3","post_date":"2022-10-14 12:00:35","post_date_gmt":"2022-10-14 10:00:35","post_content":"","post_title":"RBA Libros","post_excerpt":"","post_status":"publish","comment_status":"closed","ping_status":"closed","post_password":"","post_name":"rba-libros","to_ping":"","pinged":"","post_modified":"2022-10-14 12:00:35","post_modified_gmt":"2022-10-14 10:00:35","post_content_filtered":"","post_parent":0,"guid":"http:\/\/dev.claret.cat\/editorial\/rba-libros\/","menu_order":0,"post_type":"editorial","post_mime_type":"","comment_count":"0","filter":"raw"}],"autor":"KERR PHILIP","codart":"849187998","libros-coleccion":"NOVELA POLIC\u00cdACA BIB","ediciones":"1","encuadernacion":"Carton\u00e9","fecha_de_publicacion":"01\/09\/2019","novedad":"1","paginas":"323","subtitulo":"","orden":"0","portada":"0","idioma":"spa","autores-libros":[{"ID":161640,"post_author":"3","post_date":"2022-10-14 17:19:51","post_date_gmt":"2022-10-14 15:19:51","post_content":"","post_title":"KERR PHILIP","post_excerpt":"","post_status":"publish","comment_status":"closed","ping_status":"closed","post_password":"","post_name":"kerr-philip","to_ping":"","pinged":"","post_modified":"2022-10-14 17:19:51","post_modified_gmt":"2022-10-14 15:19:51","post_content_filtered":"","post_parent":0,"guid":"http:\/\/dev.claret.cat\/autor\/kerr-philip\/","menu_order":0,"post_type":"autor","post_mime_type":"","comment_count":"0","filter":"raw"}]},"aioseo_notices":[],"_links":{"self":[{"href":"https:\/\/www.claret.cat\/es\/wp-json\/wp\/v2\/product\/131770","targetHints":{"allow":["GET"]}}],"collection":[{"href":"https:\/\/www.claret.cat\/es\/wp-json\/wp\/v2\/product"}],"about":[{"href":"https:\/\/www.claret.cat\/es\/wp-json\/wp\/v2\/types\/product"}],"wp:featuredmedia":[{"embeddable":true,"href":"https:\/\/www.claret.cat\/es\/wp-json\/wp\/v2\/media\/131771"}],"wp:attachment":[{"href":"https:\/\/www.claret.cat\/es\/wp-json\/wp\/v2\/media?parent=131770"}],"wp:term":[{"taxonomy":"product_brand","embeddable":true,"href":"https:\/\/www.claret.cat\/es\/wp-json\/wp\/v2\/product_brand?post=131770"},{"taxonomy":"product_cat","embeddable":true,"href":"https:\/\/www.claret.cat\/es\/wp-json\/wp\/v2\/product_cat?post=131770"},{"taxonomy":"product_tag","embeddable":true,"href":"https:\/\/www.claret.cat\/es\/wp-json\/wp\/v2\/product_tag?post=131770"}],"curies":[{"name":"wp","href":"https:\/\/api.w.org\/{rel}","templated":true}]}}

<p>Bernie Gunther era un policía en Berlín que, tras la llegada de Hitler al poder, se vio obligado a abandonar el cuerpo para no sentirse cómplice de un gobierno que detesta. Ahora, en 1936, se gana la vida como detective privado resolviendo casos como el que le acaba de llegar. Un poderoso magnate quiere que encuentre un valioso collar de diamantes que ya ha causado la muerte de su hija y su yerno. Aunque el móvil inicial aparentemente es el robo, Gunther descubre que los brutales asesinatos esconden algo más y que el rastro conduce a algunos nombre importantes de la Alemania nazi. LA PRIMERA NOVELA DE LA FAMOSA SERIE PROTAGONIZADA POR EL DETECTIVE BERNIE GUNTHER. «Las novelas de Bernie Gunther son como un museo de historia antinatural que trazan el ascenso del fascismo en Alemania y el largo legado de la Segunda Guerra Mundial». IAN RANKIN</p>

NOVELA POLICÍACA BIB

Cartoné
