{"id":131773,"date":"2022-10-13T00:34:38","date_gmt":"2022-10-12T22:34:38","guid":{"rendered":"http:\/\/dev.claret.cat\/producte\/metropolis-2\/"},"modified":"2025-02-04T17:46:51","modified_gmt":"2025-02-04T16:46:51","slug":"metropolis-9788491876830","status":"publish","type":"product","link":"https:\/\/www.claret.cat\/es\/libro\/metropolis-9788491876830\/","title":{"rendered":"METR\u00d3POLIS"},"content":{"rendered":"<p>En 1928, Berl\u00edn vive sus \u00faltimos d\u00edas de desenfreno antes de la ca\u00edda de la Rep\u00fablica de Weimar. En medio de toda esa vor\u00e1gine, se encuentra Bernie Gunther, un joven polic\u00eda que acaba de incorporarse al equipo de Homicidios. Su primer trabajo consiste en investigar las muertes de unas prostitutas a las que les han arrancado el cuero cabelludo. Cuando apenas ha empezado a estudiar el caso, aparece un nuevo cad\u00e1ver. Y poco despu\u00e9s, salen a la luz los ataques criminales a otro grupo marginal: el de los veteranos de guerra tullidos que malviven en la ciudad. Ante la indiferencia general, Gunther es uno de los pocos que cree que todo el mundo merece justicia. En la \u00faltima novela que escribi\u00f3, Philip Kerr explora los or\u00edgenes de Bernie Gunther, su personaje m\u00e1s emblem\u00e1tico. En un Berl\u00edn decadente en el que los nazis ya han iniciado su imparable ascenso, Gunther se convierte en un detective de Homicidios marcado por el oscuro destino de su pa\u00eds.<\/p>\n","protected":false},"excerpt":{"rendered":"<p>KERR PHILIP<\/p>\n","protected":false},"featured_media":131774,"template":"","meta":{"_acf_changed":false,"om_disable_all_campaigns":false,"rs_blank_template":"","rs_page_bg_color":"","slide_template_v7":"","inline_featured_image":false,"_monsterinsights_skip_tracking":false,"_monsterinsights_sitenote_active":false,"_monsterinsights_sitenote_note":"","_monsterinsights_sitenote_category":0},"product_brand":[],"product_cat":[127,357],"product_tag":[],"class_list":{"0":"post-131773","1":"product","2":"type-product","3":"status-publish","4":"has-post-thumbnail","6":"product_cat-novella-contemporania","7":"product_cat-novela-contemporanea","9":"first","10":"instock","11":"taxable","12":"shipping-taxable","13":"purchasable","14":"product-type-simple"},"acf":{"editorial":[{"ID":148737,"post_author":"3","post_date":"2022-10-14 12:00:35","post_date_gmt":"2022-10-14 10:00:35","post_content":"","post_title":"RBA Libros","post_excerpt":"","post_status":"publish","comment_status":"closed","ping_status":"closed","post_password":"","post_name":"rba-libros","to_ping":"","pinged":"","post_modified":"2022-10-14 12:00:35","post_modified_gmt":"2022-10-14 10:00:35","post_content_filtered":"","post_parent":0,"guid":"http:\/\/dev.claret.cat\/editorial\/rba-libros\/","menu_order":0,"post_type":"editorial","post_mime_type":"","comment_count":"0","filter":"raw"}],"autor":"KERR PHILIP","codart":"849187683","libros-coleccion":"NOVELA POLIC\u00cdACA BIB","ediciones":"1","encuadernacion":"Carton\u00e9","fecha_de_publicacion":"01\/09\/2019","novedad":"1","paginas":"323","subtitulo":"","orden":"0","portada":"0","idioma":"spa","autores-libros":[{"ID":161640,"post_author":"3","post_date":"2022-10-14 17:19:51","post_date_gmt":"2022-10-14 15:19:51","post_content":"","post_title":"KERR PHILIP","post_excerpt":"","post_status":"publish","comment_status":"closed","ping_status":"closed","post_password":"","post_name":"kerr-philip","to_ping":"","pinged":"","post_modified":"2022-10-14 17:19:51","post_modified_gmt":"2022-10-14 15:19:51","post_content_filtered":"","post_parent":0,"guid":"http:\/\/dev.claret.cat\/autor\/kerr-philip\/","menu_order":0,"post_type":"autor","post_mime_type":"","comment_count":"0","filter":"raw"}]},"aioseo_notices":[],"_links":{"self":[{"href":"https:\/\/www.claret.cat\/es\/wp-json\/wp\/v2\/product\/131773","targetHints":{"allow":["GET"]}}],"collection":[{"href":"https:\/\/www.claret.cat\/es\/wp-json\/wp\/v2\/product"}],"about":[{"href":"https:\/\/www.claret.cat\/es\/wp-json\/wp\/v2\/types\/product"}],"wp:featuredmedia":[{"embeddable":true,"href":"https:\/\/www.claret.cat\/es\/wp-json\/wp\/v2\/media\/131774"}],"wp:attachment":[{"href":"https:\/\/www.claret.cat\/es\/wp-json\/wp\/v2\/media?parent=131773"}],"wp:term":[{"taxonomy":"product_brand","embeddable":true,"href":"https:\/\/www.claret.cat\/es\/wp-json\/wp\/v2\/product_brand?post=131773"},{"taxonomy":"product_cat","embeddable":true,"href":"https:\/\/www.claret.cat\/es\/wp-json\/wp\/v2\/product_cat?post=131773"},{"taxonomy":"product_tag","embeddable":true,"href":"https:\/\/www.claret.cat\/es\/wp-json\/wp\/v2\/product_tag?post=131773"}],"curies":[{"name":"wp","href":"https:\/\/api.w.org\/{rel}","templated":true}]}}

METRÓPOLIS

<p>En 1928, Berlín vive sus últimos días de desenfreno antes de la caída de la República de Weimar. En medio de toda esa vorágine, se encuentra Bernie Gunther, un joven policía que acaba de incorporarse al equipo de Homicidios. Su primer trabajo consiste en investigar las muertes de unas prostitutas a las que les han arrancado el cuero cabelludo. Cuando apenas ha empezado a estudiar el caso, aparece un nuevo cadáver. Y poco después, salen a la luz los ataques criminales a otro grupo marginal: el de los veteranos de guerra tullidos que malviven en la ciudad. Ante la indiferencia general, Gunther es uno de los pocos que cree que todo el mundo merece justicia. En la última novela que escribió, Philip Kerr explora los orígenes de Bernie Gunther, su personaje más emblemático. En un Berlín decadente en el que los nazis ya han iniciado su imparable ascenso, Gunther se convierte en un detective de Homicidios marcado por el oscuro destino de su país.</p>

NOVELA POLICÍACA BIB

Cartoné
