{"id":132547,"date":"2022-10-13T00:46:19","date_gmt":"2022-10-12T22:46:19","guid":{"rendered":"http:\/\/dev.claret.cat\/producte\/el-convit\/"},"modified":"2023-11-14T11:55:16","modified_gmt":"2023-11-14T10:55:16","slug":"el-convit-9788498593167","status":"publish","type":"product","link":"https:\/\/www.claret.cat\/es\/libro\/el-convit-9788498593167\/","title":{"rendered":"EL CONVIT"},"content":{"rendered":"<p>Aquest volum cont\u00e9 un dels di\u00e0legs m\u00e9s populars de Plat\u00f3, El convit, tamb\u00e9 conegut com El banquet o El simposi, en qu\u00e8 diferents personatges reunits en un banquet organitzat pel poeta tr\u00e0gic Agat\u00f3 parlen i debaten sobre l&#8221;amor. El volum presenta el text original grec, la traducci\u00f3 al catal\u00e0 d&#8221;Eul\u00e0lia Presas, convenientment anotada, i un pr\u00f2leg a c\u00e0rrec d&#8221;Antoni Bosch-Veciana, professor de filosofia de la Universitat Ramon Llull.<\/p>\n","protected":false},"excerpt":{"rendered":"<p>, PLATO<\/p>\n","protected":false},"featured_media":941221,"template":"","meta":{"_acf_changed":false,"om_disable_all_campaigns":false,"rs_blank_template":"","rs_page_bg_color":"","slide_template_v7":"","inline_featured_image":false,"_monsterinsights_skip_tracking":false,"_monsterinsights_sitenote_active":false,"_monsterinsights_sitenote_note":"","_monsterinsights_sitenote_category":0},"product_brand":[],"product_cat":[373,166],"product_tag":[],"class_list":{"0":"post-132547","1":"product","2":"type-product","3":"status-publish","4":"has-post-thumbnail","6":"product_cat-autores","7":"product_cat-autors-filosofia","9":"first","10":"instock","11":"taxable","12":"shipping-taxable","13":"purchasable","14":"product-type-simple"},"acf":{"editorial":[{"ID":262136,"post_author":"3","post_date":"2022-10-24 11:20:24","post_date_gmt":"2022-10-24 09:20:24","post_content":"","post_title":"FUNDACIO BERNAT METGE","post_excerpt":"","post_status":"publish","comment_status":"closed","ping_status":"closed","post_password":"","post_name":"fundacio-bernat-metge","to_ping":"","pinged":"","post_modified":"2022-10-24 11:20:24","post_modified_gmt":"2022-10-24 09:20:24","post_content_filtered":"","post_parent":0,"guid":"http:\/\/dev.claret.cat\/editorial\/fundacio-bernat-metge\/","menu_order":0,"post_type":"editorial","post_mime_type":"","comment_count":"0","filter":"raw"}],"autor":", PLATO","codart":"849859316","libros-coleccion":"BERNAT METGE ESSENCIAL","ediciones":"1","encuadernacion":"R\u00fastica","fecha_de_publicacion":"01\/04\/2019","novedad":"1","paginas":"150","subtitulo":"","orden":"0","portada":"0","idioma":"cat","autores-libros":[{"ID":167366,"post_author":"3","post_date":"2022-10-14 18:10:38","post_date_gmt":"2022-10-14 16:10:38","post_content":"","post_title":"PLAT\u00d3","post_excerpt":"","post_status":"publish","comment_status":"closed","ping_status":"closed","post_password":"","post_name":"plato","to_ping":"","pinged":"","post_modified":"2022-10-14 18:10:38","post_modified_gmt":"2022-10-14 16:10:38","post_content_filtered":"","post_parent":0,"guid":"http:\/\/dev.claret.cat\/autor\/plato\/","menu_order":0,"post_type":"autor","post_mime_type":"","comment_count":"0","filter":"raw"}]},"aioseo_notices":[],"_links":{"self":[{"href":"https:\/\/www.claret.cat\/es\/wp-json\/wp\/v2\/product\/132547","targetHints":{"allow":["GET"]}}],"collection":[{"href":"https:\/\/www.claret.cat\/es\/wp-json\/wp\/v2\/product"}],"about":[{"href":"https:\/\/www.claret.cat\/es\/wp-json\/wp\/v2\/types\/product"}],"wp:featuredmedia":[{"embeddable":true,"href":"https:\/\/www.claret.cat\/es\/wp-json\/wp\/v2\/media\/941221"}],"wp:attachment":[{"href":"https:\/\/www.claret.cat\/es\/wp-json\/wp\/v2\/media?parent=132547"}],"wp:term":[{"taxonomy":"product_brand","embeddable":true,"href":"https:\/\/www.claret.cat\/es\/wp-json\/wp\/v2\/product_brand?post=132547"},{"taxonomy":"product_cat","embeddable":true,"href":"https:\/\/www.claret.cat\/es\/wp-json\/wp\/v2\/product_cat?post=132547"},{"taxonomy":"product_tag","embeddable":true,"href":"https:\/\/www.claret.cat\/es\/wp-json\/wp\/v2\/product_tag?post=132547"}],"curies":[{"name":"wp","href":"https:\/\/api.w.org\/{rel}","templated":true}]}}

<p>Aquest volum conté un dels diàlegs més populars de Plató, El convit, també conegut com El banquet o El simposi, en què diferents personatges reunits en un banquet organitzat pel poeta tràgic Agató parlen i debaten sobre l&#8221;amor. El volum presenta el text original grec, la traducció al català d&#8221;Eulàlia Presas, convenientment anotada, i un pròleg a càrrec d&#8221;Antoni Bosch-Veciana, professor de filosofia de la Universitat Ramon Llull.</p>

Rústica

PLATÓ
