{"id":132601,"date":"2022-10-13T00:47:07","date_gmt":"2022-10-12T22:47:07","guid":{"rendered":"http:\/\/dev.claret.cat\/producte\/aquell-estiu-sufocant\/"},"modified":"2025-06-19T13:35:48","modified_gmt":"2025-06-19T11:35:48","slug":"aquell-estiu-sufocant-9788412024432","status":"publish","type":"product","link":"https:\/\/www.claret.cat\/es\/libro\/aquell-estiu-sufocant-9788412024432\/","title":{"rendered":"AQUELL ESTIU SUFOCANT"},"content":{"rendered":"<p>En Bill, fill d&#8217;una fam\u00edlia aristocr\u00e0tica, ha susp\u00e8s els ex\u00e0mens d&#8217;acc\u00e9s a la universitat. Com a c\u00e0stig, durant l&#8217;estiu, en comptes de passar les vacances prop del mar amb la mare i els germans, s&#8217;haur\u00e0 de quedar estudiant a la finca de la fam\u00edlia, en companyia del seu pare, amb qui amb prou feines ha tingut mai tracte. A mesura que passen els dies, en un ambient de calor sufocant, en Bill comen\u00e7a a intuir el car\u00e0cter real del pare, que dista molt de la imatge que amaga darrere de les convencions socials.<\/p>\n","protected":false},"excerpt":{"rendered":"<p>VON KEYSERLING, EDUARD<\/p>\n","protected":false},"featured_media":132602,"template":"","meta":{"_acf_changed":false,"om_disable_all_campaigns":false,"rs_blank_template":"","rs_page_bg_color":"","slide_template_v7":"","inline_featured_image":false,"_monsterinsights_skip_tracking":false,"_monsterinsights_sitenote_active":false,"_monsterinsights_sitenote_note":"","_monsterinsights_sitenote_category":0},"product_brand":[],"product_cat":[87,353],"product_tag":[],"class_list":{"0":"post-132601","1":"product","2":"type-product","3":"status-publish","4":"has-post-thumbnail","6":"product_cat-literatura","7":"product_cat-literatura-2_humanidades","9":"first","10":"instock","11":"taxable","12":"shipping-taxable","13":"purchasable","14":"product-type-simple"},"acf":{"editorial":[{"ID":6392,"post_author":"3","post_date":"2022-07-28 17:51:10","post_date_gmt":"2022-07-28 15:51:10","post_content":"","post_title":"Viena","post_excerpt":"","post_status":"publish","comment_status":"closed","ping_status":"closed","post_password":"","post_name":"viena","to_ping":"","pinged":"","post_modified":"2022-07-28 17:51:10","post_modified_gmt":"2022-07-28 15:51:10","post_content_filtered":"","post_parent":0,"guid":"http:\/\/dev.claret.cat\/editorial\/viena\/","menu_order":0,"post_type":"editorial","post_mime_type":"","comment_count":"0","filter":"raw"}],"autores-libros":[{"ID":154565,"post_author":"3","post_date":"2022-10-14 15:05:49","post_date_gmt":"2022-10-14 13:05:49","post_content":"","post_title":"EDUARD VON KEYSERLING","post_excerpt":"","post_status":"publish","comment_status":"closed","ping_status":"closed","post_password":"","post_name":"eduard-von-keyserling","to_ping":"","pinged":"","post_modified":"2022-10-14 15:05:49","post_modified_gmt":"2022-10-14 13:05:49","post_content_filtered":"","post_parent":0,"guid":"http:\/\/dev.claret.cat\/autor\/eduard-von-keyserling\/","menu_order":0,"post_type":"autor","post_mime_type":"","comment_count":"0","filter":"raw"}],"autor":"VON KEYSERLING, EDUARD","codart":"841202443","libros-coleccion":"Petits Plaers","ediciones":"1","encuadernacion":"R\u00fastica","fecha_de_publicacion":"01\/06\/2019","novedad":"1","paginas":"105","subtitulo":"","orden":"0","portada":"0","idioma":"cat","booktrailer":"","resenas":""},"aioseo_notices":[],"_links":{"self":[{"href":"https:\/\/www.claret.cat\/es\/wp-json\/wp\/v2\/product\/132601","targetHints":{"allow":["GET"]}}],"collection":[{"href":"https:\/\/www.claret.cat\/es\/wp-json\/wp\/v2\/product"}],"about":[{"href":"https:\/\/www.claret.cat\/es\/wp-json\/wp\/v2\/types\/product"}],"wp:featuredmedia":[{"embeddable":true,"href":"https:\/\/www.claret.cat\/es\/wp-json\/wp\/v2\/media\/132602"}],"wp:attachment":[{"href":"https:\/\/www.claret.cat\/es\/wp-json\/wp\/v2\/media?parent=132601"}],"wp:term":[{"taxonomy":"product_brand","embeddable":true,"href":"https:\/\/www.claret.cat\/es\/wp-json\/wp\/v2\/product_brand?post=132601"},{"taxonomy":"product_cat","embeddable":true,"href":"https:\/\/www.claret.cat\/es\/wp-json\/wp\/v2\/product_cat?post=132601"},{"taxonomy":"product_tag","embeddable":true,"href":"https:\/\/www.claret.cat\/es\/wp-json\/wp\/v2\/product_tag?post=132601"}],"curies":[{"name":"wp","href":"https:\/\/api.w.org\/{rel}","templated":true}]}}

<p>En Bill, fill d&#8217;una família aristocràtica, ha suspès els exàmens d&#8217;accés a la universitat. Com a càstig, durant l&#8217;estiu, en comptes de passar les vacances prop del mar amb la mare i els germans, s&#8217;haurà de quedar estudiant a la finca de la família, en companyia del seu pare, amb qui amb prou feines ha tingut mai tracte. A mesura que passen els dies, en un ambient de calor sufocant, en Bill comença a intuir el caràcter real del pare, que dista molt de la imatge que amaga darrere de les convencions socials.</p>

Rústica
