{"id":13288,"date":"2022-10-01T22:10:16","date_gmt":"2022-10-01T20:10:16","guid":{"rendered":"http:\/\/dev.claret.cat\/producte\/los-errantes\/"},"modified":"2023-01-28T10:37:57","modified_gmt":"2023-01-28T09:37:57","slug":"los-errantes-9788433980533","status":"publish","type":"product","link":"https:\/\/www.claret.cat\/es\/libro\/los-errantes-9788433980533\/","title":{"rendered":"LOS ERRANTES"},"content":{"rendered":"<p>Este es un libro inquieto e inquietante, hecho de \u00abhistorias incompletas, cuentos on\u00edricos\u00bb subsumidos en un lib\u00e9rrimo cuaderno de viaje a base de excursos, apuntes, narraciones y recuerdos que muchas veces tienen como tema el viaje mismo: as\u00ed, el relato de Kunicki, que tendr\u00e1 que enfrentarse a la desaparici\u00f3n de su esposa y su hijo, y a su reaparici\u00f3n enloquecedoramente enigm\u00e1tica. O el de Annushka, obsesionada por comprender los incomprensibles juramentos que profiere una pedig\u00fce\u00f1a. Y tambi\u00e9n el relato real de c\u00f3mo el coraz\u00f3n de Chopin lleg\u00f3 a Polonia escondido en las enaguas de su hermana; o el del anatomista Philip Verheyen, que escrib\u00eda cartas a su pierna amputada y disecada; cartas como las que le mandaba Josefine Soliman al emperador de Aus-tria para recuperar el cuerpo de su padre, disecado como la pierna de Verheyen e infamantemente expuesto en la corte donde hab\u00eda servido en vida.<\/p>\n","protected":false},"excerpt":{"rendered":"<p>TOKARCZUK, OLGA<\/p>\n","protected":false},"featured_media":67374,"template":"","meta":{"_acf_changed":false,"om_disable_all_campaigns":false,"rs_blank_template":"","rs_page_bg_color":"","slide_template_v7":"","inline_featured_image":false,"_monsterinsights_skip_tracking":false,"_monsterinsights_sitenote_active":false,"_monsterinsights_sitenote_note":"","_monsterinsights_sitenote_category":0},"product_brand":[],"product_cat":[127],"product_tag":[],"class_list":{"0":"post-13288","1":"product","2":"type-product","3":"status-publish","4":"has-post-thumbnail","6":"product_cat-novella-contemporania","8":"first","9":"instock","10":"taxable","11":"shipping-taxable","12":"purchasable","13":"product-type-simple"},"acf":{"autor":"TOKARCZUK, OLGA","codart":"843398053","libros-coleccion":"Panorama de narrativas","ediciones":"1","encuadernacion":"R\u00fastica","fecha_de_publicacion":"23\/10\/2019","novedad":"1","paginas":"400","subtitulo":"","orden":"0","portada":"0","idioma":"spa","editorial":[{"ID":6219,"post_author":"3","post_date":"2022-07-28 17:47:26","post_date_gmt":"2022-07-28 15:47:26","post_content":"","post_title":"Editorial Anagrama S.A.","post_excerpt":"","post_status":"publish","comment_status":"closed","ping_status":"closed","post_password":"","post_name":"editorial-anagrama-s-a","to_ping":"","pinged":"","post_modified":"2022-07-28 17:47:26","post_modified_gmt":"2022-07-28 15:47:26","post_content_filtered":"","post_parent":0,"guid":"http:\/\/dev.claret.cat\/editorial\/editorial-anagrama-s-a\/","menu_order":0,"post_type":"editorial","post_mime_type":"","comment_count":"0","filter":"raw"}],"autores-libros":[{"ID":166160,"post_author":"3","post_date":"2022-10-14 18:00:54","post_date_gmt":"2022-10-14 16:00:54","post_content":"","post_title":"OLGA TOKARCZUK","post_excerpt":"","post_status":"publish","comment_status":"closed","ping_status":"closed","post_password":"","post_name":"olga-tokarczuk","to_ping":"","pinged":"","post_modified":"2022-10-14 18:00:54","post_modified_gmt":"2022-10-14 16:00:54","post_content_filtered":"","post_parent":0,"guid":"http:\/\/dev.claret.cat\/autor\/olga-tokarczuk\/","menu_order":0,"post_type":"autor","post_mime_type":"","comment_count":"0","filter":"raw"}]},"aioseo_notices":[],"_links":{"self":[{"href":"https:\/\/www.claret.cat\/es\/wp-json\/wp\/v2\/product\/13288","targetHints":{"allow":["GET"]}}],"collection":[{"href":"https:\/\/www.claret.cat\/es\/wp-json\/wp\/v2\/product"}],"about":[{"href":"https:\/\/www.claret.cat\/es\/wp-json\/wp\/v2\/types\/product"}],"wp:featuredmedia":[{"embeddable":true,"href":"https:\/\/www.claret.cat\/es\/wp-json\/wp\/v2\/media\/67374"}],"wp:attachment":[{"href":"https:\/\/www.claret.cat\/es\/wp-json\/wp\/v2\/media?parent=13288"}],"wp:term":[{"taxonomy":"product_brand","embeddable":true,"href":"https:\/\/www.claret.cat\/es\/wp-json\/wp\/v2\/product_brand?post=13288"},{"taxonomy":"product_cat","embeddable":true,"href":"https:\/\/www.claret.cat\/es\/wp-json\/wp\/v2\/product_cat?post=13288"},{"taxonomy":"product_tag","embeddable":true,"href":"https:\/\/www.claret.cat\/es\/wp-json\/wp\/v2\/product_tag?post=13288"}],"curies":[{"name":"wp","href":"https:\/\/api.w.org\/{rel}","templated":true}]}}

<p>Este es un libro inquieto e inquietante, hecho de «historias incompletas, cuentos oníricos» subsumidos en un libérrimo cuaderno de viaje a base de excursos, apuntes, narraciones y recuerdos que muchas veces tienen como tema el viaje mismo: así, el relato de Kunicki, que tendrá que enfrentarse a la desaparición de su esposa y su hijo, y a su reaparición enloquecedoramente enigmática. O el de Annushka, obsesionada por comprender los incomprensibles juramentos que profiere una pedigüeña. Y también el relato real de cómo el corazón de Chopin llegó a Polonia escondido en las enaguas de su hermana; o el del anatomista Philip Verheyen, que escribía cartas a su pierna amputada y disecada; cartas como las que le mandaba Josefine Soliman al emperador de Aus-tria para recuperar el cuerpo de su padre, disecado como la pierna de Verheyen e infamantemente expuesto en la corte donde había servido en vida.</p>

Rústica
