{"id":133021,"date":"2022-10-13T00:53:29","date_gmt":"2022-10-12T22:53:29","guid":{"rendered":"http:\/\/dev.claret.cat\/producte\/ayax-las-traquinias-antigona-edipo-rey\/"},"modified":"2023-01-28T20:11:51","modified_gmt":"2023-01-28T19:11:51","slug":"ayax-las-traquinias-antigona-edipo-rey-9788420674643","status":"publish","type":"product","link":"https:\/\/www.claret.cat\/es\/libro\/ayax-las-traquinias-antigona-edipo-rey-9788420674643\/","title":{"rendered":"\u00c1YAX. LAS TRAQUINIAS. ANT\u00cdGONA. EDIPO REY"},"content":{"rendered":"<p>Nacido en Colono poco antes de las Guerras M\u00e9dicas, S\u00f3focles (h. 495-h. 406 a.C.) vivi\u00f3 la \u00e9poca del apogeo y el esplendor de la democracia ateniense, as\u00ed como el ambiente intelectual de la sof\u00edstica. M\u00e1s joven que Esquilo y mayor que Eur\u00edpides, su obra representa el equilibrio y la perfecci\u00f3n del g\u00e9nero tr\u00e1gico. Sus tragedias exploran la suerte del hombre en relaci\u00f3n con el orden universal y propugnan un nuevo tipo de h\u00e9roe, alejado por igual del h\u00e9roe aristocr\u00e1tico y del ideal sof\u00edstico que hac\u00eda al hombre centro del mundo. Este volumen re\u00fane cuatro de sus obras m\u00e1s importantes, como son  &#8216;\u00c1yax&#8217;,  &#8216;Las traquinias&#8217;,  &#8216;Ant\u00edgona&#8217; y &#8216;Edipo rey&#8217;.<\/p>\n","protected":false},"excerpt":{"rendered":"<p>S\u00d3FOCLES<\/p>\n","protected":false},"featured_media":133022,"template":"","meta":{"_acf_changed":false,"om_disable_all_campaigns":false,"rs_blank_template":"","rs_page_bg_color":"","slide_template_v7":"","inline_featured_image":false,"_monsterinsights_skip_tracking":false,"_monsterinsights_sitenote_active":false,"_monsterinsights_sitenote_note":"","_monsterinsights_sitenote_category":0},"product_brand":[],"product_cat":[87],"product_tag":[],"class_list":{"0":"post-133021","1":"product","2":"type-product","3":"status-publish","4":"has-post-thumbnail","6":"product_cat-literatura","8":"first","9":"instock","10":"taxable","11":"shipping-taxable","12":"purchasable","13":"product-type-simple"},"acf":{"editorial":[{"ID":6119,"post_author":"3","post_date":"2022-07-28 17:45:18","post_date_gmt":"2022-07-28 15:45:18","post_content":"","post_title":"Alianza Editorial","post_excerpt":"","post_status":"publish","comment_status":"closed","ping_status":"closed","post_password":"","post_name":"alianza-editorial","to_ping":"","pinged":"","post_modified":"2022-07-28 17:45:18","post_modified_gmt":"2022-07-28 15:45:18","post_content_filtered":"","post_parent":0,"guid":"http:\/\/dev.claret.cat\/editorial\/alianza-editorial\/","menu_order":0,"post_type":"editorial","post_mime_type":"","comment_count":"0","filter":"raw"}],"autor":"S\u00d3FOCLES","codart":"842067464","libros-coleccion":"El Libro De Bolsillo - Cl\u00e1sicos De Greci","ediciones":"1","encuadernacion":"R\u00fastica","fecha_de_publicacion":"01\/04\/2013","novedad":"1","paginas":"332","subtitulo":"","orden":"0","portada":"0","idioma":"spa"},"aioseo_notices":[],"_links":{"self":[{"href":"https:\/\/www.claret.cat\/es\/wp-json\/wp\/v2\/product\/133021","targetHints":{"allow":["GET"]}}],"collection":[{"href":"https:\/\/www.claret.cat\/es\/wp-json\/wp\/v2\/product"}],"about":[{"href":"https:\/\/www.claret.cat\/es\/wp-json\/wp\/v2\/types\/product"}],"wp:featuredmedia":[{"embeddable":true,"href":"https:\/\/www.claret.cat\/es\/wp-json\/wp\/v2\/media\/133022"}],"wp:attachment":[{"href":"https:\/\/www.claret.cat\/es\/wp-json\/wp\/v2\/media?parent=133021"}],"wp:term":[{"taxonomy":"product_brand","embeddable":true,"href":"https:\/\/www.claret.cat\/es\/wp-json\/wp\/v2\/product_brand?post=133021"},{"taxonomy":"product_cat","embeddable":true,"href":"https:\/\/www.claret.cat\/es\/wp-json\/wp\/v2\/product_cat?post=133021"},{"taxonomy":"product_tag","embeddable":true,"href":"https:\/\/www.claret.cat\/es\/wp-json\/wp\/v2\/product_tag?post=133021"}],"curies":[{"name":"wp","href":"https:\/\/api.w.org\/{rel}","templated":true}]}}

ÁYAX. LAS TRAQUINIAS. ANTÍGONA. EDIPO REY

<p>Nacido en Colono poco antes de las Guerras Médicas, Sófocles (h. 495-h. 406 a.C.) vivió la época del apogeo y el esplendor de la democracia ateniense, así como el ambiente intelectual de la sofística. Más joven que Esquilo y mayor que Eurípides, su obra representa el equilibrio y la perfección del género trágico. Sus tragedias exploran la suerte del hombre en relación con el orden universal y propugnan un nuevo tipo de héroe, alejado por igual del héroe aristocrático y del ideal sofístico que hacía al hombre centro del mundo. Este volumen reúne cuatro de sus obras más importantes, como son  &#8216;Áyax&#8217;,  &#8216;Las traquinias&#8217;,  &#8216;Antígona&#8217; y &#8216;Edipo rey&#8217;.</p>

<p>SÓFOCLES</p>

SÓFOCLES

El Libro De Bolsillo - Clásicos De Greci

Rústica
