{"id":134192,"date":"2022-10-13T08:30:29","date_gmt":"2022-10-13T06:30:29","guid":{"rendered":"http:\/\/dev.claret.cat\/producte\/con-una-sonrisa\/"},"modified":"2023-01-28T01:05:51","modified_gmt":"2023-01-28T00:05:51","slug":"con-una-sonrisa","status":"publish","type":"product","link":"https:\/\/www.claret.cat\/es\/libro\/con-una-sonrisa\/","title":{"rendered":"CON UNA SONRISA"},"content":{"rendered":"<p>El libro m\u00e1s personal de Ana Guerra. Hace solo un a\u00f1o, mi sue\u00f1o de dedicarme a la m\u00fasica se hizo realidad. Eso es lo m\u00e1s maravilloso que me ha pasado jam\u00e1s. Pero tambi\u00e9n me da mucho v\u00e9rtigo. Por eso intento no olvidar nunca todo lo que he aprendido en el largo camino que me ha tra\u00eddo hasta aqu\u00ed. Y as\u00ed es como naci\u00f3 este libro, para recordar cu\u00e1les son las cosas importantes de esta vida y para dar las gracias, con una sonrisa, a todas las personas que me han acompa\u00f1ado en este viaje.<\/p>\n","protected":false},"excerpt":{"rendered":"<p>GUERRA, ANA<\/p>\n","protected":false},"featured_media":134193,"template":"","meta":{"_acf_changed":false,"om_disable_all_campaigns":false,"rs_blank_template":"","rs_page_bg_color":"","slide_template_v7":"","inline_featured_image":false,"_monsterinsights_skip_tracking":false,"_monsterinsights_sitenote_active":false,"_monsterinsights_sitenote_note":"","_monsterinsights_sitenote_category":0},"product_brand":[],"product_cat":[565,116,111,332],"product_tag":[],"class_list":{"0":"post-134192","1":"product","2":"type-product","3":"status-publish","4":"has-post-thumbnail","6":"product_cat-influencers-3_infantil-juvenil-spa-spa","7":"product_cat-influencers","8":"product_cat-musica","9":"product_cat-musica-4_escolar-spa","11":"first","12":"instock","13":"taxable","14":"shipping-taxable","15":"purchasable","16":"product-type-simple"},"acf":{"editorial":[{"ID":6233,"post_author":"3","post_date":"2022-07-28 17:47:48","post_date_gmt":"2022-07-28 15:47:48","post_content":"","post_title":"EDITORIAL PLANETA","post_excerpt":"","post_status":"publish","comment_status":"closed","ping_status":"closed","post_password":"","post_name":"editorial-planeta","to_ping":"","pinged":"","post_modified":"2022-07-28 17:47:48","post_modified_gmt":"2022-07-28 15:47:48","post_content_filtered":"","post_parent":0,"guid":"http:\/\/dev.claret.cat\/editorial\/editorial-planeta\/","menu_order":0,"post_type":"editorial","post_mime_type":"","comment_count":"0","filter":"raw"}],"autor":"GUERRA, ANA","codart":"840820785","libros-coleccion":"","ediciones":"1","encuadernacion":"Carton\u00e9","fecha_de_publicacion":"12\/04\/2019","novedad":"1","paginas":"160","subtitulo":"","orden":"0","portada":"0","idioma":"spa","autores-libros":[{"ID":150084,"post_author":"3","post_date":"2022-10-14 14:30:06","post_date_gmt":"2022-10-14 12:30:06","post_content":"","post_title":"ANA GUERRA","post_excerpt":"","post_status":"publish","comment_status":"closed","ping_status":"closed","post_password":"","post_name":"ana-guerra","to_ping":"","pinged":"","post_modified":"2022-10-14 14:30:06","post_modified_gmt":"2022-10-14 12:30:06","post_content_filtered":"","post_parent":0,"guid":"http:\/\/dev.claret.cat\/autor\/ana-guerra\/","menu_order":0,"post_type":"autor","post_mime_type":"","comment_count":"0","filter":"raw"}]},"aioseo_notices":[],"_links":{"self":[{"href":"https:\/\/www.claret.cat\/es\/wp-json\/wp\/v2\/product\/134192","targetHints":{"allow":["GET"]}}],"collection":[{"href":"https:\/\/www.claret.cat\/es\/wp-json\/wp\/v2\/product"}],"about":[{"href":"https:\/\/www.claret.cat\/es\/wp-json\/wp\/v2\/types\/product"}],"wp:featuredmedia":[{"embeddable":true,"href":"https:\/\/www.claret.cat\/es\/wp-json\/wp\/v2\/media\/134193"}],"wp:attachment":[{"href":"https:\/\/www.claret.cat\/es\/wp-json\/wp\/v2\/media?parent=134192"}],"wp:term":[{"taxonomy":"product_brand","embeddable":true,"href":"https:\/\/www.claret.cat\/es\/wp-json\/wp\/v2\/product_brand?post=134192"},{"taxonomy":"product_cat","embeddable":true,"href":"https:\/\/www.claret.cat\/es\/wp-json\/wp\/v2\/product_cat?post=134192"},{"taxonomy":"product_tag","embeddable":true,"href":"https:\/\/www.claret.cat\/es\/wp-json\/wp\/v2\/product_tag?post=134192"}],"curies":[{"name":"wp","href":"https:\/\/api.w.org\/{rel}","templated":true}]}}

<p>El libro más personal de Ana Guerra. Hace solo un año, mi sueño de dedicarme a la música se hizo realidad. Eso es lo más maravilloso que me ha pasado jamás. Pero también me da mucho vértigo. Por eso intento no olvidar nunca todo lo que he aprendido en el largo camino que me ha traído hasta aquí. Y así es como nació este libro, para recordar cuáles son las cosas importantes de esta vida y para dar las gracias, con una sonrisa, a todas las personas que me han acompañado en este viaje.</p>

Cartoné
