{"id":134321,"date":"2022-10-13T08:32:26","date_gmt":"2022-10-13T06:32:26","guid":{"rendered":"http:\/\/dev.claret.cat\/producte\/el-hijo-del-trueno\/"},"modified":"2025-04-07T12:16:52","modified_gmt":"2025-04-07T10:16:52","slug":"el-hijo-del-trueno-9788427217171","status":"publish","type":"product","link":"https:\/\/www.claret.cat\/es\/libro\/el-hijo-del-trueno-9788427217171\/","title":{"rendered":"EL HIJO DEL TRUENO"},"content":{"rendered":"<p>zane TIENE MAGIA EN LA SANGRE? ? MAGIA QUE CREA Y QUE DESTRUYE. Zane Obispo tiene 13 a\u00f1os, una molesta cojera y una mejor amiga perruna medio d\u00e1lmata, medio b\u00f3xer. Y, cuando el volc\u00e1n junto al que vive despierta y libera una misteriosa fuerza oculta, empieza tambi\u00e9n a tener un gran problema. Ayudado por Brooks, una chica literalmente m\u00e1gica, se adentrar\u00e1 en un mundo m\u00edtico, poblado por demonios, gigantes y diosas del chocolate. Zane descubrir\u00e1 que el destino de dioses y humanos depende de \u00e9l<\/p>\n","protected":false},"excerpt":{"rendered":"<p>CERVANTES J.C.<\/p>\n","protected":false},"featured_media":134322,"template":"","meta":{"_acf_changed":false,"om_disable_all_campaigns":false,"rs_blank_template":"","rs_page_bg_color":"","slide_template_v7":"","inline_featured_image":false,"_monsterinsights_skip_tracking":false,"_monsterinsights_sitenote_active":false,"_monsterinsights_sitenote_note":"","_monsterinsights_sitenote_category":0},"product_brand":[],"product_cat":[117,566],"product_tag":[],"class_list":{"0":"post-134321","1":"product","2":"type-product","3":"status-publish","4":"has-post-thumbnail","6":"product_cat-juvenil","7":"product_cat-juvenil-3_infantil-juvenil-spa-spa","9":"first","10":"instock","11":"taxable","12":"shipping-taxable","13":"purchasable","14":"product-type-simple"},"acf":{"editorial":[{"ID":6346,"post_author":"3","post_date":"2022-07-28 17:50:13","post_date_gmt":"2022-07-28 15:50:13","post_content":"","post_title":"RBA Molino","post_excerpt":"","post_status":"publish","comment_status":"closed","ping_status":"closed","post_password":"","post_name":"rba-molino","to_ping":"","pinged":"","post_modified":"2022-07-28 17:50:13","post_modified_gmt":"2022-07-28 15:50:13","post_content_filtered":"","post_parent":0,"guid":"http:\/\/dev.claret.cat\/editorial\/rba-molino\/","menu_order":0,"post_type":"editorial","post_mime_type":"","comment_count":"0","filter":"raw"}],"autor":"CERVANTES J.C.","codart":"842721717","libros-coleccion":"FICCI\u00d3N JUVENIL","ediciones":"1","encuadernacion":"Carton\u00e9","fecha_de_publicacion":"01\/04\/2019","novedad":"1","paginas":"461","subtitulo":"","orden":"0","portada":"0","idioma":"spa","autores-libros":[{"ID":152701,"post_author":"3","post_date":"2022-10-14 14:50:53","post_date_gmt":"2022-10-14 12:50:53","post_content":"","post_title":"CERVANTES J.C.","post_excerpt":"","post_status":"publish","comment_status":"closed","ping_status":"closed","post_password":"","post_name":"cervantes-j-c","to_ping":"","pinged":"","post_modified":"2022-10-14 14:50:53","post_modified_gmt":"2022-10-14 12:50:53","post_content_filtered":"","post_parent":0,"guid":"http:\/\/dev.claret.cat\/autor\/cervantes-j-c\/","menu_order":0,"post_type":"autor","post_mime_type":"","comment_count":"0","filter":"raw"}]},"aioseo_notices":[],"_links":{"self":[{"href":"https:\/\/www.claret.cat\/es\/wp-json\/wp\/v2\/product\/134321","targetHints":{"allow":["GET"]}}],"collection":[{"href":"https:\/\/www.claret.cat\/es\/wp-json\/wp\/v2\/product"}],"about":[{"href":"https:\/\/www.claret.cat\/es\/wp-json\/wp\/v2\/types\/product"}],"wp:featuredmedia":[{"embeddable":true,"href":"https:\/\/www.claret.cat\/es\/wp-json\/wp\/v2\/media\/134322"}],"wp:attachment":[{"href":"https:\/\/www.claret.cat\/es\/wp-json\/wp\/v2\/media?parent=134321"}],"wp:term":[{"taxonomy":"product_brand","embeddable":true,"href":"https:\/\/www.claret.cat\/es\/wp-json\/wp\/v2\/product_brand?post=134321"},{"taxonomy":"product_cat","embeddable":true,"href":"https:\/\/www.claret.cat\/es\/wp-json\/wp\/v2\/product_cat?post=134321"},{"taxonomy":"product_tag","embeddable":true,"href":"https:\/\/www.claret.cat\/es\/wp-json\/wp\/v2\/product_tag?post=134321"}],"curies":[{"name":"wp","href":"https:\/\/api.w.org\/{rel}","templated":true}]}}

<p>zane TIENE MAGIA EN LA SANGRE? ? MAGIA QUE CREA Y QUE DESTRUYE. Zane Obispo tiene 13 años, una molesta cojera y una mejor amiga perruna medio dálmata, medio bóxer. Y, cuando el volcán junto al que vive despierta y libera una misteriosa fuerza oculta, empieza también a tener un gran problema. Ayudado por Brooks, una chica literalmente mágica, se adentrará en un mundo mítico, poblado por demonios, gigantes y diosas del chocolate. Zane descubrirá que el destino de dioses y humanos depende de él</p>

FICCIÓN JUVENIL

Cartoné
