{"id":134801,"date":"2022-10-13T08:39:50","date_gmt":"2022-10-13T06:39:50","guid":{"rendered":"http:\/\/dev.claret.cat\/producte\/el-cielo-de-piedra-la-tierra-fragmentada-3\/"},"modified":"2023-01-28T20:31:55","modified_gmt":"2023-01-28T19:31:55","slug":"el-cielo-de-piedra-la-tierra-fragmentada-3-9788417347307","status":"publish","type":"product","link":"https:\/\/www.claret.cat\/es\/libro\/el-cielo-de-piedra-la-tierra-fragmentada-3-9788417347307\/","title":{"rendered":"EL CIELO DE PIEDRA (LA TIERRA FRAGMENTADA 3)"},"content":{"rendered":"<p>El cielo de piedra es la conclusi\u00f3n de la aclamada trilog\u00eda superventas de The New York Times \u00abLa Tierra  Fragmentada\u00bb, que inspirar\u00e1 una serie de televisi\u00f3n producida por la  TNT. Por la autora que ha hecho historia al ganar tres Premios Hugo consecutivos a la mejor novela. La luna volver\u00e1 pronto. Que su regreso proclame la destrucci\u00f3n de la  humanidad depender\u00e1 de dos mujeres. Essun ha heredado el poder de  alabastro Decanillado. Con \u00e9l espera encontrar a su hija Nassun y forjar  un mundo en que los ni\u00f1os orogenes crezcan a salvo. Para Nassun, el que  su madre haya sido capaz de dominar el Portal de los Obeliscos es algo  que llega tarde. Ha sido testigo del mal que hay en el mundo y ha  aceptado lo que Essun no comprende: que, a veces, lo que est\u00e1 corrompido no se puede purificar y hay que destruirlo. Esta obra ya ha sido galardonada con los premios Hugo y Nebula 2018 a la mejor novela.<\/p>\n","protected":false},"excerpt":{"rendered":"<p>JEMISIN, N.K.<\/p>\n","protected":false},"featured_media":134802,"template":"","meta":{"_acf_changed":false,"om_disable_all_campaigns":false,"rs_blank_template":"","rs_page_bg_color":"","slide_template_v7":"","inline_featured_image":false,"_monsterinsights_skip_tracking":false,"_monsterinsights_sitenote_active":false,"_monsterinsights_sitenote_note":"","_monsterinsights_sitenote_category":0},"product_brand":[],"product_cat":[87],"product_tag":[],"class_list":{"0":"post-134801","1":"product","2":"type-product","3":"status-publish","4":"has-post-thumbnail","6":"product_cat-literatura","8":"first","9":"instock","10":"taxable","11":"shipping-taxable","12":"purchasable","13":"product-type-simple"},"acf":{"autor":"JEMISIN, N.K.","codart":"841734730","libros-coleccion":"NOVA","ediciones":"1","encuadernacion":"R\u00fastica","fecha_de_publicacion":"01\/01\/2019","novedad":"1","paginas":"398","subtitulo":"","orden":"0","portada":"0","idioma":"spa","editorial":[{"ID":148586,"post_author":"3","post_date":"2022-10-14 11:59:24","post_date_gmt":"2022-10-14 09:59:24","post_content":"","post_title":"Nova","post_excerpt":"","post_status":"publish","comment_status":"closed","ping_status":"closed","post_password":"","post_name":"nova","to_ping":"","pinged":"","post_modified":"2022-10-14 11:59:24","post_modified_gmt":"2022-10-14 09:59:24","post_content_filtered":"","post_parent":0,"guid":"http:\/\/dev.claret.cat\/editorial\/nova\/","menu_order":0,"post_type":"editorial","post_mime_type":"","comment_count":"0","filter":"raw"}],"autores-libros":[{"ID":165543,"post_author":"3","post_date":"2022-10-14 17:56:01","post_date_gmt":"2022-10-14 15:56:01","post_content":"","post_title":"N.K. JEMISIN","post_excerpt":"","post_status":"publish","comment_status":"closed","ping_status":"closed","post_password":"","post_name":"n-k-jemisin","to_ping":"","pinged":"","post_modified":"2022-10-14 17:56:01","post_modified_gmt":"2022-10-14 15:56:01","post_content_filtered":"","post_parent":0,"guid":"http:\/\/dev.claret.cat\/autor\/n-k-jemisin\/","menu_order":0,"post_type":"autor","post_mime_type":"","comment_count":"0","filter":"raw"}]},"aioseo_notices":[],"_links":{"self":[{"href":"https:\/\/www.claret.cat\/es\/wp-json\/wp\/v2\/product\/134801","targetHints":{"allow":["GET"]}}],"collection":[{"href":"https:\/\/www.claret.cat\/es\/wp-json\/wp\/v2\/product"}],"about":[{"href":"https:\/\/www.claret.cat\/es\/wp-json\/wp\/v2\/types\/product"}],"wp:featuredmedia":[{"embeddable":true,"href":"https:\/\/www.claret.cat\/es\/wp-json\/wp\/v2\/media\/134802"}],"wp:attachment":[{"href":"https:\/\/www.claret.cat\/es\/wp-json\/wp\/v2\/media?parent=134801"}],"wp:term":[{"taxonomy":"product_brand","embeddable":true,"href":"https:\/\/www.claret.cat\/es\/wp-json\/wp\/v2\/product_brand?post=134801"},{"taxonomy":"product_cat","embeddable":true,"href":"https:\/\/www.claret.cat\/es\/wp-json\/wp\/v2\/product_cat?post=134801"},{"taxonomy":"product_tag","embeddable":true,"href":"https:\/\/www.claret.cat\/es\/wp-json\/wp\/v2\/product_tag?post=134801"}],"curies":[{"name":"wp","href":"https:\/\/api.w.org\/{rel}","templated":true}]}}

<p>El cielo de piedra es la conclusión de la aclamada trilogía superventas de The New York Times «La Tierra  Fragmentada», que inspirará una serie de televisión producida por la  TNT. Por la autora que ha hecho historia al ganar tres Premios Hugo consecutivos a la mejor novela. La luna volverá pronto. Que su regreso proclame la destrucción de la  humanidad dependerá de dos mujeres. Essun ha heredado el poder de  alabastro Decanillado. Con él espera encontrar a su hija Nassun y forjar  un mundo en que los niños orogenes crezcan a salvo. Para Nassun, el que  su madre haya sido capaz de dominar el Portal de los Obeliscos es algo  que llega tarde. Ha sido testigo del mal que hay en el mundo y ha  aceptado lo que Essun no comprende: que, a veces, lo que está corrompido no se puede purificar y hay que destruirlo. Esta obra ya ha sido galardonada con los premios Hugo y Nebula 2018 a la mejor novela.</p>

Rústica
