{"id":13586,"date":"2022-10-01T22:13:49","date_gmt":"2022-10-01T20:13:49","guid":{"rendered":"http:\/\/dev.claret.cat\/producte\/las-asociaciones-de-fieles\/"},"modified":"2026-02-02T19:10:22","modified_gmt":"2026-02-02T18:10:22","slug":"las-asociaciones-de-fieles-9788486065942","status":"publish","type":"product","link":"https:\/\/www.claret.cat\/es\/libro\/las-asociaciones-de-fieles-9788486065942\/","title":{"rendered":"LAS ASOCIACIONES DE FIELES"},"content":{"rendered":"<p>En las di\u00f3cesis espa\u00f1olas trabaja un n\u00famero considerable de asociaciones de fieles, que constituyen un elemento importante de la vida y estructura de la Iglesia. Muchas de ellas son asociaciones de \u00e1mbito nacional o de derecho diocesano, constituidas como personas jur\u00eddicas p\u00fablicas o privadas por la Conferencia Episcopal o por el Obispo diocesano, en base al derecho com\u00fan del C\u00f3digo y al propio derecho particular que regula esta materia. Esta normativa particular tiene gran importancia, pues adapta la regulaci\u00f3n codicial a las necesidades de cada di\u00f3cesis, determinando cuestiones como los requisitos exigibles y el procedimiento para constituir una asociaci\u00f3n de fieles, el estatuto jur\u00eddico de la misma, el modo de ejercer el Obispo su vigilancia sobre la asociaci\u00f3n, etc. Sin embargo, no es f\u00e1cil conocer este derecho particular, especialmente, la normativa diocesana. El presente estudio pretende salir al paso de esta dificultad, haciendo una exposici\u00f3n de conjunto del derecho particular can\u00f3nico espa\u00f1ol: con este fin, se analiza en primer lugar la normativa dictada por la Conferencia Episcopal Espa\u00f1ola, con especial referencia a la importante Instrucci\u00f3n de 1986; asimismo, se recopila y analiza la abundante normativa diocesana que regula las asociaciones de fieles, presentando su contenido fundamental y apuntando algunas cuestiones problem\u00e1ticas de dicha regulaci\u00f3n.<\/p>\n","protected":false},"excerpt":{"rendered":"<p>MART\u00cdNEZ SISTACH, CARDENAL LLU\u00cdS<\/p>\n","protected":false},"featured_media":358336,"template":"","meta":{"_acf_changed":false,"om_disable_all_campaigns":false,"rs_blank_template":"","rs_page_bg_color":"","slide_template_v7":"","inline_featured_image":false,"_monsterinsights_skip_tracking":false,"_monsterinsights_sitenote_active":false,"_monsterinsights_sitenote_note":"","_monsterinsights_sitenote_category":0},"product_brand":[],"product_cat":[90,540],"product_tag":[],"class_list":{"0":"post-13586","1":"product","2":"type-product","3":"status-publish","4":"has-post-thumbnail","6":"product_cat-altres","7":"product_cat-otros","9":"first","10":"instock","11":"taxable","12":"shipping-taxable","13":"purchasable","14":"product-type-simple"},"acf":{"autor":"MART\u00cdNEZ SISTACH, CARDENAL LLU\u00cdS","codart":"848606594","libros-coleccion":"","ediciones":"5","encuadernacion":"R\u00fastica","fecha_de_publicacion":"15\/11\/2004","novedad":"0","paginas":"207","subtitulo":"","orden":"999","portada":"0","idioma":"spa","editorial":[{"ID":6253,"post_author":"3","post_date":"2022-07-28 17:48:14","post_date_gmt":"2022-07-28 15:48:14","post_content":"","post_title":"Facultat Teologia de Catalunya","post_excerpt":"","post_status":"publish","comment_status":"closed","ping_status":"closed","post_password":"","post_name":"facultat-teologia-de-catalunya","to_ping":"","pinged":"","post_modified":"2022-07-28 17:48:14","post_modified_gmt":"2022-07-28 15:48:14","post_content_filtered":"","post_parent":0,"guid":"http:\/\/dev.claret.cat\/editorial\/facultat-teologia-de-catalunya\/","menu_order":0,"post_type":"editorial","post_mime_type":"","comment_count":"0","filter":"raw"}],"autores-libros":[{"ID":5313,"post_author":"3","post_date":"2022-07-28 17:21:20","post_date_gmt":"2022-07-28 15:21:20","post_content":"","post_title":"CARDENAL LLU\u00cdS MART\u00cdNEZ SISTACH","post_excerpt":"","post_status":"publish","comment_status":"closed","ping_status":"closed","post_password":"","post_name":"cardenal-lluis-martinez-sistach-2","to_ping":"","pinged":"","post_modified":"2022-07-28 17:21:20","post_modified_gmt":"2022-07-28 15:21:20","post_content_filtered":"","post_parent":0,"guid":"http:\/\/dev.claret.cat\/autor\/cardenal-lluis-martinez-sistach-2\/","menu_order":0,"post_type":"autor","post_mime_type":"","comment_count":"0","filter":"raw"}],"booktrailer":"","resenas":""},"aioseo_notices":[],"_links":{"self":[{"href":"https:\/\/www.claret.cat\/es\/wp-json\/wp\/v2\/product\/13586","targetHints":{"allow":["GET"]}}],"collection":[{"href":"https:\/\/www.claret.cat\/es\/wp-json\/wp\/v2\/product"}],"about":[{"href":"https:\/\/www.claret.cat\/es\/wp-json\/wp\/v2\/types\/product"}],"wp:featuredmedia":[{"embeddable":true,"href":"https:\/\/www.claret.cat\/es\/wp-json\/wp\/v2\/media\/358336"}],"wp:attachment":[{"href":"https:\/\/www.claret.cat\/es\/wp-json\/wp\/v2\/media?parent=13586"}],"wp:term":[{"taxonomy":"product_brand","embeddable":true,"href":"https:\/\/www.claret.cat\/es\/wp-json\/wp\/v2\/product_brand?post=13586"},{"taxonomy":"product_cat","embeddable":true,"href":"https:\/\/www.claret.cat\/es\/wp-json\/wp\/v2\/product_cat?post=13586"},{"taxonomy":"product_tag","embeddable":true,"href":"https:\/\/www.claret.cat\/es\/wp-json\/wp\/v2\/product_tag?post=13586"}],"curies":[{"name":"wp","href":"https:\/\/api.w.org\/{rel}","templated":true}]}}

<p>En las diócesis españolas trabaja un número considerable de asociaciones de fieles, que constituyen un elemento importante de la vida y estructura de la Iglesia. Muchas de ellas son asociaciones de ámbito nacional o de derecho diocesano, constituidas como personas jurídicas públicas o privadas por la Conferencia Episcopal o por el Obispo diocesano, en base al derecho común del Código y al propio derecho particular que regula esta materia. Esta normativa particular tiene gran importancia, pues adapta la regulación codicial a las necesidades de cada diócesis, determinando cuestiones como los requisitos exigibles y el procedimiento para constituir una asociación de fieles, el estatuto jurídico de la misma, el modo de ejercer el Obispo su vigilancia sobre la asociación, etc. Sin embargo, no es fácil conocer este derecho particular, especialmente, la normativa diocesana. El presente estudio pretende salir al paso de esta dificultad, haciendo una exposición de conjunto del derecho particular canónico español: con este fin, se analiza en primer lugar la normativa dictada por la Conferencia Episcopal Española, con especial referencia a la importante Instrucción de 1986; asimismo, se recopila y analiza la abundante normativa diocesana que regula las asociaciones de fieles, presentando su contenido fundamental y apuntando algunas cuestiones problemáticas de dicha regulación.</p>

<p>MARTÍNEZ SISTACH, CARDENAL LLUÍS</p>

MARTÍNEZ SISTACH, CARDENAL LLUÍS

Rústica

CARDENAL LLUÍS MARTÍNEZ SISTACH
