{"id":137675,"date":"2022-10-13T09:50:20","date_gmt":"2022-10-13T07:50:20","guid":{"rendered":"http:\/\/dev.claret.cat\/producte\/amsterdam-3\/"},"modified":"2023-01-28T20:31:30","modified_gmt":"2023-01-28T19:31:30","slug":"amsterdam-9788491581253","status":"publish","type":"product","link":"https:\/\/www.claret.cat\/es\/libro\/amsterdam-9788491581253\/","title":{"rendered":"AMSTERDAM"},"content":{"rendered":"<p>Una gu\u00eda compacta que concentra lo m\u00e1s interesante de la capital holandesa, junto con abundante informaci\u00f3n pr\u00e1ctica totalmente actualizada. La mejor compa\u00f1\u00eda para un viaje fugaz.<br \/> Una mirada a \u00c1msterdam hace un breve recorrido por la historia de la ciudad, por su situaci\u00f3n econ\u00f3mica y sociopol\u00edtica actual, ofreciendo una panor\u00e1mica general.<br \/> En el apartado Diez lugares inolvidables, se propone una serie de monumentos que se consideran  &#8216; imprescindibles &#8216;  en la visita a la ciudad, todo ello con su correspondiente informaci\u00f3n pr\u00e1ctica.<br \/> En la secci\u00f3n Visita la ciudad se ofrece una visi\u00f3n pormenorizada de los distintos rincones de la ciudad con informaci\u00f3n m\u00e1s extensa. La informaci\u00f3n se divide en barrios; se proponen varios paseos a pie para recorrer los espacios m\u00e1s interesantes y tambi\u00e9n sobre excursiones a las afueras de la ciudad. Una sistema de clasificaci\u00f3n por estrellas eval\u00faa el inter\u00e9s de cada visita. Tambi\u00e9n se incluye informaci\u00f3n sobre gastronom\u00eda.<br \/> D\u00f3nde es una peque\u00f1a pero \u00fatil selecci\u00f3n de establecimientos donde Comer y beber, Dormir, Comprar, Divertirse e Ir con ni\u00f1os, con toda la informaci\u00f3n que se necesita sobre \u00e9stos.<br \/> Por \u00faltimo, la secci\u00f3n Informaciones pr\u00e1cticas ofrece informaci\u00f3n de primera necesidad para preparar el viaje y moverse por la ciudad. Adem\u00e1s de un peque\u00f1o glosario de t\u00e9rminos en neerland\u00e9s.<br \/> El car\u00e1cter pr\u00e1ctico de la gu\u00eda se ve reforzado con la cartograf\u00eda que se incluye: un plano desplegable de la ciudad.<\/p>\n","protected":false},"excerpt":{"rendered":"<p>GARC\u00cdA, MAR\u00cdA<\/p>\n","protected":false},"featured_media":137676,"template":"","meta":{"_acf_changed":false,"om_disable_all_campaigns":false,"rs_blank_template":"","rs_page_bg_color":"","slide_template_v7":"","inline_featured_image":false,"_monsterinsights_skip_tracking":false,"_monsterinsights_sitenote_active":false,"_monsterinsights_sitenote_note":"","_monsterinsights_sitenote_category":0},"product_brand":[],"product_cat":[107],"product_tag":[],"class_list":{"0":"post-137675","1":"product","2":"type-product","3":"status-publish","4":"has-post-thumbnail","6":"product_cat-guies-de-viatge","8":"first","9":"instock","10":"taxable","11":"shipping-taxable","12":"purchasable","13":"product-type-simple"},"acf":{"editorial":[{"ID":147435,"post_author":"3","post_date":"2022-10-14 11:50:33","post_date_gmt":"2022-10-14 09:50:33","post_content":"","post_title":"Anaya Touring","post_excerpt":"","post_status":"publish","comment_status":"closed","ping_status":"closed","post_password":"","post_name":"anaya-touring","to_ping":"","pinged":"","post_modified":"2022-10-14 11:50:33","post_modified_gmt":"2022-10-14 09:50:33","post_content_filtered":"","post_parent":0,"guid":"http:\/\/dev.claret.cat\/editorial\/anaya-touring\/","menu_order":0,"post_type":"editorial","post_mime_type":"","comment_count":"0","filter":"raw"}],"autor":"GARC\u00cdA, MAR\u00cdA","codart":"849158125","libros-coleccion":"Guiarama Compact - Internacional","ediciones":"1","encuadernacion":"R\u00fastica","fecha_de_publicacion":"01\/02\/2019","novedad":"1","paginas":"136","subtitulo":"","orden":"0","portada":"0","idioma":"spa","autores-libros":[{"ID":163625,"post_author":"3","post_date":"2022-10-14 17:40:32","post_date_gmt":"2022-10-14 15:40:32","post_content":"","post_title":"MAR\u00cdA GARC\u00cdA","post_excerpt":"","post_status":"publish","comment_status":"closed","ping_status":"closed","post_password":"","post_name":"maria-garcia","to_ping":"","pinged":"","post_modified":"2022-10-14 17:40:32","post_modified_gmt":"2022-10-14 15:40:32","post_content_filtered":"","post_parent":0,"guid":"http:\/\/dev.claret.cat\/autor\/maria-garcia\/","menu_order":0,"post_type":"autor","post_mime_type":"","comment_count":"0","filter":"raw"}]},"aioseo_notices":[],"_links":{"self":[{"href":"https:\/\/www.claret.cat\/es\/wp-json\/wp\/v2\/product\/137675","targetHints":{"allow":["GET"]}}],"collection":[{"href":"https:\/\/www.claret.cat\/es\/wp-json\/wp\/v2\/product"}],"about":[{"href":"https:\/\/www.claret.cat\/es\/wp-json\/wp\/v2\/types\/product"}],"wp:featuredmedia":[{"embeddable":true,"href":"https:\/\/www.claret.cat\/es\/wp-json\/wp\/v2\/media\/137676"}],"wp:attachment":[{"href":"https:\/\/www.claret.cat\/es\/wp-json\/wp\/v2\/media?parent=137675"}],"wp:term":[{"taxonomy":"product_brand","embeddable":true,"href":"https:\/\/www.claret.cat\/es\/wp-json\/wp\/v2\/product_brand?post=137675"},{"taxonomy":"product_cat","embeddable":true,"href":"https:\/\/www.claret.cat\/es\/wp-json\/wp\/v2\/product_cat?post=137675"},{"taxonomy":"product_tag","embeddable":true,"href":"https:\/\/www.claret.cat\/es\/wp-json\/wp\/v2\/product_tag?post=137675"}],"curies":[{"name":"wp","href":"https:\/\/api.w.org\/{rel}","templated":true}]}}

<p>Una guía compacta que concentra lo más interesante de la capital holandesa, junto con abundante información práctica totalmente actualizada. La mejor compañía para un viaje fugaz.<br /> Una mirada a Ámsterdam hace un breve recorrido por la historia de la ciudad, por su situación económica y sociopolítica actual, ofreciendo una panorámica general.<br /> En el apartado Diez lugares inolvidables, se propone una serie de monumentos que se consideran  &#8216; imprescindibles &#8216;  en la visita a la ciudad, todo ello con su correspondiente información práctica.<br /> En la sección Visita la ciudad se ofrece una visión pormenorizada de los distintos rincones de la ciudad con información más extensa. La información se divide en barrios; se proponen varios paseos a pie para recorrer los espacios más interesantes y también sobre excursiones a las afueras de la ciudad. Una sistema de clasificación por estrellas evalúa el interés de cada visita. También se incluye información sobre gastronomía.<br /> Dónde es una pequeña pero útil selección de establecimientos donde Comer y beber, Dormir, Comprar, Divertirse e Ir con niños, con toda la información que se necesita sobre éstos.<br /> Por último, la sección Informaciones prácticas ofrece información de primera necesidad para preparar el viaje y moverse por la ciudad. Además de un pequeño glosario de términos en neerlandés.<br /> El carácter práctico de la guía se ve reforzado con la cartografía que se incluye: un plano desplegable de la ciudad.</p>

<p>GARCÍA, MARÍA</p>

GARCÍA, MARÍA

Rústica

MARÍA GARCÍA
