{"id":137850,"date":"2022-10-13T12:23:53","date_gmt":"2022-10-13T10:23:53","guid":{"rendered":"http:\/\/dev.claret.cat\/producte\/el-cuento-del-joven-marinero\/"},"modified":"2025-06-20T11:00:57","modified_gmt":"2025-06-20T09:00:57","slug":"el-cuento-del-joven-marinero-9789681680756","status":"publish","type":"product","link":"https:\/\/www.claret.cat\/es\/libro\/el-cuento-del-joven-marinero-9789681680756\/","title":{"rendered":"EL CUENTO DEL JOVEN MARINERO"},"content":{"rendered":"<p>Una tarde, el joven marinero Sim\u00f3n baja a tierra y se topa con una ni\u00f1a de vestido rojo que le promete un beso a cambio de una naranja&#8230; si regresa. Al d\u00eda siguiente encontrar\u00e1 en el camino aquello que lo llevara a conocer su fueraza y su vulnerabilidad, as\u00ed como su destino.   Con escos m\u00edticos y las sutiles ilustraciones de Angela Lago, el cuento del joven marinero descubre lo que sucede si acudimos al llamado de la aventura.<\/p>\n","protected":false},"excerpt":{"rendered":"<p>DINESEN, ISAK<\/p>\n","protected":false},"featured_media":137851,"template":"","meta":{"_acf_changed":false,"om_disable_all_campaigns":false,"rs_blank_template":"","rs_page_bg_color":"","slide_template_v7":"","inline_featured_image":false,"_monsterinsights_skip_tracking":false,"_monsterinsights_sitenote_active":false,"_monsterinsights_sitenote_note":"","_monsterinsights_sitenote_category":0},"product_brand":[],"product_cat":[86,352],"product_tag":[],"class_list":{"0":"post-137850","1":"product","2":"type-product","3":"status-publish","4":"has-post-thumbnail","6":"product_cat-infantil","7":"product_cat-infantil-3_infantil-juvenil-spa","9":"first","10":"instock","11":"taxable","12":"shipping-taxable","13":"purchasable","14":"product-type-simple"},"acf":{"editorial":[{"ID":6257,"post_author":"3","post_date":"2022-07-28 17:48:19","post_date_gmt":"2022-07-28 15:48:19","post_content":"","post_title":"Fondo de Cultura Econ\u00f3mica Fce","post_excerpt":"","post_status":"publish","comment_status":"closed","ping_status":"closed","post_password":"","post_name":"fondo-de-cultura-economica-fce","to_ping":"","pinged":"","post_modified":"2022-07-28 17:48:19","post_modified_gmt":"2022-07-28 15:48:19","post_content_filtered":"","post_parent":0,"guid":"http:\/\/dev.claret.cat\/editorial\/fondo-de-cultura-economica-fce\/","menu_order":0,"post_type":"editorial","post_mime_type":"","comment_count":"0","filter":"raw"}],"autor":"DINESEN, ISAK","codart":"968168075","libros-coleccion":"Cl\u00e1sicos Infantil","ediciones":"1","encuadernacion":"Carpeta","fecha_de_publicacion":"01\/01\/2009","novedad":"1","paginas":"0","subtitulo":"","orden":"0","portada":"0","idioma":"spa","autores-libros":[{"ID":158113,"post_author":"3","post_date":"2022-10-14 15:34:16","post_date_gmt":"2022-10-14 13:34:16","post_content":"","post_title":"ISAK DINESEN","post_excerpt":"","post_status":"publish","comment_status":"closed","ping_status":"closed","post_password":"","post_name":"isak-dinesen","to_ping":"","pinged":"","post_modified":"2022-10-14 15:34:16","post_modified_gmt":"2022-10-14 13:34:16","post_content_filtered":"","post_parent":0,"guid":"http:\/\/dev.claret.cat\/autor\/isak-dinesen\/","menu_order":0,"post_type":"autor","post_mime_type":"","comment_count":"0","filter":"raw"}],"booktrailer":"","resenas":""},"aioseo_notices":[],"_links":{"self":[{"href":"https:\/\/www.claret.cat\/es\/wp-json\/wp\/v2\/product\/137850","targetHints":{"allow":["GET"]}}],"collection":[{"href":"https:\/\/www.claret.cat\/es\/wp-json\/wp\/v2\/product"}],"about":[{"href":"https:\/\/www.claret.cat\/es\/wp-json\/wp\/v2\/types\/product"}],"wp:featuredmedia":[{"embeddable":true,"href":"https:\/\/www.claret.cat\/es\/wp-json\/wp\/v2\/media\/137851"}],"wp:attachment":[{"href":"https:\/\/www.claret.cat\/es\/wp-json\/wp\/v2\/media?parent=137850"}],"wp:term":[{"taxonomy":"product_brand","embeddable":true,"href":"https:\/\/www.claret.cat\/es\/wp-json\/wp\/v2\/product_brand?post=137850"},{"taxonomy":"product_cat","embeddable":true,"href":"https:\/\/www.claret.cat\/es\/wp-json\/wp\/v2\/product_cat?post=137850"},{"taxonomy":"product_tag","embeddable":true,"href":"https:\/\/www.claret.cat\/es\/wp-json\/wp\/v2\/product_tag?post=137850"}],"curies":[{"name":"wp","href":"https:\/\/api.w.org\/{rel}","templated":true}]}}

<p>Una tarde, el joven marinero Simón baja a tierra y se topa con una niña de vestido rojo que le promete un beso a cambio de una naranja&#8230; si regresa. Al día siguiente encontrará en el camino aquello que lo llevara a conocer su fueraza y su vulnerabilidad, así como su destino.   Con escos míticos y las sutiles ilustraciones de Angela Lago, el cuento del joven marinero descubre lo que sucede si acudimos al llamado de la aventura.</p>

Fondo de Cultura Económica Fce

Clásicos Infantil
