{"id":138378,"date":"2022-10-13T12:32:16","date_gmt":"2022-10-13T10:32:16","guid":{"rendered":"http:\/\/dev.claret.cat\/producte\/fileb\/"},"modified":"2023-01-28T05:10:57","modified_gmt":"2023-01-28T04:10:57","slug":"fileb-9788494856167","status":"publish","type":"product","link":"https:\/\/www.claret.cat\/es\/libro\/fileb-9788494856167\/","title":{"rendered":"FILEB"},"content":{"rendered":"<p>\u00bfQuin lloc ocupen, en la vida humana, el b\u00e9, el plaer i la reflexi\u00f3, i quina relaci\u00f3 s&#8217;estableix entre ells? Aquestes s\u00f3n les q\u00fcestions centrals plantejades en aquest di\u00e0leg. Plat\u00f3 ens proporciona la imatge d&#8217;una persona que gaudeix, que pateix, que pensa, que emet o intenta emetre judicis, que t\u00e9 esperances o que resta en la desesperaci\u00f3, que es mira a si mateix i intenta trobar el seu lloc en el tot. El dibuix de l&#8217;\u00e9sser hum\u00e0 que emergeix d&#8217;aquest di\u00e0leg ens el situa entre el d\u00e9u i la b\u00e8stia, entre l&#8217;espera i la immediatesa, entre el plaer i el dolor, entre una racionalitat c\u00f2smica, o di vina, i una racionalitat humana. El problema de l&#8217;elecci\u00f3 com una realitat indefugible, el fet d&#8217;haver de triar necess\u00e0riament quina \u00e9s la millor manera d&#8217;orientar la pr\u00f2pia vida se&#8217;ns presenta en forma de pregunta oberta. Una pregunta a la qual nom\u00e9s el lector pot proporcionar una resposta.<\/p>\n","protected":false},"excerpt":{"rendered":"<p>PLAT\u00d3<\/p>\n","protected":false},"featured_media":138379,"template":"","meta":{"_acf_changed":false,"om_disable_all_campaigns":false,"rs_blank_template":"","rs_page_bg_color":"","slide_template_v7":"","inline_featured_image":false,"_monsterinsights_skip_tracking":false,"_monsterinsights_sitenote_active":false,"_monsterinsights_sitenote_note":"","_monsterinsights_sitenote_category":0},"product_brand":[],"product_cat":[83],"product_tag":[],"class_list":{"0":"post-138378","1":"product","2":"type-product","3":"status-publish","4":"has-post-thumbnail","6":"product_cat-filosofia","8":"first","9":"instock","10":"taxable","11":"shipping-taxable","12":"purchasable","13":"product-type-simple"},"acf":{"editorial":[{"ID":6212,"post_author":"3","post_date":"2022-07-28 17:47:16","post_date_gmt":"2022-07-28 15:47:16","post_content":"","post_title":"EDICIONS DE LA ELA GEMINADA","post_excerpt":"","post_status":"publish","comment_status":"closed","ping_status":"closed","post_password":"","post_name":"edicions-de-la-ela-geminada","to_ping":"","pinged":"","post_modified":"2022-07-28 17:47:16","post_modified_gmt":"2022-07-28 15:47:16","post_content_filtered":"","post_parent":0,"guid":"http:\/\/dev.claret.cat\/editorial\/edicions-de-la-ela-geminada\/","menu_order":0,"post_type":"editorial","post_mime_type":"","comment_count":"0","filter":"raw"}],"autor":"PLAT\u00d3","codart":"849485616","libros-coleccion":"QUADRIVIUM","ediciones":"1","encuadernacion":"R\u00fastica","fecha_de_publicacion":"01\/01\/2019","novedad":"1","paginas":"164","subtitulo":"","orden":"0","portada":"0","idioma":"cat","autores-libros":[{"ID":167366,"post_author":"3","post_date":"2022-10-14 18:10:38","post_date_gmt":"2022-10-14 16:10:38","post_content":"","post_title":"PLAT\u00d3","post_excerpt":"","post_status":"publish","comment_status":"closed","ping_status":"closed","post_password":"","post_name":"plato","to_ping":"","pinged":"","post_modified":"2022-10-14 18:10:38","post_modified_gmt":"2022-10-14 16:10:38","post_content_filtered":"","post_parent":0,"guid":"http:\/\/dev.claret.cat\/autor\/plato\/","menu_order":0,"post_type":"autor","post_mime_type":"","comment_count":"0","filter":"raw"}]},"aioseo_notices":[],"_links":{"self":[{"href":"https:\/\/www.claret.cat\/es\/wp-json\/wp\/v2\/product\/138378","targetHints":{"allow":["GET"]}}],"collection":[{"href":"https:\/\/www.claret.cat\/es\/wp-json\/wp\/v2\/product"}],"about":[{"href":"https:\/\/www.claret.cat\/es\/wp-json\/wp\/v2\/types\/product"}],"wp:featuredmedia":[{"embeddable":true,"href":"https:\/\/www.claret.cat\/es\/wp-json\/wp\/v2\/media\/138379"}],"wp:attachment":[{"href":"https:\/\/www.claret.cat\/es\/wp-json\/wp\/v2\/media?parent=138378"}],"wp:term":[{"taxonomy":"product_brand","embeddable":true,"href":"https:\/\/www.claret.cat\/es\/wp-json\/wp\/v2\/product_brand?post=138378"},{"taxonomy":"product_cat","embeddable":true,"href":"https:\/\/www.claret.cat\/es\/wp-json\/wp\/v2\/product_cat?post=138378"},{"taxonomy":"product_tag","embeddable":true,"href":"https:\/\/www.claret.cat\/es\/wp-json\/wp\/v2\/product_tag?post=138378"}],"curies":[{"name":"wp","href":"https:\/\/api.w.org\/{rel}","templated":true}]}}

<p>¿Quin lloc ocupen, en la vida humana, el bé, el plaer i la reflexió, i quina relació s&#8217;estableix entre ells? Aquestes són les qüestions centrals plantejades en aquest diàleg. Plató ens proporciona la imatge d&#8217;una persona que gaudeix, que pateix, que pensa, que emet o intenta emetre judicis, que té esperances o que resta en la desesperació, que es mira a si mateix i intenta trobar el seu lloc en el tot. El dibuix de l&#8217;ésser humà que emergeix d&#8217;aquest diàleg ens el situa entre el déu i la bèstia, entre l&#8217;espera i la immediatesa, entre el plaer i el dolor, entre una racionalitat còsmica, o di vina, i una racionalitat humana. El problema de l&#8217;elecció com una realitat indefugible, el fet d&#8217;haver de triar necessàriament quina és la millor manera d&#8217;orientar la pròpia vida se&#8217;ns presenta en forma de pregunta oberta. Una pregunta a la qual només el lector pot proporcionar una resposta.</p>

<p>PLATÓ</p>

PLATÓ

Rústica
