{"id":139335,"date":"2022-10-13T12:46:45","date_gmt":"2022-10-13T10:46:45","guid":{"rendered":"http:\/\/dev.claret.cat\/producte\/fuera-del-laberinto\/"},"modified":"2025-07-17T12:59:03","modified_gmt":"2025-07-17T10:59:03","slug":"fuera-del-laberinto-9788416997015","status":"publish","type":"product","link":"https:\/\/www.claret.cat\/es\/libro\/fuera-del-laberinto-9788416997015\/","title":{"rendered":"FUERA DEL LABERINTO"},"content":{"rendered":"<p>Esta es la esperada secuela a &#8216;\u00bfQui\u00e9n se ha llevado mi queso?&#8217;.<br \/> Una vez m\u00e1s, con su caracter\u00edstico estilo simple y profundo, Spencer Johnson contin\u00faa la historia de Hem y Haw, los dos hombrecitos encerrados en un laberinto a los que les han movido el queso de lugar.<br \/> En &#8216;Fuera del laberinto&#8217; se contin\u00faa la historia de Hem que hab\u00eda quedado atrapado por su propia inactividad y su temor a cambiar. Ahora, junto con una nueva amiga llamada Esperanza, comenzar\u00e1 un proceso de descubrimiento que lo llevar\u00e1 a pensar fuera de la caja o, mejor dicho, fuera del laberinto.<\/p>\n","protected":false},"excerpt":{"rendered":"<p>JOHNSON, SPENCER<\/p>\n","protected":false},"featured_media":139336,"template":"","meta":{"_acf_changed":false,"om_disable_all_campaigns":false,"rs_blank_template":"","rs_page_bg_color":"","slide_template_v7":"","inline_featured_image":false,"_monsterinsights_skip_tracking":false,"_monsterinsights_sitenote_active":false,"_monsterinsights_sitenote_note":"","_monsterinsights_sitenote_category":0},"product_brand":[],"product_cat":[81,347],"product_tag":[],"class_list":{"0":"post-139335","1":"product","2":"type-product","3":"status-publish","4":"has-post-thumbnail","6":"product_cat-psicologia","7":"product_cat-psicologia-2_humanidades","9":"first","10":"instock","11":"taxable","12":"shipping-taxable","13":"purchasable","14":"product-type-simple"},"acf":{"editorial":[{"ID":148088,"post_author":"3","post_date":"2022-10-14 11:55:32","post_date_gmt":"2022-10-14 09:55:32","post_content":"","post_title":"EMPRESA ACTIVA","post_excerpt":"","post_status":"publish","comment_status":"closed","ping_status":"closed","post_password":"","post_name":"empresa-activa","to_ping":"","pinged":"","post_modified":"2022-10-14 11:55:32","post_modified_gmt":"2022-10-14 09:55:32","post_content_filtered":"","post_parent":0,"guid":"http:\/\/dev.claret.cat\/editorial\/empresa-activa\/","menu_order":0,"post_type":"editorial","post_mime_type":"","comment_count":"0","filter":"raw"}],"autores-libros":[{"ID":169734,"post_author":"3","post_date":"2022-10-14 22:29:36","post_date_gmt":"2022-10-14 20:29:36","post_content":"","post_title":"SPENCER JOHNSON","post_excerpt":"","post_status":"publish","comment_status":"closed","ping_status":"closed","post_password":"","post_name":"spencer-johnson","to_ping":"","pinged":"","post_modified":"2022-10-14 22:29:36","post_modified_gmt":"2022-10-14 20:29:36","post_content_filtered":"","post_parent":0,"guid":"http:\/\/dev.claret.cat\/autor\/spencer-johnson\/","menu_order":0,"post_type":"autor","post_mime_type":"","comment_count":"0","filter":"raw"}],"autor":"JOHNSON, SPENCER","codart":"841699701","libros-coleccion":"Narrativa empresarial","ediciones":"1","encuadernacion":"R\u00fastica","fecha_de_publicacion":"01\/03\/2019","novedad":"1","paginas":"96","subtitulo":"UNA HISTORIA SOBRE EL PODER DE LAS CREENCIAS","orden":"0","portada":"0","idioma":"spa","booktrailer":"","resenas":""},"aioseo_notices":[],"_links":{"self":[{"href":"https:\/\/www.claret.cat\/es\/wp-json\/wp\/v2\/product\/139335","targetHints":{"allow":["GET"]}}],"collection":[{"href":"https:\/\/www.claret.cat\/es\/wp-json\/wp\/v2\/product"}],"about":[{"href":"https:\/\/www.claret.cat\/es\/wp-json\/wp\/v2\/types\/product"}],"wp:featuredmedia":[{"embeddable":true,"href":"https:\/\/www.claret.cat\/es\/wp-json\/wp\/v2\/media\/139336"}],"wp:attachment":[{"href":"https:\/\/www.claret.cat\/es\/wp-json\/wp\/v2\/media?parent=139335"}],"wp:term":[{"taxonomy":"product_brand","embeddable":true,"href":"https:\/\/www.claret.cat\/es\/wp-json\/wp\/v2\/product_brand?post=139335"},{"taxonomy":"product_cat","embeddable":true,"href":"https:\/\/www.claret.cat\/es\/wp-json\/wp\/v2\/product_cat?post=139335"},{"taxonomy":"product_tag","embeddable":true,"href":"https:\/\/www.claret.cat\/es\/wp-json\/wp\/v2\/product_tag?post=139335"}],"curies":[{"name":"wp","href":"https:\/\/api.w.org\/{rel}","templated":true}]}}

<p>Esta es la esperada secuela a &#8216;¿Quién se ha llevado mi queso?&#8217;.<br /> Una vez más, con su característico estilo simple y profundo, Spencer Johnson continúa la historia de Hem y Haw, los dos hombrecitos encerrados en un laberinto a los que les han movido el queso de lugar.<br /> En &#8216;Fuera del laberinto&#8217; se continúa la historia de Hem que había quedado atrapado por su propia inactividad y su temor a cambiar. Ahora, junto con una nueva amiga llamada Esperanza, comenzará un proceso de descubrimiento que lo llevará a pensar fuera de la caja o, mejor dicho, fuera del laberinto.</p>

Rústica
