{"id":140058,"date":"2022-10-13T12:57:04","date_gmt":"2022-10-13T10:57:04","guid":{"rendered":"http:\/\/dev.claret.cat\/producte\/el-dia-del-padre\/"},"modified":"2024-05-02T08:24:50","modified_gmt":"2024-05-02T06:24:50","slug":"el-dia-del-padre-9788428556651","status":"publish","type":"product","link":"https:\/\/www.claret.cat\/es\/libro\/el-dia-del-padre-9788428556651\/","title":{"rendered":"EL D\u00cdA DEL PADRE"},"content":{"rendered":"<p>Vivimos en una \u00e9poca en la que el padre var\u00f3n necesita revisar a fondo su manera de ejercer como tal. Es el momento de que asuma su parte de los cuidados, se incorpore a la revoluci\u00f3n de la ternura y se comprometa con la igualdad de g\u00e9nero y la cultura de la paz. Este libro pretende ayudar a reflexionar sobre todo ello a partir de la experiencia de cuatro hombres conocidos por todos y cuya forma de ejercer la paternidad supuso en su tiempo una revoluci\u00f3n: Abrah\u00e1n, Akhenat\u00f3n, D\u00e9dalo y Confucio nos han legado un modelo de padre que lo ha cambiado todo. Su mensaje trasciende religiones y \u00e9pocas, y nos comunica algo universal de la condici\u00f3n humana para todos los padres del planeta.<\/p>\n","protected":false},"excerpt":{"rendered":"<p>VIDAL, FERNANDO<\/p>\n","protected":false},"featured_media":336090,"template":"","meta":{"_acf_changed":false,"om_disable_all_campaigns":false,"rs_blank_template":"","rs_page_bg_color":"","slide_template_v7":"","inline_featured_image":false,"_monsterinsights_skip_tracking":false},"product_brand":[],"product_cat":[100,550,82,348],"product_tag":[],"class_list":["post-140058","product","type-product","status-publish","has-post-thumbnail","product_cat-escola-de-pares","product_cat-escuela-de-padres-3_infantil-juvenil-spa-spa","product_cat-pedagogia","product_cat-pedagogia-2_humanidades","first","instock","taxable","shipping-taxable","purchasable","product-type-simple"],"acf":{"editorial":[{"ID":6356,"post_author":"3","post_date":"2022-07-28 17:50:26","post_date_gmt":"2022-07-28 15:50:26","post_content":"","post_title":"SAN PABLO COMUNICACI\u00d3N","post_excerpt":"","post_status":"publish","comment_status":"closed","ping_status":"closed","post_password":"","post_name":"san-pablo-comunicacion","to_ping":"","pinged":"","post_modified":"2022-07-28 17:50:26","post_modified_gmt":"2022-07-28 15:50:26","post_content_filtered":"","post_parent":0,"guid":"http:\/\/dev.claret.cat\/editorial\/san-pablo-comunicacion\/","menu_order":0,"post_type":"editorial","post_mime_type":"","comment_count":"0","filter":"raw"}],"autor":"VIDAL, FERNANDO","codart":"842855665","libros-coleccion":"","ediciones":"1","encuadernacion":"R\u00fastica","fecha_de_publicacion":"25\/02\/2019","novedad":"1","paginas":"256","subtitulo":"CUATRO HOMBRES QUE REVOLUCIONARON LA PATERNIDAD","orden":"0","portada":"0","idioma":"spa","autores-libros":[{"ID":155879,"post_author":"3","post_date":"2022-10-14 15:16:21","post_date_gmt":"2022-10-14 13:16:21","post_content":"","post_title":"FERNANDO VIDAL","post_excerpt":"","post_status":"publish","comment_status":"closed","ping_status":"closed","post_password":"","post_name":"fernando-vidal","to_ping":"","pinged":"","post_modified":"2022-10-14 15:16:21","post_modified_gmt":"2022-10-14 13:16:21","post_content_filtered":"","post_parent":0,"guid":"http:\/\/dev.claret.cat\/autor\/fernando-vidal\/","menu_order":0,"post_type":"autor","post_mime_type":"","comment_count":"0","filter":"raw"}]},"_links":{"self":[{"href":"https:\/\/www.claret.cat\/es\/wp-json\/wp\/v2\/product\/140058","targetHints":{"allow":["GET"]}}],"collection":[{"href":"https:\/\/www.claret.cat\/es\/wp-json\/wp\/v2\/product"}],"about":[{"href":"https:\/\/www.claret.cat\/es\/wp-json\/wp\/v2\/types\/product"}],"wp:featuredmedia":[{"embeddable":true,"href":"https:\/\/www.claret.cat\/es\/wp-json\/wp\/v2\/media\/336090"}],"wp:attachment":[{"href":"https:\/\/www.claret.cat\/es\/wp-json\/wp\/v2\/media?parent=140058"}],"wp:term":[{"taxonomy":"product_brand","embeddable":true,"href":"https:\/\/www.claret.cat\/es\/wp-json\/wp\/v2\/product_brand?post=140058"},{"taxonomy":"product_cat","embeddable":true,"href":"https:\/\/www.claret.cat\/es\/wp-json\/wp\/v2\/product_cat?post=140058"},{"taxonomy":"product_tag","embeddable":true,"href":"https:\/\/www.claret.cat\/es\/wp-json\/wp\/v2\/product_tag?post=140058"}],"curies":[{"name":"wp","href":"https:\/\/api.w.org\/{rel}","templated":true}]}}

EL DÍA DEL PADRE

<p>Vivimos en una época en la que el padre varón necesita revisar a fondo su manera de ejercer como tal. Es el momento de que asuma su parte de los cuidados, se incorpore a la revolución de la ternura y se comprometa con la igualdad de género y la cultura de la paz. Este libro pretende ayudar a reflexionar sobre todo ello a partir de la experiencia de cuatro hombres conocidos por todos y cuya forma de ejercer la paternidad supuso en su tiempo una revolución: Abrahán, Akhenatón, Dédalo y Confucio nos han legado un modelo de padre que lo ha cambiado todo. Su mensaje trasciende religiones y épocas, y nos comunica algo universal de la condición humana para todos los padres del planeta.</p>

SAN PABLO COMUNICACIÓN

Rústica
