{"id":141585,"date":"2022-10-13T13:19:32","date_gmt":"2022-10-13T11:19:32","guid":{"rendered":"http:\/\/dev.claret.cat\/producte\/zen-en-lart-descriure\/"},"modified":"2025-02-01T01:01:03","modified_gmt":"2025-02-01T00:01:03","slug":"zen-en-lart-descriure-9788494906688","status":"publish","type":"product","link":"https:\/\/www.claret.cat\/es\/libro\/zen-en-lart-descriure-9788494906688\/","title":{"rendered":"ZEN EN L&#8217;ART D&#8217;ESCRIURE"},"content":{"rendered":"<p>Zen en l&#8217;art d&#8217;escriure l&#8217;haurien de llegir, sobretot, els que es dediquen a escriure, o almenys a intentar-ho, els que no dubten a passar-se hores refent un par\u00e0graf i despr\u00e9s l&#8217;esborren enrabiats, i els que &#8216;esforcen a crear una veu pr\u00f2pia que encara no ha fet aparici\u00f3 mai. Per\u00f2 no \u00e9s un llibre de receptes (al capdavall, en la creaci\u00f3 no n&#8217;hi ha!), sin\u00f3 un recull d&#8217;articles, molt clars i molt directes, que tenen per objectiu ser font d&#8217;inspiraci\u00f3 per a escriptors.<\/p>\n","protected":false},"excerpt":{"rendered":"<p>BRADBURY, RAY<\/p>\n","protected":false},"featured_media":141586,"template":"","meta":{"_acf_changed":false,"om_disable_all_campaigns":false,"rs_blank_template":"","rs_page_bg_color":"","slide_template_v7":"","inline_featured_image":false,"_monsterinsights_skip_tracking":false,"_monsterinsights_sitenote_active":false,"_monsterinsights_sitenote_note":"","_monsterinsights_sitenote_category":0},"product_brand":[],"product_cat":[87,353],"product_tag":[],"class_list":{"0":"post-141585","1":"product","2":"type-product","3":"status-publish","4":"has-post-thumbnail","6":"product_cat-literatura","7":"product_cat-literatura-2_humanidades","9":"first","10":"instock","11":"taxable","12":"shipping-taxable","13":"purchasable","14":"product-type-simple"},"acf":{"editorial":[{"ID":6392,"post_author":"3","post_date":"2022-07-28 17:51:10","post_date_gmt":"2022-07-28 15:51:10","post_content":"","post_title":"Viena","post_excerpt":"","post_status":"publish","comment_status":"closed","ping_status":"closed","post_password":"","post_name":"viena","to_ping":"","pinged":"","post_modified":"2022-07-28 17:51:10","post_modified_gmt":"2022-07-28 15:51:10","post_content_filtered":"","post_parent":0,"guid":"http:\/\/dev.claret.cat\/editorial\/viena\/","menu_order":0,"post_type":"editorial","post_mime_type":"","comment_count":"0","filter":"raw"}],"autor":"BRADBURY, RAY","codart":"849490668","libros-coleccion":"Creativa","ediciones":"1","encuadernacion":"R\u00fastica","fecha_de_publicacion":"01\/01\/2019","novedad":"1","paginas":"198","subtitulo":"","orden":"0","portada":"0","idioma":"cat","autores-libros":[{"ID":167870,"post_author":"3","post_date":"2022-10-14 18:14:40","post_date_gmt":"2022-10-14 16:14:40","post_content":"","post_title":"RAY BRADBURY","post_excerpt":"","post_status":"publish","comment_status":"closed","ping_status":"closed","post_password":"","post_name":"ray-bradbury","to_ping":"","pinged":"","post_modified":"2022-10-14 18:14:40","post_modified_gmt":"2022-10-14 16:14:40","post_content_filtered":"","post_parent":0,"guid":"http:\/\/dev.claret.cat\/autor\/ray-bradbury\/","menu_order":0,"post_type":"autor","post_mime_type":"","comment_count":"0","filter":"raw"}]},"aioseo_notices":[],"_links":{"self":[{"href":"https:\/\/www.claret.cat\/es\/wp-json\/wp\/v2\/product\/141585","targetHints":{"allow":["GET"]}}],"collection":[{"href":"https:\/\/www.claret.cat\/es\/wp-json\/wp\/v2\/product"}],"about":[{"href":"https:\/\/www.claret.cat\/es\/wp-json\/wp\/v2\/types\/product"}],"wp:featuredmedia":[{"embeddable":true,"href":"https:\/\/www.claret.cat\/es\/wp-json\/wp\/v2\/media\/141586"}],"wp:attachment":[{"href":"https:\/\/www.claret.cat\/es\/wp-json\/wp\/v2\/media?parent=141585"}],"wp:term":[{"taxonomy":"product_brand","embeddable":true,"href":"https:\/\/www.claret.cat\/es\/wp-json\/wp\/v2\/product_brand?post=141585"},{"taxonomy":"product_cat","embeddable":true,"href":"https:\/\/www.claret.cat\/es\/wp-json\/wp\/v2\/product_cat?post=141585"},{"taxonomy":"product_tag","embeddable":true,"href":"https:\/\/www.claret.cat\/es\/wp-json\/wp\/v2\/product_tag?post=141585"}],"curies":[{"name":"wp","href":"https:\/\/api.w.org\/{rel}","templated":true}]}}

<p>Zen en l&#8217;art d&#8217;escriure l&#8217;haurien de llegir, sobretot, els que es dediquen a escriure, o almenys a intentar-ho, els que no dubten a passar-se hores refent un paràgraf i després l&#8217;esborren enrabiats, i els que &#8216;esforcen a crear una veu pròpia que encara no ha fet aparició mai. Però no és un llibre de receptes (al capdavall, en la creació no n&#8217;hi ha!), sinó un recull d&#8217;articles, molt clars i molt directes, que tenen per objectiu ser font d&#8217;inspiració per a escriptors.</p>

Rústica
