{"id":142077,"date":"2022-10-13T13:26:18","date_gmt":"2022-10-13T11:26:18","guid":{"rendered":"http:\/\/dev.claret.cat\/producte\/laberinto-griego\/"},"modified":"2025-04-07T13:18:21","modified_gmt":"2025-04-07T11:18:21","slug":"laberinto-griego-9788491871262","status":"publish","type":"product","link":"https:\/\/www.claret.cat\/es\/libro\/laberinto-griego-9788491871262\/","title":{"rendered":"LABERINTO GRIEGO"},"content":{"rendered":"<p>1957. El destino ha llevado a Bernie Gunther a trabajar en una compa\u00f1\u00eda de seguros de M\u00fanich, donde hace lo que mejor sabe: investigar. Desde all\u00ed, le destinan a Atenas para comprobar una reclamaci\u00f3n por un barco hundido, propiedad de un ciudadano alem\u00e1n. Cuando descubre que la embarcaci\u00f3n perteneci\u00f3 a un jud\u00edo que fue deportado a Auschwitz, a Gunther ya no le cabe duda de que el naufragio no fue un accidente. El fantasma del nazismo y la Segunda Guerra Mundial vuelven a cruzarse en su camino. Laberinto griego, una de las mejores novelas de la serie protagonizada por Bernie Gunther, se iba a publicar en ingl\u00e9s en abril de 2018. Por desgracia, el 23 de marzo anterior nos dejaba Philip Kerr, apenas unos d\u00edas antes de que esta aventura griega de Gunther viera la luz. Ambientada en la d\u00e9cada de 1950, es cronol\u00f3gicamente la \u00faltima novela de la serie, pero, para fortuna de sus lectores, no es la \u00faltima que Kerr dej\u00f3 escrita, ya que cierra la saga Metr\u00f3polis.<\/p>\n","protected":false},"excerpt":{"rendered":"<p>KERR PHILIP<\/p>\n","protected":false},"featured_media":1016978,"template":"","meta":{"_acf_changed":false,"om_disable_all_campaigns":false,"rs_blank_template":"","rs_page_bg_color":"","slide_template_v7":"","inline_featured_image":false,"_monsterinsights_skip_tracking":false,"_monsterinsights_sitenote_active":false,"_monsterinsights_sitenote_note":"","_monsterinsights_sitenote_category":0},"product_brand":[],"product_cat":[87,353],"product_tag":[],"class_list":{"0":"post-142077","1":"product","2":"type-product","3":"status-publish","4":"has-post-thumbnail","6":"product_cat-literatura","7":"product_cat-literatura-2_humanidades","9":"first","10":"outofstock","11":"taxable","12":"shipping-taxable","13":"purchasable","14":"product-type-simple"},"acf":{"editorial":[{"ID":148737,"post_author":"3","post_date":"2022-10-14 12:00:35","post_date_gmt":"2022-10-14 10:00:35","post_content":"","post_title":"RBA Libros","post_excerpt":"","post_status":"publish","comment_status":"closed","ping_status":"closed","post_password":"","post_name":"rba-libros","to_ping":"","pinged":"","post_modified":"2022-10-14 12:00:35","post_modified_gmt":"2022-10-14 10:00:35","post_content_filtered":"","post_parent":0,"guid":"http:\/\/dev.claret.cat\/editorial\/rba-libros\/","menu_order":0,"post_type":"editorial","post_mime_type":"","comment_count":"0","filter":"raw"}],"autor":"KERR PHILIP","codart":"849187126","libros-coleccion":"NOVELA POLIC\u00cdACA BIB","ediciones":"1","encuadernacion":"Carton\u00e9","fecha_de_publicacion":"01\/02\/2019","novedad":"0","paginas":"408","subtitulo":"","orden":"0","portada":"0","idioma":"spa","autores-libros":[{"ID":161640,"post_author":"3","post_date":"2022-10-14 17:19:51","post_date_gmt":"2022-10-14 15:19:51","post_content":"","post_title":"KERR PHILIP","post_excerpt":"","post_status":"publish","comment_status":"closed","ping_status":"closed","post_password":"","post_name":"kerr-philip","to_ping":"","pinged":"","post_modified":"2022-10-14 17:19:51","post_modified_gmt":"2022-10-14 15:19:51","post_content_filtered":"","post_parent":0,"guid":"http:\/\/dev.claret.cat\/autor\/kerr-philip\/","menu_order":0,"post_type":"autor","post_mime_type":"","comment_count":"0","filter":"raw"}]},"aioseo_notices":[],"_links":{"self":[{"href":"https:\/\/www.claret.cat\/es\/wp-json\/wp\/v2\/product\/142077","targetHints":{"allow":["GET"]}}],"collection":[{"href":"https:\/\/www.claret.cat\/es\/wp-json\/wp\/v2\/product"}],"about":[{"href":"https:\/\/www.claret.cat\/es\/wp-json\/wp\/v2\/types\/product"}],"wp:featuredmedia":[{"embeddable":true,"href":"https:\/\/www.claret.cat\/es\/wp-json\/wp\/v2\/media\/1016978"}],"wp:attachment":[{"href":"https:\/\/www.claret.cat\/es\/wp-json\/wp\/v2\/media?parent=142077"}],"wp:term":[{"taxonomy":"product_brand","embeddable":true,"href":"https:\/\/www.claret.cat\/es\/wp-json\/wp\/v2\/product_brand?post=142077"},{"taxonomy":"product_cat","embeddable":true,"href":"https:\/\/www.claret.cat\/es\/wp-json\/wp\/v2\/product_cat?post=142077"},{"taxonomy":"product_tag","embeddable":true,"href":"https:\/\/www.claret.cat\/es\/wp-json\/wp\/v2\/product_tag?post=142077"}],"curies":[{"name":"wp","href":"https:\/\/api.w.org\/{rel}","templated":true}]}}

<p>1957. El destino ha llevado a Bernie Gunther a trabajar en una compañía de seguros de Múnich, donde hace lo que mejor sabe: investigar. Desde allí, le destinan a Atenas para comprobar una reclamación por un barco hundido, propiedad de un ciudadano alemán. Cuando descubre que la embarcación perteneció a un judío que fue deportado a Auschwitz, a Gunther ya no le cabe duda de que el naufragio no fue un accidente. El fantasma del nazismo y la Segunda Guerra Mundial vuelven a cruzarse en su camino. Laberinto griego, una de las mejores novelas de la serie protagonizada por Bernie Gunther, se iba a publicar en inglés en abril de 2018. Por desgracia, el 23 de marzo anterior nos dejaba Philip Kerr, apenas unos días antes de que esta aventura griega de Gunther viera la luz. Ambientada en la década de 1950, es cronológicamente la última novela de la serie, pero, para fortuna de sus lectores, no es la última que Kerr dejó escrita, ya que cierra la saga Metrópolis.</p>

NOVELA POLICÍACA BIB

Cartoné
