{"id":142782,"date":"2022-10-13T13:36:51","date_gmt":"2022-10-13T11:36:51","guid":{"rendered":"http:\/\/dev.claret.cat\/producte\/silencio-administrativo\/"},"modified":"2024-06-05T18:15:23","modified_gmt":"2024-06-05T16:15:23","slug":"silencio-administrativo-9788433916273","status":"publish","type":"product","link":"https:\/\/www.claret.cat\/es\/libro\/silencio-administrativo-9788433916273\/","title":{"rendered":"SILENCIO ADMINISTRATIVO"},"content":{"rendered":"<p>Esta es una historia real. La de una mujer sin hogar, discapacitada y enferma que trata de solicitar la renta m\u00ednima a la que tiene derecho seg\u00fan los optimistas mensajes de la administraci\u00f3n y los medios. Pero el laberinto burocr\u00e1tico que debe recorrer para ello, los escollos y trabas con que tropieza y la crueldad de un sistema que exige m\u00e1s a quien menos tiene desembocan en la desesperaci\u00f3n. Mientras tanto, los ciudadanos se quedan con la impresi\u00f3n contraria: hay montones de prestaciones y ayudas para los m\u00e1s pobres. \u00abPrivilegiados.\u00bb \u00abCaraduras.\u00bb \u00abVagos.\u00bb Los prejuicios se acumulan. Este es uno de los comienzos de la aporofobia: el odio al pobre.<\/p>\n","protected":false},"excerpt":{"rendered":"<p>MESA, SARA<\/p>\n","protected":false},"featured_media":142783,"template":"","meta":{"_acf_changed":false,"om_disable_all_campaigns":false,"rs_blank_template":"","rs_page_bg_color":"","slide_template_v7":"","inline_featured_image":false,"_monsterinsights_skip_tracking":false,"_monsterinsights_sitenote_active":false,"_monsterinsights_sitenote_note":"","_monsterinsights_sitenote_category":0},"product_brand":[],"product_cat":[120,569],"product_tag":[],"class_list":{"0":"post-142782","1":"product","2":"type-product","3":"status-publish","4":"has-post-thumbnail","6":"product_cat-politica","7":"product_cat-politica-2_humanidades-spa","9":"first","10":"instock","11":"taxable","12":"shipping-taxable","13":"purchasable","14":"product-type-simple"},"acf":{"editorial":[{"ID":6219,"post_author":"3","post_date":"2022-07-28 17:47:26","post_date_gmt":"2022-07-28 15:47:26","post_content":"","post_title":"Editorial Anagrama S.A.","post_excerpt":"","post_status":"publish","comment_status":"closed","ping_status":"closed","post_password":"","post_name":"editorial-anagrama-s-a","to_ping":"","pinged":"","post_modified":"2022-07-28 17:47:26","post_modified_gmt":"2022-07-28 15:47:26","post_content_filtered":"","post_parent":0,"guid":"http:\/\/dev.claret.cat\/editorial\/editorial-anagrama-s-a\/","menu_order":0,"post_type":"editorial","post_mime_type":"","comment_count":"0","filter":"raw"}],"autor":"MESA, SARA","codart":"843391627","libros-coleccion":"Nuevos cuadernos Anagrama","ediciones":"1","encuadernacion":"R\u00fastica","fecha_de_publicacion":"01\/01\/2019","novedad":"1","paginas":"112","subtitulo":"LA POBREZA EN EL LABERINTO BUROCR\u00c1TICO","orden":"0","portada":"0","idioma":"spa","autores-libros":[{"ID":169114,"post_author":"3","post_date":"2022-10-14 22:24:35","post_date_gmt":"2022-10-14 20:24:35","post_content":"","post_title":"SARA MESA","post_excerpt":"","post_status":"publish","comment_status":"closed","ping_status":"closed","post_password":"","post_name":"sara-mesa","to_ping":"","pinged":"","post_modified":"2022-10-14 22:24:35","post_modified_gmt":"2022-10-14 20:24:35","post_content_filtered":"","post_parent":0,"guid":"http:\/\/dev.claret.cat\/autor\/sara-mesa\/","menu_order":0,"post_type":"autor","post_mime_type":"","comment_count":"0","filter":"raw"}]},"aioseo_notices":[],"_links":{"self":[{"href":"https:\/\/www.claret.cat\/es\/wp-json\/wp\/v2\/product\/142782","targetHints":{"allow":["GET"]}}],"collection":[{"href":"https:\/\/www.claret.cat\/es\/wp-json\/wp\/v2\/product"}],"about":[{"href":"https:\/\/www.claret.cat\/es\/wp-json\/wp\/v2\/types\/product"}],"wp:featuredmedia":[{"embeddable":true,"href":"https:\/\/www.claret.cat\/es\/wp-json\/wp\/v2\/media\/142783"}],"wp:attachment":[{"href":"https:\/\/www.claret.cat\/es\/wp-json\/wp\/v2\/media?parent=142782"}],"wp:term":[{"taxonomy":"product_brand","embeddable":true,"href":"https:\/\/www.claret.cat\/es\/wp-json\/wp\/v2\/product_brand?post=142782"},{"taxonomy":"product_cat","embeddable":true,"href":"https:\/\/www.claret.cat\/es\/wp-json\/wp\/v2\/product_cat?post=142782"},{"taxonomy":"product_tag","embeddable":true,"href":"https:\/\/www.claret.cat\/es\/wp-json\/wp\/v2\/product_tag?post=142782"}],"curies":[{"name":"wp","href":"https:\/\/api.w.org\/{rel}","templated":true}]}}

<p>Esta es una historia real. La de una mujer sin hogar, discapacitada y enferma que trata de solicitar la renta mínima a la que tiene derecho según los optimistas mensajes de la administración y los medios. Pero el laberinto burocrático que debe recorrer para ello, los escollos y trabas con que tropieza y la crueldad de un sistema que exige más a quien menos tiene desembocan en la desesperación. Mientras tanto, los ciudadanos se quedan con la impresión contraria: hay montones de prestaciones y ayudas para los más pobres. «Privilegiados.» «Caraduras.» «Vagos.» Los prejuicios se acumulan. Este es uno de los comienzos de la aporofobia: el odio al pobre.</p>

Rústica

LA POBREZA EN EL LABERINTO BUROCRÁTICO
