{"id":142902,"date":"2022-10-13T13:38:28","date_gmt":"2022-10-13T11:38:28","guid":{"rendered":"http:\/\/dev.claret.cat\/producte\/atlas-toponimico-de-espana\/"},"modified":"2026-04-01T22:58:35","modified_gmt":"2026-04-01T20:58:35","slug":"atlas-toponimico-de-espana-9788476356609","status":"publish","type":"product","link":"https:\/\/www.claret.cat\/es\/libro\/atlas-toponimico-de-espana-9788476356609\/","title":{"rendered":"ATLAS TOPON\u00cdMICO DE ESPA\u00d1A"},"content":{"rendered":"<p>El Atlas topon\u00edmico de Espa\u00f1a representa toda una novedad dentro del panorama bibliogr\u00e1fico de la toponimia espa\u00f1ola. Es el primer trabajo topon\u00edmico del conjunto de Espa\u00f1a que clasifica y explica los nombres de lugar con la ayuda de mapas ilustrativos -89 en total- y desde cuatro perspectivas distintas: los sucesivos estratos ling\u00fc\u00edsticos (top\u00f3nimos prerromanos, romanos, germ\u00e1nicos, \u00e1rabes, romances&#8230;), la complejidad e inter\u00e9s que ofrecen las diversas zonas de frontera ling\u00fc\u00edstica (top\u00f3nimos en las fronteras gallego-asturleonesa, hispano-portuguesa, catalano-aragonesa&#8230;), los factores referenciales que originan los top\u00f3nimos (orotop\u00f3nimos, hidrotop\u00f3nimos, fitotop\u00f3nimos, zootop\u00f3nimos&#8230;) y, en un apartado final, los procesos y fen\u00f3menos morfol\u00f3gicos que los caracterizan (top\u00f3nimos con composici\u00f3n, derivaci\u00f3n, aparici\u00f3n del plural, del art\u00edculo, de determinados sufijos&#8230;). En definitiva, el Atlas es una obra novedosa que pretende mostrar y acercar la realidad topon\u00edmica espa\u00f1ola tanto al especialista como al p\u00fablico en general.<\/p>\n","protected":false},"excerpt":{"rendered":"<p>GARC\u00cdA S\u00c1NCHEZ, JAIRO JAVIER<\/p>\n","protected":false},"featured_media":1094302,"template":"","meta":{"_acf_changed":false,"om_disable_all_campaigns":false,"rs_blank_template":"","rs_page_bg_color":"","slide_template_v7":"","inline_featured_image":false,"_monsterinsights_skip_tracking":false,"_monsterinsights_sitenote_active":false,"_monsterinsights_sitenote_note":"","_monsterinsights_sitenote_category":0},"product_brand":[],"product_cat":[90,540],"product_tag":[],"class_list":{"0":"post-142902","1":"product","2":"type-product","3":"status-publish","4":"has-post-thumbnail","6":"product_cat-altres","7":"product_cat-otros","9":"first","10":"outofstock","11":"taxable","12":"shipping-taxable","13":"purchasable","14":"product-type-simple"},"acf":{"autor":"GARC\u00cdA S\u00c1NCHEZ, JAIRO JAVIER","codart":"847635660","libros-coleccion":"Bibliotheca philologica","ediciones":"1","encuadernacion":"R\u00fastica","fecha_de_publicacion":"01\/01\/2007","novedad":"0","paginas":"407","subtitulo":"","orden":"0","portada":"0","idioma":"spa","editorial":[{"ID":147458,"post_author":"3","post_date":"2022-10-14 11:50:44","post_date_gmt":"2022-10-14 09:50:44","post_content":"","post_title":"Arco Libros - La Muralla","post_excerpt":"","post_status":"publish","comment_status":"closed","ping_status":"closed","post_password":"","post_name":"arco-libros-la-muralla","to_ping":"","pinged":"","post_modified":"2022-10-14 11:50:44","post_modified_gmt":"2022-10-14 09:50:44","post_content_filtered":"","post_parent":0,"guid":"http:\/\/dev.claret.cat\/editorial\/arco-libros-la-muralla\/","menu_order":0,"post_type":"editorial","post_mime_type":"","comment_count":"0","filter":"raw"}],"autores-libros":[{"ID":158377,"post_author":"3","post_date":"2022-10-14 15:36:21","post_date_gmt":"2022-10-14 13:36:21","post_content":"","post_title":"JAIRO JAVIER GARC\u00cdA S\u00c1NCHEZ","post_excerpt":"","post_status":"publish","comment_status":"closed","ping_status":"closed","post_password":"","post_name":"jairo-javier-garcia-sanchez","to_ping":"","pinged":"","post_modified":"2022-10-14 15:36:21","post_modified_gmt":"2022-10-14 13:36:21","post_content_filtered":"","post_parent":0,"guid":"http:\/\/dev.claret.cat\/autor\/jairo-javier-garcia-sanchez\/","menu_order":0,"post_type":"autor","post_mime_type":"","comment_count":"0","filter":"raw"}],"booktrailer":"","resenas":""},"aioseo_notices":[],"_links":{"self":[{"href":"https:\/\/www.claret.cat\/es\/wp-json\/wp\/v2\/product\/142902","targetHints":{"allow":["GET"]}}],"collection":[{"href":"https:\/\/www.claret.cat\/es\/wp-json\/wp\/v2\/product"}],"about":[{"href":"https:\/\/www.claret.cat\/es\/wp-json\/wp\/v2\/types\/product"}],"wp:featuredmedia":[{"embeddable":true,"href":"https:\/\/www.claret.cat\/es\/wp-json\/wp\/v2\/media\/1094302"}],"wp:attachment":[{"href":"https:\/\/www.claret.cat\/es\/wp-json\/wp\/v2\/media?parent=142902"}],"wp:term":[{"taxonomy":"product_brand","embeddable":true,"href":"https:\/\/www.claret.cat\/es\/wp-json\/wp\/v2\/product_brand?post=142902"},{"taxonomy":"product_cat","embeddable":true,"href":"https:\/\/www.claret.cat\/es\/wp-json\/wp\/v2\/product_cat?post=142902"},{"taxonomy":"product_tag","embeddable":true,"href":"https:\/\/www.claret.cat\/es\/wp-json\/wp\/v2\/product_tag?post=142902"}],"curies":[{"name":"wp","href":"https:\/\/api.w.org\/{rel}","templated":true}]}}

ATLAS TOPONÍMICO DE ESPAÑA

<p>El Atlas toponímico de España representa toda una novedad dentro del panorama bibliográfico de la toponimia española. Es el primer trabajo toponímico del conjunto de España que clasifica y explica los nombres de lugar con la ayuda de mapas ilustrativos -89 en total- y desde cuatro perspectivas distintas: los sucesivos estratos lingüísticos (topónimos prerromanos, romanos, germánicos, árabes, romances&#8230;), la complejidad e interés que ofrecen las diversas zonas de frontera lingüística (topónimos en las fronteras gallego-asturleonesa, hispano-portuguesa, catalano-aragonesa&#8230;), los factores referenciales que originan los topónimos (orotopónimos, hidrotopónimos, fitotopónimos, zootopónimos&#8230;) y, en un apartado final, los procesos y fenómenos morfológicos que los caracterizan (topónimos con composición, derivación, aparición del plural, del artículo, de determinados sufijos&#8230;). En definitiva, el Atlas es una obra novedosa que pretende mostrar y acercar la realidad toponímica española tanto al especialista como al público en general.</p>

<p>GARCÍA SÁNCHEZ, JAIRO JAVIER</p>

GARCÍA SÁNCHEZ, JAIRO JAVIER

Rústica

JAIRO JAVIER GARCÍA SÁNCHEZ
