{"id":143616,"date":"2022-10-13T13:48:24","date_gmt":"2022-10-13T11:48:24","guid":{"rendered":"http:\/\/dev.claret.cat\/producte\/a-cavall-del-vent\/"},"modified":"2024-01-31T17:01:57","modified_gmt":"2024-01-31T16:01:57","slug":"a-cavall-del-vent-9788466424615","status":"publish","type":"product","link":"https:\/\/www.claret.cat\/es\/libro\/a-cavall-del-vent-9788466424615\/","title":{"rendered":"A CAVALL DEL VENT"},"content":{"rendered":"<p>Novel\u00b7la hist\u00f2rica basada en el fet real que narra l\u2019arribada i estada a Catalunya de la princesa asteca Xipahuatzin i el seu seguici despr\u00e9s d\u2019haver estat obsequiada per Hern\u00e1n Cort\u00e9s al bar\u00f3 de Toloriu que l\u2019havia acompanyat en la conquesta de M\u00e8xic.<br \/>De la m\u00e0 de quatre testimonis que tenen en com\u00fa que tots es van relacionar d\u2019una forma o altra amb la princesa Xipahuatzin, el lector coneixer\u00e0 no \u00fanicament els esdeveniments que van provocar la seva arribada a Catalunya sin\u00f3 tamb\u00e9 aspectes diversos de la seva personalitat, el seu capteniment i les seves creences durant el temps que va viure a Toloriu i a Casa Bima com a concubina del bar\u00f3 que la va portar fins aqu\u00ed.<\/p>\n","protected":false},"excerpt":{"rendered":"<p>TUBELLA CASADEVALL, IMMA<\/p>\n","protected":false},"featured_media":143617,"template":"","meta":{"_acf_changed":false,"om_disable_all_campaigns":false,"rs_blank_template":"","rs_page_bg_color":"","slide_template_v7":"","inline_featured_image":false,"_monsterinsights_skip_tracking":false,"_monsterinsights_sitenote_active":false,"_monsterinsights_sitenote_note":"","_monsterinsights_sitenote_category":0},"product_brand":[],"product_cat":[87,353],"product_tag":[],"class_list":{"0":"post-143616","1":"product","2":"type-product","3":"status-publish","4":"has-post-thumbnail","6":"product_cat-literatura","7":"product_cat-literatura-2_humanidades","9":"first","10":"instock","11":"taxable","12":"shipping-taxable","13":"purchasable","14":"product-type-simple"},"acf":{"editorial":[{"ID":6166,"post_author":"3","post_date":"2022-07-28 17:46:19","post_date_gmt":"2022-07-28 15:46:19","post_content":"","post_title":"Columna CAT","post_excerpt":"","post_status":"publish","comment_status":"closed","ping_status":"closed","post_password":"","post_name":"columna-cat","to_ping":"","pinged":"","post_modified":"2022-07-28 17:46:19","post_modified_gmt":"2022-07-28 15:46:19","post_content_filtered":"","post_parent":0,"guid":"http:\/\/dev.claret.cat\/editorial\/columna-cat\/","menu_order":0,"post_type":"editorial","post_mime_type":"","comment_count":"0","filter":"raw"}],"autor":"TUBELLA CASADEVALL, IMMA","codart":"846642461","libros-coleccion":"Cl\u00e0ssica","ediciones":"1","encuadernacion":"Carton\u00e9","fecha_de_publicacion":"01\/01\/2019","novedad":"1","paginas":"308","subtitulo":"","orden":"0","portada":"0","idioma":"cat","autores-libros":[{"ID":157863,"post_author":"3","post_date":"2022-10-14 15:32:14","post_date_gmt":"2022-10-14 13:32:14","post_content":"","post_title":"IMMA TUBELLA","post_excerpt":"","post_status":"publish","comment_status":"closed","ping_status":"closed","post_password":"","post_name":"imma-tubella","to_ping":"","pinged":"","post_modified":"2022-10-14 15:32:14","post_modified_gmt":"2022-10-14 13:32:14","post_content_filtered":"","post_parent":0,"guid":"http:\/\/dev.claret.cat\/autor\/imma-tubella\/","menu_order":0,"post_type":"autor","post_mime_type":"","comment_count":"0","filter":"raw"}]},"aioseo_notices":[],"_links":{"self":[{"href":"https:\/\/www.claret.cat\/es\/wp-json\/wp\/v2\/product\/143616","targetHints":{"allow":["GET"]}}],"collection":[{"href":"https:\/\/www.claret.cat\/es\/wp-json\/wp\/v2\/product"}],"about":[{"href":"https:\/\/www.claret.cat\/es\/wp-json\/wp\/v2\/types\/product"}],"wp:featuredmedia":[{"embeddable":true,"href":"https:\/\/www.claret.cat\/es\/wp-json\/wp\/v2\/media\/143617"}],"wp:attachment":[{"href":"https:\/\/www.claret.cat\/es\/wp-json\/wp\/v2\/media?parent=143616"}],"wp:term":[{"taxonomy":"product_brand","embeddable":true,"href":"https:\/\/www.claret.cat\/es\/wp-json\/wp\/v2\/product_brand?post=143616"},{"taxonomy":"product_cat","embeddable":true,"href":"https:\/\/www.claret.cat\/es\/wp-json\/wp\/v2\/product_cat?post=143616"},{"taxonomy":"product_tag","embeddable":true,"href":"https:\/\/www.claret.cat\/es\/wp-json\/wp\/v2\/product_tag?post=143616"}],"curies":[{"name":"wp","href":"https:\/\/api.w.org\/{rel}","templated":true}]}}

<p>Novel·la històrica basada en el fet real que narra l’arribada i estada a Catalunya de la princesa asteca Xipahuatzin i el seu seguici després d’haver estat obsequiada per Hernán Cortés al baró de Toloriu que l’havia acompanyat en la conquesta de Mèxic.<br />De la mà de quatre testimonis que tenen en comú que tots es van relacionar d’una forma o altra amb la princesa Xipahuatzin, el lector coneixerà no únicament els esdeveniments que van provocar la seva arribada a Catalunya sinó també aspectes diversos de la seva personalitat, el seu capteniment i les seves creences durant el temps que va viure a Toloriu i a Casa Bima com a concubina del baró que la va portar fins aquí.</p>

Clàssica

Cartoné
