{"id":143904,"date":"2022-10-13T13:52:13","date_gmt":"2022-10-13T11:52:13","guid":{"rendered":"http:\/\/dev.claret.cat\/producte\/batuecas\/"},"modified":"2024-05-23T20:36:13","modified_gmt":"2024-05-23T18:36:13","slug":"batuecas-9788470684678","status":"publish","type":"product","link":"https:\/\/www.claret.cat\/es\/libro\/batuecas-9788470684678\/","title":{"rendered":"BATUECAS"},"content":{"rendered":"<p>La situaci\u00f3n geogr\u00e1fica del valle de Batuecas entre riscos, lejos de todo n\u00facleo de poblaci\u00f3n importante, apartado de todas las rutas comerciales, hizo de \u00e9l y de sus pobladores un enclave desconocido y atrasado, como tantos otros lugares de la geograf\u00eda espa\u00f1ola.<br \/>Batuecas sali\u00f3 del olvido gracias a la obra de Lope de Vega. A partir de Lope, nacieron los mitos y las leyendas de Batuecas, que son pura literatura, aunque algunos autores se hayan empe\u00f1ado en darles otra dimensi\u00f3n.<br \/>Desierto, en la terminolog\u00eda carmelitana, no responde a lo que com\u00fanmente se entiende por desierto: \u00abTerritorio arenoso o pedregoso, que por la falta casi total de lluvias carece de vegetaci\u00f3n o la tiene muy escasa\u00bb, sino todo lo contrario. Los desiertos carmelitanos se situaban en lugares especialmente bellos, para\u00edsos naturales con vegetaci\u00f3n y agua abundantes. Desierto carmelitano es sin\u00f3nimo de soledad y silencio, un lugar apartado de las grandes ciudades y mal comunicado.<br \/>Batuecas reun\u00eda bien todas esta condiciones y, por eso, los carmelitas fundaron all\u00ed su \u00abdesierto\u00bb. Y aqu\u00ed floreci\u00f3, y sigue floreciendo en nuestros d\u00edas, esa forma t\u00edpica de vida religiosa que causa tanta admiraci\u00f3n y curiosidad.<br \/>Daniel de Pablo Maroto recoge en este libro los cuatro siglos de historia del \u00abdesierto carmelitano\u00bb de Batuecas.<\/p>\n","protected":false},"excerpt":{"rendered":"<p>MAROTO, DANIEL DE PABLO<\/p>\n","protected":false},"featured_media":349738,"template":"","meta":{"_acf_changed":false,"om_disable_all_campaigns":false,"rs_blank_template":"","rs_page_bg_color":"","slide_template_v7":"","inline_featured_image":false,"_monsterinsights_skip_tracking":false,"_monsterinsights_sitenote_active":false,"_monsterinsights_sitenote_note":"","_monsterinsights_sitenote_category":0},"product_brand":[],"product_cat":[543,93,345,79,542,92],"product_tag":[],"class_list":{"0":"post-143904","1":"product","2":"type-product","3":"status-publish","4":"has-post-thumbnail","6":"product_cat-eclesiologia-es","7":"product_cat-eclesiologia","8":"product_cat-espiritualidad","9":"product_cat-espiritualitat","10":"product_cat-vida-religiosa-1_espiritualidad-spa","11":"product_cat-vida-religiosa","13":"first","14":"instock","15":"taxable","16":"shipping-taxable","17":"purchasable","18":"product-type-simple"},"acf":{"autor":"MAROTO, DANIEL DE PABLO","codart":"847068467","libros-coleccion":"","ediciones":"2","encuadernacion":"R\u00fastica","fecha_de_publicacion":"17\/12\/2018","novedad":"1","paginas":"242","subtitulo":"TIERRA M\u00cdTICA Y DESIERTO CARMELITANO","orden":"0","portada":"0","idioma":"spa","editorial":[{"ID":148116,"post_author":"3","post_date":"2022-10-14 11:55:45","post_date_gmt":"2022-10-14 09:55:45","post_content":"","post_title":"ESPIRITUALIDAD","post_excerpt":"","post_status":"publish","comment_status":"closed","ping_status":"closed","post_password":"","post_name":"espiritualidad","to_ping":"","pinged":"","post_modified":"2022-10-14 11:55:45","post_modified_gmt":"2022-10-14 09:55:45","post_content_filtered":"","post_parent":0,"guid":"http:\/\/dev.claret.cat\/editorial\/espiritualidad\/","menu_order":0,"post_type":"editorial","post_mime_type":"","comment_count":"0","filter":"raw"}],"autores-libros":[{"ID":153569,"post_author":"3","post_date":"2022-10-14 14:57:48","post_date_gmt":"2022-10-14 12:57:48","post_content":"","post_title":"DANIEL DE PABLO MAROTO","post_excerpt":"","post_status":"publish","comment_status":"closed","ping_status":"closed","post_password":"","post_name":"daniel-de-pablo-maroto-2","to_ping":"","pinged":"","post_modified":"2022-10-14 14:57:48","post_modified_gmt":"2022-10-14 12:57:48","post_content_filtered":"","post_parent":0,"guid":"http:\/\/dev.claret.cat\/autor\/daniel-de-pablo-maroto-2\/","menu_order":0,"post_type":"autor","post_mime_type":"","comment_count":"0","filter":"raw"}]},"aioseo_notices":[],"_links":{"self":[{"href":"https:\/\/www.claret.cat\/es\/wp-json\/wp\/v2\/product\/143904","targetHints":{"allow":["GET"]}}],"collection":[{"href":"https:\/\/www.claret.cat\/es\/wp-json\/wp\/v2\/product"}],"about":[{"href":"https:\/\/www.claret.cat\/es\/wp-json\/wp\/v2\/types\/product"}],"wp:featuredmedia":[{"embeddable":true,"href":"https:\/\/www.claret.cat\/es\/wp-json\/wp\/v2\/media\/349738"}],"wp:attachment":[{"href":"https:\/\/www.claret.cat\/es\/wp-json\/wp\/v2\/media?parent=143904"}],"wp:term":[{"taxonomy":"product_brand","embeddable":true,"href":"https:\/\/www.claret.cat\/es\/wp-json\/wp\/v2\/product_brand?post=143904"},{"taxonomy":"product_cat","embeddable":true,"href":"https:\/\/www.claret.cat\/es\/wp-json\/wp\/v2\/product_cat?post=143904"},{"taxonomy":"product_tag","embeddable":true,"href":"https:\/\/www.claret.cat\/es\/wp-json\/wp\/v2\/product_tag?post=143904"}],"curies":[{"name":"wp","href":"https:\/\/api.w.org\/{rel}","templated":true}]}}

<p>La situación geográfica del valle de Batuecas entre riscos, lejos de todo núcleo de población importante, apartado de todas las rutas comerciales, hizo de él y de sus pobladores un enclave desconocido y atrasado, como tantos otros lugares de la geografía española.<br />Batuecas salió del olvido gracias a la obra de Lope de Vega. A partir de Lope, nacieron los mitos y las leyendas de Batuecas, que son pura literatura, aunque algunos autores se hayan empeñado en darles otra dimensión.<br />Desierto, en la terminología carmelitana, no responde a lo que comúnmente se entiende por desierto: «Territorio arenoso o pedregoso, que por la falta casi total de lluvias carece de vegetación o la tiene muy escasa», sino todo lo contrario. Los desiertos carmelitanos se situaban en lugares especialmente bellos, paraísos naturales con vegetación y agua abundantes. Desierto carmelitano es sinónimo de soledad y silencio, un lugar apartado de las grandes ciudades y mal comunicado.<br />Batuecas reunía bien todas esta condiciones y, por eso, los carmelitas fundaron allí su «desierto». Y aquí floreció, y sigue floreciendo en nuestros días, esa forma típica de vida religiosa que causa tanta admiración y curiosidad.<br />Daniel de Pablo Maroto recoge en este libro los cuatro siglos de historia del «desierto carmelitano» de Batuecas.</p>

Rústica

TIERRA MÍTICA Y DESIERTO CARMELITANO
