{"id":143976,"date":"2022-10-13T13:53:07","date_gmt":"2022-10-13T11:53:07","guid":{"rendered":"http:\/\/dev.claret.cat\/producte\/que-nos-queda-de-dios\/"},"modified":"2026-03-24T11:01:43","modified_gmt":"2026-03-24T10:01:43","slug":"que-nos-queda-de-dios-9788494741067","status":"publish","type":"product","link":"https:\/\/www.claret.cat\/es\/libro\/que-nos-queda-de-dios-9788494741067\/","title":{"rendered":"\u00bfQU\u00c9 NOS QUEDA DE DIOS?"},"content":{"rendered":"<p>La posmodernidad nos est\u00e1 lanzando a un cambio abismal en nuestra manera de ver el mundo y a la persona. No se trata de una revoluci\u00f3n m\u00e1s o de un cambio de paradigma o \u00e9poca sino de algo mucho m\u00e1s dr\u00e1stico que va a trastocar todos los valores que se cre\u00edan inmutables. La idea de Dios no puede escapar a esa necesidad de cambio y est\u00e1 ya envuelta en la misma vor\u00e1gine. El cristianismo, que se ha defendido con u\u00f1as y dientes contra todo cambio, se ve ahora obligado a dar un salto en el vac\u00edo. Para ella el cambio ser\u00e1 mucho m\u00e1s dif\u00edcil, pero tambi\u00e9n m\u00e1s urgente porque se est\u00e1 jugando su misma subsistencia. Feadulta apuesta por el cambio y por eso se atreve a publicar la atrevida propuesta de Fray Marcos.<\/p>\n","protected":false},"excerpt":{"rendered":"<p>RODR\u00cdGUEZ ROBLES, FRAY MARCOS<\/p>\n","protected":false},"featured_media":1092037,"template":"","meta":{"_acf_changed":false,"om_disable_all_campaigns":false,"rs_blank_template":"","rs_page_bg_color":"","slide_template_v7":"","inline_featured_image":false,"_monsterinsights_skip_tracking":false,"_monsterinsights_sitenote_active":false,"_monsterinsights_sitenote_note":"","_monsterinsights_sitenote_category":0},"product_brand":[],"product_cat":[345,79,342,76],"product_tag":[],"class_list":{"0":"post-143976","1":"product","2":"type-product","3":"status-publish","4":"has-post-thumbnail","6":"product_cat-espiritualidad","7":"product_cat-espiritualitat","8":"product_cat-teologia-1_espiritualidad","9":"product_cat-teologia","11":"first","12":"instock","13":"taxable","14":"shipping-taxable","15":"purchasable","16":"product-type-simple"},"acf":{"editorial":[{"ID":148139,"post_author":"3","post_date":"2022-10-14 11:55:56","post_date_gmt":"2022-10-14 09:55:56","post_content":"","post_title":"FE ADULTA, EDICIONES","post_excerpt":"","post_status":"publish","comment_status":"closed","ping_status":"closed","post_password":"","post_name":"fe-adulta-ediciones","to_ping":"","pinged":"","post_modified":"2022-10-14 11:55:56","post_modified_gmt":"2022-10-14 09:55:56","post_content_filtered":"","post_parent":0,"guid":"http:\/\/dev.claret.cat\/editorial\/fe-adulta-ediciones\/","menu_order":0,"post_type":"editorial","post_mime_type":"","comment_count":"0","filter":"raw"}],"autores-libros":[{"ID":5496,"post_author":"3","post_date":"2022-07-28 17:25:14","post_date_gmt":"2022-07-28 15:25:14","post_content":"","post_title":"FRAY MARCOS","post_excerpt":"","post_status":"publish","comment_status":"closed","ping_status":"closed","post_password":"","post_name":"fray-marcos","to_ping":"","pinged":"","post_modified":"2022-07-28 17:25:14","post_modified_gmt":"2022-07-28 15:25:14","post_content_filtered":"","post_parent":0,"guid":"http:\/\/dev.claret.cat\/autor\/fray-marcos\/","menu_order":0,"post_type":"autor","post_mime_type":"","comment_count":"0","filter":"raw"}],"autor":"RODR\u00cdGUEZ ROBLES, FRAY MARCOS","codart":"849474106","libros-coleccion":"","ediciones":"1","encuadernacion":"R\u00fastica","fecha_de_publicacion":"14\/12\/2018","novedad":"1","paginas":"232","subtitulo":"PIDO A DIOS QUE ME LIBRE DE DIOS (ECKHART)","orden":"0","portada":"0","idioma":"spa","booktrailer":"","resenas":""},"aioseo_notices":[],"_links":{"self":[{"href":"https:\/\/www.claret.cat\/es\/wp-json\/wp\/v2\/product\/143976","targetHints":{"allow":["GET"]}}],"collection":[{"href":"https:\/\/www.claret.cat\/es\/wp-json\/wp\/v2\/product"}],"about":[{"href":"https:\/\/www.claret.cat\/es\/wp-json\/wp\/v2\/types\/product"}],"wp:featuredmedia":[{"embeddable":true,"href":"https:\/\/www.claret.cat\/es\/wp-json\/wp\/v2\/media\/1092037"}],"wp:attachment":[{"href":"https:\/\/www.claret.cat\/es\/wp-json\/wp\/v2\/media?parent=143976"}],"wp:term":[{"taxonomy":"product_brand","embeddable":true,"href":"https:\/\/www.claret.cat\/es\/wp-json\/wp\/v2\/product_brand?post=143976"},{"taxonomy":"product_cat","embeddable":true,"href":"https:\/\/www.claret.cat\/es\/wp-json\/wp\/v2\/product_cat?post=143976"},{"taxonomy":"product_tag","embeddable":true,"href":"https:\/\/www.claret.cat\/es\/wp-json\/wp\/v2\/product_tag?post=143976"}],"curies":[{"name":"wp","href":"https:\/\/api.w.org\/{rel}","templated":true}]}}

¿QUÉ NOS QUEDA DE DIOS?

<p>La posmodernidad nos está lanzando a un cambio abismal en nuestra manera de ver el mundo y a la persona. No se trata de una revolución más o de un cambio de paradigma o época sino de algo mucho más drástico que va a trastocar todos los valores que se creían inmutables. La idea de Dios no puede escapar a esa necesidad de cambio y está ya envuelta en la misma vorágine. El cristianismo, que se ha defendido con uñas y dientes contra todo cambio, se ve ahora obligado a dar un salto en el vacío. Para ella el cambio será mucho más difícil, pero también más urgente porque se está jugando su misma subsistencia. Feadulta apuesta por el cambio y por eso se atreve a publicar la atrevida propuesta de Fray Marcos.</p>

<p>RODRÍGUEZ ROBLES, FRAY MARCOS</p>

RODRÍGUEZ ROBLES, FRAY MARCOS

Rústica
