{"id":144318,"date":"2022-10-13T13:58:31","date_gmt":"2022-10-13T11:58:31","guid":{"rendered":"http:\/\/dev.claret.cat\/producte\/asanas-del-yoga\/"},"modified":"2023-01-28T02:12:28","modified_gmt":"2023-01-28T01:12:28","slug":"asanas-del-yoga-9788498274400","status":"publish","type":"product","link":"https:\/\/www.claret.cat\/es\/libro\/asanas-del-yoga-9788498274400\/","title":{"rendered":"ASANAS DEL YOGA"},"content":{"rendered":"<p>&#8216;Estamos viviendo un momento donde el yoga necesita cada vez m\u00e1s una recuperaci\u00f3n de sus or\u00edgenes, ra\u00edces y profundidad, debido al aumento de modalidades de estilos que encontramos en su pr\u00e1ctica.<\/p>\n","protected":false},"excerpt":{"rendered":"<p>BANDE, PAULA<\/p>\n","protected":false},"featured_media":144319,"template":"","meta":{"_acf_changed":false,"om_disable_all_campaigns":false,"rs_blank_template":"","rs_page_bg_color":"","slide_template_v7":"","inline_featured_image":false,"_monsterinsights_skip_tracking":false,"_monsterinsights_sitenote_active":false,"_monsterinsights_sitenote_note":"","_monsterinsights_sitenote_category":0},"product_brand":[],"product_cat":[94],"product_tag":[],"class_list":{"0":"post-144318","1":"product","2":"type-product","3":"status-publish","4":"has-post-thumbnail","6":"product_cat-religions","8":"first","9":"instock","10":"taxable","11":"shipping-taxable","12":"purchasable","13":"product-type-simple"},"acf":{"editorial":[{"ID":147730,"post_author":"3","post_date":"2022-10-14 11:52:48","post_date_gmt":"2022-10-14 09:52:48","post_content":"","post_title":"DILEMA EDITORIAL","post_excerpt":"","post_status":"publish","comment_status":"closed","ping_status":"closed","post_password":"","post_name":"dilema-editorial","to_ping":"","pinged":"","post_modified":"2022-10-14 11:52:48","post_modified_gmt":"2022-10-14 09:52:48","post_content_filtered":"","post_parent":0,"guid":"http:\/\/dev.claret.cat\/editorial\/dilema-editorial\/","menu_order":0,"post_type":"editorial","post_mime_type":"","comment_count":"0","filter":"raw"}],"autor":"BANDE, PAULA","codart":"849827440","libros-coleccion":"","ediciones":"1","encuadernacion":"R\u00fastica","fecha_de_publicacion":"01\/11\/2018","novedad":"1","paginas":"315","subtitulo":"HISTORIA Y MITO","orden":"0","portada":"0","idioma":"spa","autores-libros":[{"ID":166761,"post_author":"3","post_date":"2022-10-14 18:05:50","post_date_gmt":"2022-10-14 16:05:50","post_content":"","post_title":"PAULA BANDE","post_excerpt":"","post_status":"publish","comment_status":"closed","ping_status":"closed","post_password":"","post_name":"paula-bande","to_ping":"","pinged":"","post_modified":"2022-10-14 18:05:50","post_modified_gmt":"2022-10-14 16:05:50","post_content_filtered":"","post_parent":0,"guid":"http:\/\/dev.claret.cat\/autor\/paula-bande\/","menu_order":0,"post_type":"autor","post_mime_type":"","comment_count":"0","filter":"raw"}]},"aioseo_notices":[],"_links":{"self":[{"href":"https:\/\/www.claret.cat\/es\/wp-json\/wp\/v2\/product\/144318","targetHints":{"allow":["GET"]}}],"collection":[{"href":"https:\/\/www.claret.cat\/es\/wp-json\/wp\/v2\/product"}],"about":[{"href":"https:\/\/www.claret.cat\/es\/wp-json\/wp\/v2\/types\/product"}],"wp:featuredmedia":[{"embeddable":true,"href":"https:\/\/www.claret.cat\/es\/wp-json\/wp\/v2\/media\/144319"}],"wp:attachment":[{"href":"https:\/\/www.claret.cat\/es\/wp-json\/wp\/v2\/media?parent=144318"}],"wp:term":[{"taxonomy":"product_brand","embeddable":true,"href":"https:\/\/www.claret.cat\/es\/wp-json\/wp\/v2\/product_brand?post=144318"},{"taxonomy":"product_cat","embeddable":true,"href":"https:\/\/www.claret.cat\/es\/wp-json\/wp\/v2\/product_cat?post=144318"},{"taxonomy":"product_tag","embeddable":true,"href":"https:\/\/www.claret.cat\/es\/wp-json\/wp\/v2\/product_tag?post=144318"}],"curies":[{"name":"wp","href":"https:\/\/api.w.org\/{rel}","templated":true}]}}

<p>&#8216;Estamos viviendo un momento donde el yoga necesita cada vez más una recuperación de sus orígenes, raíces y profundidad, debido al aumento de modalidades de estilos que encontramos en su práctica.</p>

Rústica
