{"id":146788,"date":"2022-10-13T14:39:18","date_gmt":"2022-10-13T12:39:18","guid":{"rendered":"http:\/\/dev.claret.cat\/producte\/spirou-y-fantasio-integral-3\/"},"modified":"2023-01-28T15:34:43","modified_gmt":"2023-01-28T14:34:43","slug":"spirou-y-fantasio-integral-3-9788417294137","status":"publish","type":"product","link":"https:\/\/www.claret.cat\/es\/libro\/spirou-y-fantasio-integral-3-9788417294137\/","title":{"rendered":"SPIROU Y FANTASIO INTEGRAL 3"},"content":{"rendered":"<p>En esta tercera entrega de los integrales de Franquin, adem\u00e1s de p\u00e1ginas extras con entrevistas y material in\u00e9dito y\/o que solo se publicaron en la revista Spirou, encontraremos tres nuevas historias. El cuerno del rinoceronte (una de esp\u00edas que lleva a nuestros amigos a \u00c1frica y donde aparecer\u00e1 por primera vez Seccotine, la amiga y rival periodista de Fantasio), El dictador y el Champi\u00f1\u00f3n (es hora de que Marsupilami regrese a su hogar, Palombia. Al llegar all\u00ed, se encuentran con un pa\u00eds a punto de entrar en guerra y cuyo responsable no es ni m\u00e1s ni menos que Zantafi o, el primo de Fantasio) y La m\u00e1scara (cuya historia fue publicada en una edici\u00f3n especial de coleccionista comentada por Hugues Dayez).<\/p>\n","protected":false},"excerpt":{"rendered":"<p>FRANQUIN, ANDR\u00c9<\/p>\n","protected":false},"featured_media":146789,"template":"","meta":{"_acf_changed":false,"om_disable_all_campaigns":false,"rs_blank_template":"","rs_page_bg_color":"","slide_template_v7":"","inline_featured_image":false,"_monsterinsights_skip_tracking":false,"_monsterinsights_sitenote_active":false,"_monsterinsights_sitenote_note":"","_monsterinsights_sitenote_category":0},"product_brand":[],"product_cat":[108],"product_tag":[],"class_list":{"0":"post-146788","1":"product","2":"type-product","3":"status-publish","4":"has-post-thumbnail","6":"product_cat-comic","8":"first","9":"instock","10":"taxable","11":"shipping-taxable","12":"purchasable","13":"product-type-simple"},"acf":{"autor":"FRANQUIN, ANDR\u00c9","codart":"841729413","libros-coleccion":"SPIROU Y FANTASIO INTEGRAL","ediciones":"1","encuadernacion":"Carton\u00e9","fecha_de_publicacion":"01\/11\/2018","novedad":"1","paginas":"206","subtitulo":"","orden":"0","portada":"0","idioma":"spa","editorial":[{"ID":147723,"post_author":"3","post_date":"2022-10-14 11:52:45","post_date_gmt":"2022-10-14 09:52:45","post_content":"","post_title":"DIBBUKS","post_excerpt":"","post_status":"publish","comment_status":"closed","ping_status":"closed","post_password":"","post_name":"dibbuks","to_ping":"","pinged":"","post_modified":"2022-10-14 11:52:45","post_modified_gmt":"2022-10-14 09:52:45","post_content_filtered":"","post_parent":0,"guid":"http:\/\/dev.claret.cat\/editorial\/dibbuks\/","menu_order":0,"post_type":"editorial","post_mime_type":"","comment_count":"0","filter":"raw"}],"autores-libros":[{"ID":150188,"post_author":"3","post_date":"2022-10-14 14:30:56","post_date_gmt":"2022-10-14 12:30:56","post_content":"","post_title":"ANDR\u00c9 FRANQUIN","post_excerpt":"","post_status":"publish","comment_status":"closed","ping_status":"closed","post_password":"","post_name":"andre-franquin","to_ping":"","pinged":"","post_modified":"2022-10-14 14:30:56","post_modified_gmt":"2022-10-14 12:30:56","post_content_filtered":"","post_parent":0,"guid":"http:\/\/dev.claret.cat\/autor\/andre-franquin\/","menu_order":0,"post_type":"autor","post_mime_type":"","comment_count":"0","filter":"raw"}]},"aioseo_notices":[],"_links":{"self":[{"href":"https:\/\/www.claret.cat\/es\/wp-json\/wp\/v2\/product\/146788","targetHints":{"allow":["GET"]}}],"collection":[{"href":"https:\/\/www.claret.cat\/es\/wp-json\/wp\/v2\/product"}],"about":[{"href":"https:\/\/www.claret.cat\/es\/wp-json\/wp\/v2\/types\/product"}],"wp:featuredmedia":[{"embeddable":true,"href":"https:\/\/www.claret.cat\/es\/wp-json\/wp\/v2\/media\/146789"}],"wp:attachment":[{"href":"https:\/\/www.claret.cat\/es\/wp-json\/wp\/v2\/media?parent=146788"}],"wp:term":[{"taxonomy":"product_brand","embeddable":true,"href":"https:\/\/www.claret.cat\/es\/wp-json\/wp\/v2\/product_brand?post=146788"},{"taxonomy":"product_cat","embeddable":true,"href":"https:\/\/www.claret.cat\/es\/wp-json\/wp\/v2\/product_cat?post=146788"},{"taxonomy":"product_tag","embeddable":true,"href":"https:\/\/www.claret.cat\/es\/wp-json\/wp\/v2\/product_tag?post=146788"}],"curies":[{"name":"wp","href":"https:\/\/api.w.org\/{rel}","templated":true}]}}

<p>En esta tercera entrega de los integrales de Franquin, además de páginas extras con entrevistas y material inédito y/o que solo se publicaron en la revista Spirou, encontraremos tres nuevas historias. El cuerno del rinoceronte (una de espías que lleva a nuestros amigos a África y donde aparecerá por primera vez Seccotine, la amiga y rival periodista de Fantasio), El dictador y el Champiñón (es hora de que Marsupilami regrese a su hogar, Palombia. Al llegar allí, se encuentran con un país a punto de entrar en guerra y cuyo responsable no es ni más ni menos que Zantafi o, el primo de Fantasio) y La máscara (cuya historia fue publicada en una edición especial de coleccionista comentada por Hugues Dayez).</p>

<p>FRANQUIN, ANDRÉ</p>

FRANQUIN, ANDRÉ

Cartoné

ANDRÉ FRANQUIN
