{"id":1504,"date":"2022-07-27T20:48:00","date_gmt":"2022-07-27T18:48:00","guid":{"rendered":"http:\/\/dev.claret.cat\/producto\/deu-raons-per-creure-en-deu-9788412477108\/"},"modified":"2026-04-21T11:55:28","modified_gmt":"2026-04-21T09:55:28","slug":"deu-raons-per-creure-en-deu-9788412477108","status":"publish","type":"product","link":"https:\/\/www.claret.cat\/es\/libro\/deu-raons-per-creure-en-deu-9788412477108\/","title":{"rendered":"DEU RAONS PER CREURE EN D\u00c9U"},"content":{"rendered":"<p>\u00abCreure en D\u00e9u, con\u00e8ixer D\u00e9u, buscar D\u00e9u \u00e9s una experi\u00e8ncia tan reveladora i bonica que em sentiria culpable si no la compart\u00eds amb vosaltres\u00bb, explica Oriol Jara. Aquestes p\u00e0gines s\u00f3n la confessi\u00f3, sorprenent i \u00edntima, d&#8217;una persona que es va posar a la recerca de la fe des de la ra\u00f3. Abundant en refer\u00e8ncies de fil\u00f2sofs i cient\u00edfics, prec\u00eds en la reflexi\u00f3 sobre la B\u00edblia, Jara posa la seva professi\u00f3 de guionista televisiu i radiof\u00f2nic al servei del seu projecte m\u00e9s personal: una explicaci\u00f3 divulgativa de les raons per les quals \u00e9s raonable creure en D\u00f1eu.<\/p>\n","protected":false},"excerpt":{"rendered":"<p>JARA, ORIOL<\/p>\n","protected":false},"featured_media":1082431,"template":"","meta":{"_acf_changed":false,"om_disable_all_campaigns":false,"rs_blank_template":"","rs_page_bg_color":"","slide_template_v7":"","inline_featured_image":false,"_monsterinsights_skip_tracking":false,"_monsterinsights_sitenote_active":false,"_monsterinsights_sitenote_note":"","_monsterinsights_sitenote_category":0},"product_brand":[],"product_cat":[307,491,241],"product_tag":[],"class_list":{"0":"post-1504","1":"product","2":"type-product","3":"status-publish","4":"has-post-thumbnail","6":"product_cat-catala","7":"product_cat-testimonios","8":"product_cat-testimonis","10":"first","11":"instock","12":"taxable","13":"shipping-taxable","14":"purchasable","15":"product-type-simple"},"acf":{"autor":"JARA, ORIOL","codart":"841247710","ediciones":"1","encuadernacion":"R\u00fastica","fecha_de_publicacion":"01\/02\/2022","novedad":"1","paginas":"158","subtitulo":"","orden":"1000","portada":"0","idioma":"cat","libros-coleccion":"","autores-libros":[{"ID":5904,"post_author":"3","post_date":"2022-07-28 17:33:59","post_date_gmt":"2022-07-28 15:33:59","post_content":"","post_title":"ORIOL JARA","post_excerpt":"","post_status":"publish","comment_status":"closed","ping_status":"closed","post_password":"","post_name":"oriol-jara","to_ping":"","pinged":"","post_modified":"2022-07-28 17:33:59","post_modified_gmt":"2022-07-28 15:33:59","post_content_filtered":"","post_parent":0,"guid":"http:\/\/dev.claret.cat\/autor\/oriol-jara\/","menu_order":0,"post_type":"autor","post_mime_type":"","comment_count":"0","filter":"raw"}],"editorial":[{"ID":6117,"post_author":"3","post_date":"2022-07-28 17:45:15","post_date_gmt":"2022-07-28 15:45:15","post_content":"","post_title":"Albada","post_excerpt":"","post_status":"publish","comment_status":"closed","ping_status":"closed","post_password":"","post_name":"albada","to_ping":"","pinged":"","post_modified":"2022-07-28 17:45:15","post_modified_gmt":"2022-07-28 15:45:15","post_content_filtered":"","post_parent":0,"guid":"http:\/\/dev.claret.cat\/editorial\/albada\/","menu_order":0,"post_type":"editorial","post_mime_type":"","comment_count":"0","filter":"raw"}],"traductores-libros":"","ilustradores-libros":"","formato":"","linkebook":"","precioebook":"0","ebookportada":false,"ficha":"","muestra":"","presentacion":"","booktrailer":"","resenas":"","recomendamos":"","mas_vendido":""},"aioseo_notices":[],"_links":{"self":[{"href":"https:\/\/www.claret.cat\/es\/wp-json\/wp\/v2\/product\/1504","targetHints":{"allow":["GET"]}}],"collection":[{"href":"https:\/\/www.claret.cat\/es\/wp-json\/wp\/v2\/product"}],"about":[{"href":"https:\/\/www.claret.cat\/es\/wp-json\/wp\/v2\/types\/product"}],"wp:featuredmedia":[{"embeddable":true,"href":"https:\/\/www.claret.cat\/es\/wp-json\/wp\/v2\/media\/1082431"}],"wp:attachment":[{"href":"https:\/\/www.claret.cat\/es\/wp-json\/wp\/v2\/media?parent=1504"}],"wp:term":[{"taxonomy":"product_brand","embeddable":true,"href":"https:\/\/www.claret.cat\/es\/wp-json\/wp\/v2\/product_brand?post=1504"},{"taxonomy":"product_cat","embeddable":true,"href":"https:\/\/www.claret.cat\/es\/wp-json\/wp\/v2\/product_cat?post=1504"},{"taxonomy":"product_tag","embeddable":true,"href":"https:\/\/www.claret.cat\/es\/wp-json\/wp\/v2\/product_tag?post=1504"}],"curies":[{"name":"wp","href":"https:\/\/api.w.org\/{rel}","templated":true}]}}

DEU RAONS PER CREURE EN DÉU

<p>«Creure en Déu, conèixer Déu, buscar Déu és una experiència tan reveladora i bonica que em sentiria culpable si no la compartís amb vosaltres», explica Oriol Jara. Aquestes pàgines són la confessió, sorprenent i íntima, d&#8217;una persona que es va posar a la recerca de la fe des de la raó. Abundant en referències de filòsofs i científics, precís en la reflexió sobre la Bíblia, Jara posa la seva professió de guionista televisiu i radiofònic al servei del seu projecte més personal: una explicació divulgativa de les raons per les quals és raonable creure en Dñeu.</p>

Rústica
