{"id":15239,"date":"2022-10-01T23:02:09","date_gmt":"2022-10-01T21:02:09","guid":{"rendered":"http:\/\/dev.claret.cat\/producte\/que-es-el-universo\/"},"modified":"2023-10-06T08:10:22","modified_gmt":"2023-10-06T06:10:22","slug":"que-es-el-universo-9788412452815","status":"publish","type":"product","link":"https:\/\/www.claret.cat\/es\/libro\/que-es-el-universo-9788412452815\/","title":{"rendered":"QU\u00c9 ES EL UNIVERSO?"},"content":{"rendered":"<p>\u00bfC\u00f3mo podemos saber que las realidades naturales constituyen un conjunto, es decir, que hay un universo? \u00bfEl universo es espacialmente &#8216;nito o infinito? \u00bfEs eterno, o tuvo un comienzo? \u00bfTendr\u00e1 un final? \u00bfSe trata de un conjunto completamente ordenado, o de un \u00e1mbito de orden parcial circundado de una realidad ca\u00f3tica? \u00bfY de d\u00f3nde procede el orden del universo? \u00bfC\u00f3mo puede explicarse? En definitiva: \u00bfQu\u00e9 es el universo? El lector hallar\u00e1 en este libro un resumen de las ideas y concepciones m\u00e1s importantes sobre el universo que se han venido proponiendo a lo largo de la historia de la cosmolog\u00eda. Encontrar\u00e1 tambi\u00e9n un mapa de la estructura del universo, tal y como se conoce en la actualidad. Unas indicaciones de c\u00f3mo se ha logrado trazar ese mapa. Y una descripci\u00f3n no t\u00e9cnica de los rasgos m\u00e1s importantes del modelo cosmol\u00f3gico vigente. Todo ello completado con una serie de reflexiones sobre el alcance y el car\u00e1cter del orden c\u00f3smico que hemos llegado a descubrir. Este libro proporciona, por tanto, una introducci\u00f3n breve y efectiva al pensamiento cosmol\u00f3gico.<\/p>\n","protected":false},"excerpt":{"rendered":"<p>SOLER GIL, FRANCISCO JOSE<\/p>\n","protected":false},"featured_media":51023,"template":"","meta":{"_acf_changed":false,"om_disable_all_campaigns":false,"rs_blank_template":"","rs_page_bg_color":"","slide_template_v7":"","inline_featured_image":false,"_monsterinsights_skip_tracking":false,"_monsterinsights_sitenote_active":false,"_monsterinsights_sitenote_note":"","_monsterinsights_sitenote_category":0},"product_brand":[],"product_cat":[373],"product_tag":[],"class_list":{"0":"post-15239","1":"product","2":"type-product","3":"status-publish","4":"has-post-thumbnail","6":"product_cat-autores","8":"first","9":"instock","10":"taxable","11":"shipping-taxable","12":"purchasable","13":"product-type-simple"},"acf":{"autor":"SOLER GIL, FRANCISCO JOSE","codart":"841245281","libros-coleccion":"CONOCER  Y COMPRENDER","ediciones":"1","encuadernacion":"R\u00fastica","fecha_de_publicacion":"01\/09\/2022","novedad":"1","paginas":"144","subtitulo":"","orden":"0","portada":"0","idioma":"spa","editorial":[{"ID":148774,"post_author":"3","post_date":"2022-10-14 12:00:52","post_date_gmt":"2022-10-14 10:00:52","post_content":"","post_title":"SALVADOR ANAYA GONZALEZ","post_excerpt":"","post_status":"publish","comment_status":"closed","ping_status":"closed","post_password":"","post_name":"salvador-anaya-gonzalez","to_ping":"","pinged":"","post_modified":"2022-10-14 12:00:52","post_modified_gmt":"2022-10-14 10:00:52","post_content_filtered":"","post_parent":0,"guid":"http:\/\/dev.claret.cat\/editorial\/salvador-anaya-gonzalez\/","menu_order":0,"post_type":"editorial","post_mime_type":"","comment_count":"0","filter":"raw"}],"autores-libros":[{"ID":156272,"post_author":"3","post_date":"2022-10-14 15:19:29","post_date_gmt":"2022-10-14 13:19:29","post_content":"","post_title":"FRANCISCO JOS\u00c9 SOLER GIL","post_excerpt":"","post_status":"publish","comment_status":"closed","ping_status":"closed","post_password":"","post_name":"francisco-jose-soler-gil","to_ping":"","pinged":"","post_modified":"2022-10-14 15:19:29","post_modified_gmt":"2022-10-14 13:19:29","post_content_filtered":"","post_parent":0,"guid":"http:\/\/dev.claret.cat\/autor\/francisco-jose-soler-gil\/","menu_order":0,"post_type":"autor","post_mime_type":"","comment_count":"0","filter":"raw"}]},"aioseo_notices":[],"_links":{"self":[{"href":"https:\/\/www.claret.cat\/es\/wp-json\/wp\/v2\/product\/15239","targetHints":{"allow":["GET"]}}],"collection":[{"href":"https:\/\/www.claret.cat\/es\/wp-json\/wp\/v2\/product"}],"about":[{"href":"https:\/\/www.claret.cat\/es\/wp-json\/wp\/v2\/types\/product"}],"wp:featuredmedia":[{"embeddable":true,"href":"https:\/\/www.claret.cat\/es\/wp-json\/wp\/v2\/media\/51023"}],"wp:attachment":[{"href":"https:\/\/www.claret.cat\/es\/wp-json\/wp\/v2\/media?parent=15239"}],"wp:term":[{"taxonomy":"product_brand","embeddable":true,"href":"https:\/\/www.claret.cat\/es\/wp-json\/wp\/v2\/product_brand?post=15239"},{"taxonomy":"product_cat","embeddable":true,"href":"https:\/\/www.claret.cat\/es\/wp-json\/wp\/v2\/product_cat?post=15239"},{"taxonomy":"product_tag","embeddable":true,"href":"https:\/\/www.claret.cat\/es\/wp-json\/wp\/v2\/product_tag?post=15239"}],"curies":[{"name":"wp","href":"https:\/\/api.w.org\/{rel}","templated":true}]}}

QUÉ ES EL UNIVERSO?

<p>¿Cómo podemos saber que las realidades naturales constituyen un conjunto, es decir, que hay un universo? ¿El universo es espacialmente &#8216;nito o infinito? ¿Es eterno, o tuvo un comienzo? ¿Tendrá un final? ¿Se trata de un conjunto completamente ordenado, o de un ámbito de orden parcial circundado de una realidad caótica? ¿Y de dónde procede el orden del universo? ¿Cómo puede explicarse? En definitiva: ¿Qué es el universo? El lector hallará en este libro un resumen de las ideas y concepciones más importantes sobre el universo que se han venido proponiendo a lo largo de la historia de la cosmología. Encontrará también un mapa de la estructura del universo, tal y como se conoce en la actualidad. Unas indicaciones de cómo se ha logrado trazar ese mapa. Y una descripción no técnica de los rasgos más importantes del modelo cosmológico vigente. Todo ello completado con una serie de reflexiones sobre el alcance y el carácter del orden cósmico que hemos llegado a descubrir. Este libro proporciona, por tanto, una introducción breve y efectiva al pensamiento cosmológico.</p>

Rústica

FRANCISCO JOSÉ SOLER GIL
